CRAN Package Check Results for Package drape

Last updated on 2024-02-25 23:02:05 CET.

Flavor Version Tinstall Tcheck Ttotal Status Flags
r-devel-linux-x86_64-debian-clang 0.0.1 2.41 66.45 68.86 NOTE
r-devel-linux-x86_64-debian-gcc 0.0.1 2.55 50.95 53.50 NOTE
r-devel-linux-x86_64-fedora-clang 0.0.1 88.37 OK
r-devel-linux-x86_64-fedora-gcc 0.0.1 101.01 OK
r-devel-windows-x86_64 0.0.1 5.00 69.00 74.00 OK
r-patched-linux-x86_64 0.0.1 3.40 64.13 67.53 OK
r-release-linux-x86_64 0.0.1 2.16 62.97 65.13 OK
r-release-macos-arm64 0.0.1 48.00 OK
r-release-macos-x86_64 0.0.1 118.00 OK
r-release-windows-x86_64 0.0.1 5.00 78.00 83.00 OK
r-oldrel-macos-arm64 0.0.1 38.00 OK
r-oldrel-windows-x86_64 0.0.1 6.00 76.00 82.00 OK

Check Details

Version: 0.0.1
Check: Rd files
Result: NOTE checkRd: (-1) simulate_data.Rd:27: Lost braces; missing escapes or markup? 27 | Z ~ N_{9}(0,Sigma), | ^ checkRd: (-1) simulate_data.Rd:28: Lost braces; missing escapes or markup? 28 | where Sigma_{jj} = 1, Sigma_{jk} = corr for all j not equal to k. | ^ checkRd: (-1) simulate_data.Rd:28: Lost braces; missing escapes or markup? 28 | where Sigma_{jj} = 1, Sigma_{jk} = corr for all j not equal to k. | ^ checkRd: (-1) z_correlated_normal.Rd:5: Lost braces; missing escapes or markup? 5 | \title{Generate n copies of Z ~ N_{p}(0,Sigma), where Sigma_{jj} = 1, Sigma_{jk} = corr for all j not equal to k.} | ^ checkRd: (-1) z_correlated_normal.Rd:5: Lost braces; missing escapes or markup? 5 | \title{Generate n copies of Z ~ N_{p}(0,Sigma), where Sigma_{jj} = 1, Sigma_{jk} = corr for all j not equal to k.} | ^ checkRd: (-1) z_correlated_normal.Rd:5: Lost braces; missing escapes or markup? 5 | \title{Generate n copies of Z ~ N_{p}(0,Sigma), where Sigma_{jj} = 1, Sigma_{jk} = corr for all j not equal to k.} | ^ checkRd: (-1) z_correlated_normal.Rd:20: Lost braces; missing escapes or markup? 20 | Generate n copies of Z ~ N_{p}(0,Sigma), where Sigma_{jj} = 1, Sigma_{jk} = corr for all j not equal to k. | ^ checkRd: (-1) z_correlated_normal.Rd:20: Lost braces; missing escapes or markup? 20 | Generate n copies of Z ~ N_{p}(0,Sigma), where Sigma_{jj} = 1, Sigma_{jk} = corr for all j not equal to k. | ^ checkRd: (-1) z_correlated_normal.Rd:20: Lost braces; missing escapes or markup? 20 | Generate n copies of Z ~ N_{p}(0,Sigma), where Sigma_{jj} = 1, Sigma_{jk} = corr for all j not equal to k. | ^ Flavors: r-devel-linux-x86_64-debian-clang, r-devel-linux-x86_64-debian-gcc