CRAN Package Check Results for Package draw

Last updated on 2024-03-03 00:15:51 CET.

Flavor Version Tinstall Tcheck Ttotal Status Flags
r-devel-linux-x86_64-debian-clang 1.0.0 2.17 24.50 26.67 NOTE
r-devel-linux-x86_64-debian-gcc 1.0.0 1.63 19.20 20.83 NOTE
r-devel-linux-x86_64-fedora-clang 1.0.0 34.23 NOTE
r-devel-linux-x86_64-fedora-gcc 1.0.0 31.60 NOTE
r-devel-windows-x86_64 1.0.0 4.00 42.00 46.00 NOTE
r-patched-linux-x86_64 1.0.0 2.91 23.80 26.71 NOTE
r-release-linux-x86_64 1.0.0 2.34 24.28 26.62 NOTE
r-release-macos-arm64 1.0.0 16.00 NOTE
r-release-macos-x86_64 1.0.0 22.00 NOTE
r-release-windows-x86_64 1.0.0 4.00 43.00 47.00 NOTE
r-oldrel-macos-arm64 1.0.0 17.00 NOTE
r-oldrel-windows-x86_64 1.0.0 7.00 49.00 56.00 NOTE

Check Details

Version: 1.0.0
Check: LazyData
Result: NOTE 'LazyData' is specified without a 'data' directory Flavors: r-devel-linux-x86_64-debian-clang, r-devel-linux-x86_64-debian-gcc, r-devel-linux-x86_64-fedora-clang, r-devel-linux-x86_64-fedora-gcc, r-devel-windows-x86_64, r-patched-linux-x86_64, r-release-linux-x86_64, r-release-macos-arm64, r-release-macos-x86_64, r-release-windows-x86_64, r-oldrel-macos-arm64, r-oldrel-windows-x86_64

Version: 1.0.0
Check: for non-standard things in the check directory
Result: NOTE Found the following files/directories: ‘drawBox.pdf’ ‘drawCircle.pdf’ ‘drawCurve.pdf’ ‘drawLine.pdf’ ‘drawPoint.pdf’ ‘drawSettingsExample.pdf’ ‘drawText.pdf’ ‘export.pdf’ Flavors: r-devel-linux-x86_64-debian-clang, r-devel-linux-x86_64-debian-gcc, r-devel-linux-x86_64-fedora-clang, r-devel-linux-x86_64-fedora-gcc, r-patched-linux-x86_64, r-release-linux-x86_64