CRAN Package Check Results for Package drawsample

Last updated on 2021-02-27 16:47:38 CET.

Flavor Version Tinstall Tcheck Ttotal Status Flags
r-devel-linux-x86_64-debian-clang 0.1.1 3.77 43.44 47.21 OK
r-devel-linux-x86_64-debian-gcc 0.1.1 3.13 33.04 36.17 OK
r-devel-linux-x86_64-fedora-clang 0.1.1 66.59 NOTE
r-devel-linux-x86_64-fedora-gcc 0.1.1 53.97 OK
r-devel-windows-ix86+x86_64 0.1.1 10.00 44.00 54.00 OK
r-patched-linux-x86_64 0.1.1 4.55 40.85 45.40 OK
r-patched-solaris-x86 0.1.1 77.80 OK
r-release-linux-x86_64 0.1.1 4.33 41.10 45.43 OK
r-release-macos-x86_64 0.1.1 OK
r-release-windows-ix86+x86_64 0.1.1 12.00 70.00 82.00 OK
r-oldrel-macos-x86_64 0.1.1 OK
r-oldrel-windows-ix86+x86_64 0.1.1 8.00 62.00 70.00 OK

Check Details

Version: 0.1.1
Check: Rd cross-references
Result: NOTE
    Undeclared package ‘SimMultiCorrData’ in Rd xrefs
Flavor: r-devel-linux-x86_64-fedora-clang