CRAN Package Check Results for Package drc

Last updated on 2014-12-22 04:46:44.

Flavor Version Tinstall Tcheck Ttotal Status Flags
r-devel-linux-x86_64-debian-clang 2.3-96 2.44 73.24 75.68 NOTE
r-devel-linux-x86_64-debian-gcc 2.3-96 2.38 71.25 73.64 NOTE
r-devel-linux-x86_64-fedora-clang 2.3-96 146.91 NOTE
r-devel-linux-x86_64-fedora-gcc 2.3-96 137.95 NOTE
r-devel-osx-x86_64-clang 2.3-96 128.72 NOTE
r-devel-windows-ix86+x86_64 2.3-96 11.00 109.00 120.00 NOTE
r-patched-linux-x86_64 2.3-96 2.47 74.20 76.68 NOTE
r-patched-solaris-sparc 2.3-96 881.30 NOTE
r-patched-solaris-x86 2.3-96 167.60 NOTE
r-release-linux-ix86 2.3-96 2.82 86.52 89.34 NOTE
r-release-linux-x86_64 2.3-96 2.66 74.71 77.37 NOTE
r-release-osx-x86_64-mavericks 2.3-96 NOTE
r-release-osx-x86_64-snowleopard 2.3-96 OK
r-release-windows-ix86+x86_64 2.3-96 9.00 110.00 119.00 NOTE
r-oldrel-windows-ix86+x86_64 2.3-96 10.00 114.00 124.00 NOTE

Check Details

Version: 2.3-96
Check: dependencies in R code
Result: NOTE
    Namespaces in Imports field not imported from:
     ‘lattice’ ‘nlme’ ‘stats4’
     All declared Imports should be used.
    Packages in Depends field not imported from:
     ‘MASS’ ‘car’ ‘gtools’ ‘magic’ ‘methods’ ‘plotrix’
     These packages need to be imported from (in the NAMESPACE file)
     for when this namespace is loaded but not attached.
    See the information on DESCRIPTION files in the chapter ‘Creating R
    packages’ of the ‘Writing R Extensions’ manual.
Flavors: r-devel-linux-x86_64-debian-clang, r-devel-linux-x86_64-debian-gcc, r-devel-linux-x86_64-fedora-clang, r-devel-linux-x86_64-fedora-gcc, r-devel-osx-x86_64-clang, r-devel-windows-ix86+x86_64, r-patched-linux-x86_64, r-patched-solaris-sparc, r-patched-solaris-x86, r-release-linux-ix86, r-release-linux-x86_64, r-release-osx-x86_64-mavericks, r-release-windows-ix86+x86_64, r-oldrel-windows-ix86+x86_64

Version: 2.3-96
Check: R code for possible problems
Result: NOTE
    ED.lin : appFct: no visible global function definition for
     ‘deltaMethod’
    SI: no visible global function definition for ‘combinations’
    boxcox.drc: no visible global function definition for ‘boxcox’
    brokenAxis: no visible global function definition for ‘axis.break’
    drmConvertParm: no visible global function definition for ‘ginv’
    hatvalues.drc: no visible global function definition for ‘ginv’
    plot.drc : barFct: no visible global function definition for ‘plotCI’
    summary.drc: no visible binding for global variable ‘psi.bisquare’
    summary.drc: no visible binding for global variable ‘psi.huber’
Flavors: r-devel-linux-x86_64-debian-clang, r-devel-linux-x86_64-debian-gcc, r-devel-linux-x86_64-fedora-clang, r-devel-linux-x86_64-fedora-gcc, r-devel-osx-x86_64-clang, r-devel-windows-ix86+x86_64, r-patched-linux-x86_64, r-patched-solaris-sparc, r-patched-solaris-x86, r-release-linux-ix86, r-release-linux-x86_64, r-release-windows-ix86+x86_64