CRAN Package Check Results for Package drc

Last updated on 2015-01-29 10:48:08.

Flavor Version Tinstall Tcheck Ttotal Status Flags
r-devel-linux-x86_64-debian-clang 2.3-96 2.09 70.74 72.83 NOTE
r-devel-linux-x86_64-debian-gcc 2.3-96 2.12 70.58 72.70 NOTE
r-devel-linux-x86_64-fedora-clang 2.3-96 151.42 NOTE
r-devel-linux-x86_64-fedora-gcc 2.3-96 135.26 NOTE
r-devel-osx-x86_64-clang 2.3-96 129.84 NOTE
r-devel-windows-ix86+x86_64 2.3-96 12.00 93.00 105.00 NOTE
r-patched-linux-x86_64 2.3-96 2.50 74.45 76.95 NOTE
r-patched-solaris-sparc 2.3-96 883.30 NOTE
r-patched-solaris-x86 2.3-96 169.30 NOTE
r-release-linux-ix86 2.3-96 2.85 86.97 89.82 NOTE
r-release-linux-x86_64 2.3-96 2.49 73.71 76.20 NOTE
r-release-osx-x86_64-mavericks 2.3-96 NOTE
r-release-osx-x86_64-snowleopard 2.3-96 OK
r-release-windows-ix86+x86_64 2.3-96 9.00 108.00 117.00 NOTE
r-oldrel-windows-ix86+x86_64 2.3-96 10.00 121.00 131.00 NOTE

Check Details

Version: 2.3-96
Check: dependencies in R code
Result: NOTE
    Namespaces in Imports field not imported from:
     ‘lattice’ ‘nlme’ ‘stats4’
     All declared Imports should be used.
    Packages in Depends field not imported from:
     ‘MASS’ ‘car’ ‘gtools’ ‘magic’ ‘methods’ ‘plotrix’
     These packages need to be imported from (in the NAMESPACE file)
     for when this namespace is loaded but not attached.
Flavors: r-devel-linux-x86_64-debian-clang, r-devel-linux-x86_64-debian-gcc, r-devel-linux-x86_64-fedora-clang, r-devel-linux-x86_64-fedora-gcc, r-devel-osx-x86_64-clang, r-devel-windows-ix86+x86_64

Version: 2.3-96
Check: S3 generic/method consistency
Result: NOTE
    Found the following apparent S3 methods exported but not registered:
     cooks.distance.drc hatvalues.drc boxcox.drc
    See section ‘Registering S3 methods’ in the ‘Writing R Extensions’
    manual.
Flavors: r-devel-linux-x86_64-debian-clang, r-devel-linux-x86_64-debian-gcc, r-devel-linux-x86_64-fedora-clang, r-devel-linux-x86_64-fedora-gcc, r-devel-osx-x86_64-clang

Version: 2.3-96
Check: R code for possible problems
Result: NOTE
    ED.lin : appFct: no visible global function definition for
     ‘deltaMethod’
    SI: no visible global function definition for ‘combinations’
    boxcox.drc: no visible global function definition for ‘boxcox’
    brokenAxis: no visible global function definition for ‘axis.break’
    drmConvertParm: no visible global function definition for ‘ginv’
    hatvalues.drc: no visible global function definition for ‘ginv’
    plot.drc : barFct: no visible global function definition for ‘plotCI’
    summary.drc: no visible binding for global variable ‘psi.bisquare’
    summary.drc: no visible binding for global variable ‘psi.huber’
Flavors: r-devel-linux-x86_64-debian-clang, r-devel-linux-x86_64-debian-gcc, r-devel-linux-x86_64-fedora-clang, r-devel-linux-x86_64-fedora-gcc, r-devel-osx-x86_64-clang, r-devel-windows-ix86+x86_64, r-patched-linux-x86_64, r-patched-solaris-sparc, r-patched-solaris-x86, r-release-linux-ix86, r-release-linux-x86_64, r-release-osx-x86_64-mavericks, r-release-windows-ix86+x86_64

Version: 2.3-96
Check: dependencies in R code
Result: NOTE
    Namespaces in Imports field not imported from:
     ‘lattice’ ‘nlme’ ‘stats4’
     All declared Imports should be used.
    Packages in Depends field not imported from:
     ‘MASS’ ‘car’ ‘gtools’ ‘magic’ ‘methods’ ‘plotrix’
     These packages need to be imported from (in the NAMESPACE file)
     for when this namespace is loaded but not attached.
    See the information on DESCRIPTION files in the chapter ‘Creating R
    packages’ of the ‘Writing R Extensions’ manual.
Flavors: r-patched-linux-x86_64, r-patched-solaris-sparc, r-patched-solaris-x86, r-release-linux-ix86, r-release-linux-x86_64, r-release-osx-x86_64-mavericks, r-release-windows-ix86+x86_64, r-oldrel-windows-ix86+x86_64