CRAN Package Check Results for Package drc

Last updated on 2018-05-23 07:50:01 CEST.

Flavor Version Tinstall Tcheck Ttotal Status Flags
r-devel-linux-x86_64-debian-clang 3.0-1 15.22 156.76 171.98 OK
r-devel-linux-x86_64-debian-gcc 3.0-1 0.49 1.32 1.81 ERROR
r-devel-linux-x86_64-fedora-clang 3.0-1 212.34 OK
r-devel-linux-x86_64-fedora-gcc 3.0-1 208.75 OK
r-devel-windows-ix86+x86_64 3.0-1 22.00 220.00 242.00 OK
r-patched-linux-x86_64 3.0-1 17.97 144.22 162.19 OK
r-patched-solaris-x86 3.0-1 263.50 OK
r-release-linux-x86_64 3.0-1 16.78 143.36 160.14 OK
r-release-windows-ix86+x86_64 3.0-1 37.00 201.00 238.00 OK
r-release-osx-x86_64 3.0-1 OK
r-oldrel-windows-ix86+x86_64 3.0-1 20.00 222.00 242.00 OK
r-oldrel-osx-x86_64 3.0-1 OK

Check Details

Version: 3.0-1
Check: package dependencies
Result: ERROR
    Package required but not available: ‘car’
    
    See section ‘The DESCRIPTION file’ in the ‘Writing R Extensions’
    manual.
Flavor: r-devel-linux-x86_64-debian-gcc