CRAN Package Check Results for Package drc

Last updated on 2014-04-24 07:52:26.

Flavor Version Tinstall Tcheck Ttotal Status Flags
r-devel-linux-x86_64-debian-clang 2.3-96 2.64 77.86 80.50 NOTE
r-devel-linux-x86_64-debian-gcc 2.3-96 2.57 78.29 80.86 NOTE
r-devel-linux-x86_64-fedora-clang 2.3-96 157.60 NOTE
r-devel-linux-x86_64-fedora-gcc 2.3-96 150.96 NOTE
r-devel-osx-x86_64-clang 2.3-96 116.16 NOTE
r-devel-osx-x86_64-gcc 2.3-96 ERROR
r-devel-windows-ix86+x86_64 2.3-96 9.00 108.00 117.00 NOTE
r-patched-linux-x86_64 2.3-96 2.64 77.16 79.80 NOTE
r-patched-solaris-sparc 2.3-96 875.70 NOTE
r-patched-solaris-x86 2.3-96 173.90 NOTE
r-release-linux-ix86 2.3-96 3.00 115.00 118.00 NOTE
r-release-linux-x86_64 2.3-96 2.73 275.17 277.90 NOTE
r-release-osx-x86_64-mavericks 2.3-96 WARN
r-release-osx-x86_64-snowleopard 2.3-96 OK
r-release-windows-ix86+x86_64 2.3-96 8.00 109.00 117.00 NOTE
r-oldrel-windows-ix86+x86_64 2.3-96 9.00 112.00 121.00 NOTE

Check Details

Version: 2.3-96
Check: dependencies in R code
Result: NOTE
    Namespaces in Imports field not imported from:
     ‘lattice’ ‘nlme’ ‘stats4’
     All declared Imports should be used.
    Packages in Depends field not imported from:
     ‘MASS’ ‘car’ ‘gtools’ ‘magic’ ‘methods’ ‘plotrix’
     These packages need to be imported from (in the NAMESPACE file)
     for when this namespace is loaded but not attached.
    See the information on DESCRIPTION files in the chapter ‘Creating R
    packages’ of the ‘Writing R Extensions’ manual.
Flavors: r-devel-linux-x86_64-debian-clang, r-devel-linux-x86_64-debian-gcc, r-devel-linux-x86_64-fedora-clang, r-devel-linux-x86_64-fedora-gcc, r-devel-osx-x86_64-clang, r-devel-windows-ix86+x86_64, r-patched-linux-x86_64, r-patched-solaris-sparc, r-patched-solaris-x86, r-release-linux-ix86, r-release-linux-x86_64, r-release-osx-x86_64-mavericks, r-release-windows-ix86+x86_64, r-oldrel-windows-ix86+x86_64

Version: 2.3-96
Check: package dependencies
Result: ERROR
    Package required but not available: ‘car’
    
    See the information on DESCRIPTION files in the chapter ‘Creating R
    packages’ of the ‘Writing R Extensions’ manual.
Flavor: r-devel-osx-x86_64-gcc

Version: 2.3-96
Check: PDF version of manual
Result: WARNING
    LaTeX errors when creating PDF version.
    This typically indicates Rd problems.
    LaTeX errors found:
    ! LaTeX Error: File `upquote.sty' not found.
    
    Type X to quit or <RETURN> to proceed,
    or enter new name. (Default extension: sty)
    
    431564c/Rd2.tex:8: ==> Fatal error occurred, no output PDF file produced!
Flavor: r-release-osx-x86_64-mavericks