CRAN Package Check Results for Package drc

Last updated on 2015-07-28 11:51:32.

Flavor Version Tinstall Tcheck Ttotal Status Flags
r-devel-linux-x86_64-debian-clang 2.5-12 5.24 95.32 100.56 NOTE
r-devel-linux-x86_64-debian-gcc 2.5-12 5.98 97.58 103.57 NOTE
r-devel-linux-x86_64-fedora-clang 2.5-12 200.63 NOTE
r-devel-linux-x86_64-fedora-gcc 2.5-12 185.70 NOTE
r-devel-osx-x86_64-clang 2.5-12 163.42 OK
r-devel-windows-ix86+x86_64 2.5-12 18.00 150.00 168.00 NOTE
r-patched-linux-x86_64 2.5-12 5.38 96.15 101.53 OK
r-patched-solaris-sparc 2.5-12 1225.70 OK
r-patched-solaris-x86 2.5-12 247.40 OK
r-release-linux-x86_64 2.5-12 5.05 98.98 104.03 OK
r-release-osx-x86_64-mavericks 2.5-12 OK
r-release-windows-ix86+x86_64 2.5-12 24.00 137.00 161.00 OK
r-oldrel-windows-ix86+x86_64 2.5-12 27.00 193.00 220.00 OK

Check Details

Version: 2.5-12
Check: R code for possible problems
Result: NOTE
    CRS.6 : ssfct: no visible global function definition for ‘median’
    ED.drc: no visible binding for global variable ‘vcov’
    ED.drc: no visible global function definition for ‘df.residual’
    ED.lin: no visible global function definition for ‘coef’
    ED.lin: no visible global function definition for ‘fitted’
    EDboot: no visible global function definition for ‘fitted’
    EDboot: no visible global function definition for ‘rbinom’
    EDboot: no visible global function definition for ‘rnorm’
    EDboot : rowFct1: no visible global function definition for ‘coef’
    EDboot : rowFct1: no visible global function definition for ‘loess’
    EDboot : rowFct2: no visible global function definition for ‘quantile’
    EDcomp: no visible binding for global variable ‘vcov’
    EDcomp: no visible global function definition for ‘coef’
    EDcomp: no visible global function definition for ‘df.residual’
    EDprint: no visible global function definition for ‘printCoefmat’
    MAX: no visible global function definition for ‘coef’
    MAX: no visible global function definition for ‘vcov’
    MAX: no visible global function definition for ‘printCoefmat’
    PR: no visible global function definition for ‘predict’
    Rsq: no visible global function definition for ‘residuals’
    Rsq: no visible global function definition for ‘printCoefmat’
    SI: no visible binding for global variable ‘vcov’
    SI: no visible global function definition for ‘coef’
    SI: no visible global function definition for ‘df.residual’
    addAxes: no visible global function definition for ‘axTicks’
    addAxes: no visible global function definition for ‘axis’
    anova.drclist: no visible global function definition for ‘logLik’
    anova.drclist: no visible global function definition for ‘pchisq’
    anova.drclist: no visible global function definition for ‘df.residual’
    anova.drclist: no visible global function definition for ‘pf’
    arandaordaz : ssfct: no visible global function definition for ‘coef’
    arandaordaz : ssfct: no visible global function definition for ‘lm’
    boxcox.drc : llFct: no visible global function definition for
     ‘residuals’
    boxcox.drc: no visible global function definition for ‘update’
    boxcox.drc: no visible global function definition for ‘plot’
    boxcox.drc: no visible global function definition for ‘par’
    boxcox.drc: no visible global function definition for ‘qchisq’
    boxcox.drc: no visible global function definition for ‘segments’
    boxcox.drc: no visible global function definition for ‘text’
    boxcox.drc: no visible global function definition for ‘abline’
    boxcoxCI: no visible global function definition for ‘qchisq’
    braincousens : edfct: no visible global function definition for
     ‘uniroot’
    braincousens : maxfct: no visible global function definition for
     ‘uniroot’
    bread.drc: no visible global function definition for ‘vcov’
    cedergreen : ssfct: no visible global function definition for ‘median’
    cedergreen : edfct: no visible global function definition for ‘uniroot’
    cedergreen : maxfct: no visible global function definition for
     ‘uniroot’
    cedergreen.ssf : <anonymous>: no visible global function definition for
     ‘median’
    compParm: no visible binding for global variable ‘vcov’
    compParm: no visible global function definition for ‘coef’
    compParm: no visible global function definition for ‘df.residual’
    compParm : pFct: no visible global function definition for ‘pt’
    compParm: no visible binding for global variable ‘pnorm’
    compParm: no visible global function definition for ‘printCoefmat’
    comped: no visible global function definition for ‘qnorm’
    comped: no visible global function definition for ‘qt’
    comped: no visible global function definition for ‘printCoefmat’
    confint.basic: no visible global function definition for ‘qnorm’
    confint.basic: no visible global function definition for ‘qt’
    confint.drc: no visible global function definition for ‘df.residual’
    cooks.distance.drc: no visible global function definition for
     ‘residuals’
    cooks.distance.drc: no visible global function definition for
     ‘df.residual’
    dfFct : traceHat.drc: no visible global function definition for
     ‘df.residual’
    drm: no visible binding for global variable ‘na.fail’
    drm: no visible global function definition for ‘model.matrix’
    drm: no visible global function definition for ‘model.response’
    drm: no visible global function definition for ‘model.weights’
    drm: no visible global function definition for ‘model.extract’
    drm: no visible global function definition for ‘model.frame’
    drm: no visible global function definition for ‘median’
    drm : pfFct : plotFct: no visible global function definition for
     ‘complete.cases’
    drm: no visible global function definition for ‘mad’
    drmConvertParm: no visible global function definition for
     ‘model.matrix’
    drmEMbinomial : llfct: no visible global function definition for
     ‘df.residual’
    drmEMls : rvfct: no visible global function definition for
     ‘df.residual’
    drmEMstandard : rvfct: no visible global function definition for
     ‘df.residual’
    drmLOFbinomial : anovaTest: no visible global function definition for
     ‘glm’
    drmLOFbinomial : anovaTest: no visible global function definition for
     ‘binomial’
    drmLOFbinomial : anovaTest: no visible global function definition for
     ‘df.residual’
    drmLOFls : anovaTest: no visible global function definition for ‘lm’
    drmLOFls : anovaTest: no visible global function definition for
     ‘df.residual’
    drmOpt: no visible global function definition for ‘optim’
    drmRobust: no visible global function definition for ‘mad’
    drmRobust: no visible global function definition for ‘residuals’
    drmRobust : lms: no visible global function definition for ‘median’
    estfun.drc: no visible global function definition for ‘weights’
    estfun.drc: no visible global function definition for ‘residuals’
    estfun.drc: no visible global function definition for ‘fitted’
    estfun.drc: no visible global function definition for ‘predict’
    estfun.drc: no visible global function definition for ‘coef’
    fieller: no visible global function definition for ‘qt’
    findbe1 : <anonymous>: no visible global function definition for ‘lm’
    findbe1 : <anonymous>: no visible global function definition for ‘coef’
    findbe2 : bFct: no visible global function definition for ‘median’
    findbe2 : eFct: no visible global function definition for ‘median’
    findbe2 : <anonymous>: no visible global function definition for ‘head’
    findbe2 : <anonymous>: no visible global function definition for ‘tail’
    findbe2 : <anonymous>: no visible global function definition for ‘coef’
    findbe2 : <anonymous>: no visible global function definition for ‘lm’
    fitted.drc: no visible global function definition for ‘predict’
    fplogistic : edfct : invfp: no visible global function definition for
     ‘uniroot’
    gammadr : fct: no visible global function definition for ‘pgamma’
    gammadr : logGamma : intFct: no visible global function definition for
     ‘dgamma’
    gammadr : logGamma: no visible global function definition for
     ‘integrate’
    gammadr : deriv1: no visible global function definition for ‘pgamma’
    gammadr : deriv1: no visible global function definition for ‘dgamma’
    gammadr : derivx: no visible global function definition for ‘dgamma’
    gaussian.ssf : <anonymous>: no visible global function definition for
     ‘sd’
    gaussian.ssf : <anonymous>: no visible global function definition for
     ‘quantile’
    gofTest: no visible global function definition for ‘weights’
    gofTest: no visible global function definition for ‘fitted’
    gofTest: no visible global function definition for ‘df.residual’
    gofTest: no visible global function definition for ‘pchisq’
    hat.drc: no visible global function definition for ‘predict’
    hat.loess: no visible global function definition for ‘model.matrix’
    hat.loess: no visible global function definition for ‘quantile’
    inverseRegBasic: no visible global function definition for ‘predict’
    inverseRegBasic: no visible global function definition for ‘coef’
    inverseRegBasic: no visible global function definition for ‘formula’
    inverseRegBasic : bisecFct : pFct: no visible global function
     definition for ‘formula’
    inverseRegBasic : bisecFct : pFct: no visible global function
     definition for ‘predict’
    inverseRegBasic : bisecFct: no visible global function definition for
     ‘uniroot’
    inverseRegBasic : gridSearch: no visible global function definition for
     ‘formula’
    inverseRegBasic : gridSearch: no visible global function definition for
     ‘predict’
    isobole: no visible global function definition for ‘coef’
    isobole: no visible global function definition for ‘plot’
    isobole: no visible global function definition for ‘abline’
    isobole: no visible global function definition for ‘points’
    isobole: no visible global function definition for ‘segments’
    isobole: no visible global function definition for ‘tail’
    isobole: no visible global function definition for ‘lines’
    leaveOneOut: no visible global function definition for ‘tail’
    leaveOneOut: no visible global function definition for ‘formula’
    leaveOneOut: no visible global function definition for ‘update’
    leaveOneOut: no visible global function definition for ‘predict’
    lin.test: no visible global function definition for ‘coef’
    lin.test: no visible global function definition for ‘residuals’
    lin.test: no visible binding for global variable ‘tail’
    lin.test: no visible global function definition for ‘vcov’
    lin.test: no visible global function definition for ‘rnorm’
    lin.test: no visible global function definition for ‘plot’
    lin.test: no visible global function definition for ‘lines’
    llogistic2 : find.be2: no visible global function definition for ‘lm’
    llogistic2 : find.be2: no visible global function definition for ‘coef’
    lnormal : fd: no visible global function definition for ‘pnorm’
    lnormal : fd: no visible global function definition for ‘dnorm’
    lnormal : derivx : dFct: no visible global function definition for
     ‘pnorm’
    lnormal : derivx : dFct: no visible global function definition for
     ‘dnorm’
    lnormal : edfct : EDfct: no visible global function definition for
     ‘qnorm’
    lnormal.ssf : ytrans: no visible global function definition for ‘qnorm’
    lnormal.ssf : <anonymous>: no visible global function definition for
     ‘qnorm’
    loessEst: no visible global function definition for ‘quantile’
    loessEst: no visible global function definition for ‘coef’
    loessEst: no visible global function definition for ‘lm’
    lofTest: no visible global function definition for ‘df.residual’
    lofTest: no visible global function definition for ‘deviance’
    lofTest: no visible global function definition for ‘pf’
    lofTest: no visible global function definition for ‘logLik’
    lofTest: no visible global function definition for ‘pchisq’
    maED: no visible global function definition for ‘update’
    maED: no visible global function definition for ‘lm’
    maED: no visible global function definition for ‘AIC’
    maED: no visible global function definition for ‘qnorm’
    mixture: no visible global function definition for ‘as.formula’
    mixture: no visible global function definition for ‘coef’
    mixture: no visible global function definition for ‘update’
    mr.test: no visible global function definition for ‘deriv’
    mr.test: no visible global function definition for ‘coef’
    mr.test: no visible global function definition for ‘fitted’
    mr.test: no visible global function definition for ‘residuals’
    mr.test: no visible global function definition for ‘pnorm’
    mrdrm: no visible global function definition for ‘loess’
    mrdrm: no visible global function definition for ‘formula’
    mrdrm : dosePredict: no visible global function definition for
     ‘predict’
    mrdrm: no visible global function definition for ‘predict’
    mselect: no visible binding for global variable ‘AIC’
    mselect: no visible global function definition for ‘logLik’
    mselect: no visible global function definition for ‘update’
    mselect: no visible global function definition for ‘anova’
    mselect: no visible global function definition for ‘lm’
    mselect : <anonymous>: no visible global function definition for
     ‘logLik’
    neill.default: no visible global function definition for ‘df.residual’
    neill.default: no visible global function definition for ‘residuals’
    neill.default: no visible global function definition for ‘pf’
    neill.test: no visible global function definition for ‘coef’
    neill.test: no visible global function definition for ‘cutree’
    neill.test: no visible global function definition for ‘hclust’
    neill.test: no visible global function definition for ‘dist’
    neill.test: no visible global function definition for ‘quantile’
    noEffect: no visible global function definition for ‘logLik’
    noEffect: no visible global function definition for ‘glm’
    noEffect: no visible binding for global variable ‘binomial’
    noEffect: no visible binding for global variable ‘poisson’
    noEffect: no visible global function definition for ‘lm’
    noEffect: no visible global function definition for ‘pchisq’
    plot.drc: no visible global function definition for ‘par’
    plot.drc: no visible global function definition for ‘predict’
    plot.drc : ciFct: no visible global function definition for ‘predict’
    plot.drc : ciFct: no visible global function definition for ‘polygon’
    plot.drc : pointFct: no visible global function definition for ‘points’
    plot.drc: no visible binding for global variable ‘head’
    plot.drc: no visible global function definition for ‘plot’
    plot.drc: no visible global function definition for ‘lines’
    plot.mrdrc : plotPoints.mr: no visible global function definition for
     ‘formula’
    plot.mrdrc : plotPoints.mr: no visible global function definition for
     ‘predict’
    plot.mrdrc: no visible global function definition for ‘plot’
    predict.drc: no visible binding for global variable ‘na.pass’
    predict.drc: no visible binding for global variable ‘vcov’
    predict.drc: no visible global function definition for ‘qt’
    predict.drc: no visible global function definition for ‘df.residual’
    predict.drc: no visible global function definition for ‘qnorm’
    predict.mrdrc: no visible global function definition for ‘fitted’
    predict.mrdrc: no visible global function definition for ‘predict’
    predict.mrdrc: no visible global function definition for ‘qnorm’
    predict.mrdrc: no visible global function definition for ‘coef’
    pressWeights: no visible global function definition for ‘predict’
    print.drc: no visible global function definition for ‘coef’
    print.mrdrc: no visible global function definition for ‘df.residual’
    print.mrdrc: no visible global function definition for ‘pchisq’
    print.mrdrc: no visible global function definition for ‘AIC’
    print.summary.drc: no visible global function definition for
     ‘printCoefmat’
    relpot: no visible global function definition for ‘plot’
    relpot: no visible global function definition for ‘lines’
    relpot: no visible global function definition for ‘abline’
    resPrint: no visible global function definition for ‘printCoefmat’
    residuals.drc: no visible global function definition for ‘fitted’
    rse: no visible global function definition for ‘df.residual’
    se.mr: no visible global function definition for ‘fitted’
    searchdrc: no visible global function definition for ‘update’
    siInner : qFct: no visible global function definition for ‘qt’
    siInner : pFct: no visible global function definition for ‘pt’
    siInner: no visible binding for global variable ‘qnorm’
    siInner: no visible binding for global variable ‘pnorm’
    simDR: no visible binding for global variable ‘sd’
    simFct: no visible global function definition for ‘rbinom’
    simFct: no visible global function definition for ‘rnorm’
    simFct : gcvFct: no visible global function definition for ‘loess’
    simFct : gcvFct: no visible global function definition for ‘residuals’
    simFct: no visible global function definition for ‘loess’
    simFct: no visible global function definition for ‘AIC’
    summary.drc: no visible global function definition for ‘coef’
    summary.drc: no visible global function definition for ‘vcov’
    summary.drc: no visible binding for global variable ‘df.residual’
    summary.drc: no visible global function definition for ‘df.residual’
    summary.drc: no visible global function definition for ‘var’
    summary.drc : pFct: no visible global function definition for ‘pt’
    summary.drc : pFct: no visible global function definition for
     ‘df.residual’
    summary.drc: no visible binding for global variable ‘pnorm’
    ursa : ssfct: no visible global function definition for ‘coef’
    vcov.drc: no visible global function definition for ‘df.residual’
    vcov.drc: no visible global function definition for ‘weights’
    vcov.drc: no visible global function definition for ‘fitted’
    vec2mat: no visible global function definition for ‘head’
    vec2mat: no visible global function definition for ‘tail’
    weibull2x : ssfct: no visible global function definition for ‘head’
    weibull2x : ssfct: no visible global function definition for ‘fivenum’
    weibull2x : edfct: no visible global function definition for ‘head’
    yieldLoss: no visible global function definition for ‘vcov’
    yieldLoss : ciFct: no visible global function definition for ‘qt’
    yieldLoss : ciFct: no visible global function definition for
     ‘df.residual’
    yieldLoss : ciFct: no visible global function definition for ‘qnorm’
    Undefined global functions or variables:
     AIC abline anova as.formula axTicks axis binomial coef complete.cases
     cutree deriv deviance df.residual dgamma dist dnorm fitted fivenum
     formula glm hclust head integrate lines lm loess logLik mad median
     model.extract model.frame model.matrix model.response model.weights
     na.fail na.pass optim par pchisq pf pgamma plot pnorm points poisson
     polygon predict printCoefmat pt qchisq qnorm qt quantile rbinom
     residuals rnorm sd segments tail text uniroot update var vcov weights
    Consider adding
     importFrom("graphics", "abline", "axTicks", "axis", "lines", "par",
     "plot", "points", "polygon", "segments", "text")
     importFrom("stats", "AIC", "anova", "as.formula", "binomial", "coef",
     "complete.cases", "cutree", "deriv", "deviance",
     "df.residual", "dgamma", "dist", "dnorm", "fitted",
     "fivenum", "formula", "glm", "hclust", "integrate", "lm",
     "loess", "logLik", "mad", "median", "model.extract",
     "model.frame", "model.matrix", "model.response",
     "model.weights", "na.fail", "na.pass", "optim", "pchisq",
     "pf", "pgamma", "pnorm", "poisson", "predict",
     "printCoefmat", "pt", "qchisq", "qnorm", "qt", "quantile",
     "rbinom", "residuals", "rnorm", "sd", "uniroot", "update",
     "var", "vcov", "weights")
     importFrom("utils", "head", "tail")
    to your NAMESPACE.
Flavors: r-devel-linux-x86_64-debian-clang, r-devel-linux-x86_64-debian-gcc, r-devel-linux-x86_64-fedora-clang, r-devel-linux-x86_64-fedora-gcc, r-devel-windows-ix86+x86_64