CRAN Package Check Results for Package drc

Last updated on 2015-05-23 11:51:18.

Flavor Version Tinstall Tcheck Ttotal Status Flags
r-devel-linux-x86_64-debian-clang 2.5-12 5.44 95.22 100.66 OK
r-devel-linux-x86_64-debian-gcc 2.5-12 5.12 94.24 99.36 OK
r-devel-linux-x86_64-fedora-clang 2.5-12 202.72 OK
r-devel-linux-x86_64-fedora-gcc 2.5-12 191.41 OK
r-devel-osx-x86_64-clang 2.5-12 165.26 OK
r-devel-windows-ix86+x86_64 2.5-12 16.00 142.00 158.00 OK
r-patched-linux-x86_64 2.5-12 5.35 93.72 99.07 OK
r-patched-solaris-sparc 2.5-12 1197.30 OK
r-patched-solaris-x86 2.5-12 245.20 OK
r-release-linux-x86_64 2.5-12 5.83 96.82 102.65 OK
r-release-osx-x86_64-mavericks 2.5-12 OK
r-release-osx-x86_64-snowleopard 2.5-12 ERROR
r-release-windows-ix86+x86_64 2.5-12 15.00 130.00 145.00 OK
r-oldrel-windows-ix86+x86_64 2.5-12 27.00 171.00 198.00 OK

Check Details

Version: 2.5-12
Check: package dependencies
Result: ERROR
    Packages required but not available: ‘car’ ‘multcomp’ ‘scales’
    
    See section ‘The DESCRIPTION file’ in the ‘Writing R Extensions’
    manual.
Flavor: r-release-osx-x86_64-snowleopard