CRAN Package Check Results for Package drc

Last updated on 2014-07-25 14:47:34.

Flavor Version Tinstall Tcheck Ttotal Status Flags
r-devel-linux-x86_64-debian-clang 2.3-96 3.20 74.45 77.66 NOTE
r-devel-linux-x86_64-debian-gcc 2.3-96 2.45 74.02 76.47 NOTE
r-devel-linux-x86_64-fedora-clang 2.3-96 157.08 NOTE
r-devel-linux-x86_64-fedora-gcc 2.3-96 154.13 NOTE
r-devel-osx-x86_64-clang 2.3-96 125.71 NOTE
r-devel-windows-ix86+x86_64 2.3-96 9.00 97.00 106.00 NOTE
r-patched-linux-x86_64 2.3-96 2.61 75.86 78.46 NOTE
r-patched-solaris-sparc 2.3-96 875.70 NOTE
r-patched-solaris-x86 2.3-96 172.40 NOTE
r-release-linux-ix86 2.3-96 3.00 90.95 93.95 NOTE
r-release-linux-x86_64 2.3-96 2.43 78.33 80.76 NOTE
r-release-osx-x86_64-mavericks 2.3-96 NOTE
r-release-osx-x86_64-snowleopard 2.3-96 OK
r-release-windows-ix86+x86_64 2.3-96 9.00 110.00 119.00 NOTE
r-oldrel-windows-ix86+x86_64 2.3-96 9.00 111.00 120.00 NOTE

Check Details

Version: 2.3-96
Check: dependencies in R code
Result: NOTE
    Namespaces in Imports field not imported from:
     ‘lattice’ ‘nlme’ ‘stats4’
     All declared Imports should be used.
    Packages in Depends field not imported from:
     ‘MASS’ ‘car’ ‘gtools’ ‘magic’ ‘methods’ ‘plotrix’
     These packages need to be imported from (in the NAMESPACE file)
     for when this namespace is loaded but not attached.
    See the information on DESCRIPTION files in the chapter ‘Creating R
    packages’ of the ‘Writing R Extensions’ manual.
Flavors: r-devel-linux-x86_64-debian-clang, r-devel-linux-x86_64-debian-gcc, r-devel-linux-x86_64-fedora-clang, r-devel-linux-x86_64-fedora-gcc, r-devel-osx-x86_64-clang, r-devel-windows-ix86+x86_64, r-patched-linux-x86_64, r-patched-solaris-sparc, r-patched-solaris-x86, r-release-linux-ix86, r-release-linux-x86_64, r-release-osx-x86_64-mavericks, r-release-windows-ix86+x86_64, r-oldrel-windows-ix86+x86_64