CRAN Package Check Results for Package drc

Last updated on 2015-03-29 11:51:13.

Flavor Version Tinstall Tcheck Ttotal Status Flags
r-devel-linux-x86_64-debian-clang 2.3-96 5.06 97.35 102.42 NOTE
r-devel-linux-x86_64-debian-gcc 2.3-96 7.79 94.74 102.53 NOTE
r-devel-linux-x86_64-fedora-clang 2.3-96 199.61 NOTE
r-devel-linux-x86_64-fedora-gcc 2.3-96 197.45 NOTE
r-devel-osx-x86_64-clang 2.3-96 179.79 NOTE
r-prerel-windows-ix86+x86_64 2.3-96 24.00 139.00 163.00 NOTE
r-prerel-linux-x86_64 2.3-96 4.97 94.42 99.39 NOTE
r-prerel-solaris-sparc 2.3-96 1206.10 NOTE
r-prerel-solaris-x86 2.3-96 242.70 NOTE
r-release-linux-x86_64 2.3-96 8.50 114.78 123.28 NOTE
r-release-osx-x86_64-mavericks 2.3-96 NOTE
r-release-osx-x86_64-snowleopard 2.3-96 OK
r-release-windows-ix86+x86_64 2.3-96 21.00 166.00 187.00 NOTE
r-oldrel-windows-ix86+x86_64 2.3-96 24.00 181.00 205.00 NOTE

Check Details

Version: 2.3-96
Check: DESCRIPTION meta-information
Result: NOTE
    Malformed Description field: should contain one or more complete sentences.
Flavors: r-devel-linux-x86_64-debian-clang, r-devel-linux-x86_64-debian-gcc, r-devel-linux-x86_64-fedora-clang, r-devel-linux-x86_64-fedora-gcc, r-devel-osx-x86_64-clang, r-prerel-windows-ix86+x86_64, r-prerel-linux-x86_64, r-prerel-solaris-sparc, r-prerel-solaris-x86

Version: 2.3-96
Check: dependencies in R code
Result: NOTE
    Namespaces in Imports field not imported from:
     ‘lattice’ ‘nlme’ ‘stats4’
     All declared Imports should be used.
    Packages in Depends field not imported from:
     ‘MASS’ ‘car’ ‘gtools’ ‘magic’ ‘methods’ ‘plotrix’
     These packages need to be imported from (in the NAMESPACE file)
     for when this namespace is loaded but not attached.
Flavors: r-devel-linux-x86_64-debian-clang, r-devel-linux-x86_64-debian-gcc, r-devel-linux-x86_64-fedora-clang, r-devel-linux-x86_64-fedora-gcc, r-devel-osx-x86_64-clang, r-prerel-windows-ix86+x86_64, r-prerel-linux-x86_64, r-prerel-solaris-sparc, r-prerel-solaris-x86, r-release-linux-x86_64, r-release-windows-ix86+x86_64

Version: 2.3-96
Check: S3 generic/method consistency
Result: NOTE
    Found the following apparent S3 methods exported but not registered:
     boxcox.drc cooks.distance.drc hatvalues.drc
    See section ‘Registering S3 methods’ in the ‘Writing R Extensions’
    manual.
Flavors: r-devel-linux-x86_64-debian-clang, r-devel-linux-x86_64-debian-gcc, r-devel-linux-x86_64-fedora-clang, r-devel-linux-x86_64-fedora-gcc, r-devel-osx-x86_64-clang, r-prerel-linux-x86_64

Version: 2.3-96
Check: R code for possible problems
Result: NOTE
    ED.lin : appFct: no visible global function definition for
     ‘deltaMethod’
    SI: no visible global function definition for ‘combinations’
    boxcox.drc: no visible global function definition for ‘boxcox’
    brokenAxis: no visible global function definition for ‘axis.break’
    drmConvertParm: no visible global function definition for ‘ginv’
    hatvalues.drc: no visible global function definition for ‘ginv’
    plot.drc : barFct: no visible global function definition for ‘plotCI’
    summary.drc: no visible binding for global variable ‘psi.bisquare’
    summary.drc: no visible binding for global variable ‘psi.huber’
Flavors: r-devel-linux-x86_64-debian-clang, r-devel-linux-x86_64-debian-gcc, r-devel-linux-x86_64-fedora-clang, r-devel-linux-x86_64-fedora-gcc, r-devel-osx-x86_64-clang, r-prerel-windows-ix86+x86_64, r-prerel-linux-x86_64, r-prerel-solaris-sparc, r-prerel-solaris-x86, r-release-linux-x86_64, r-release-osx-x86_64-mavericks, r-release-windows-ix86+x86_64

Version: 2.3-96
Check: dependencies in R code
Result: NOTE
    Namespaces in Imports field not imported from:
     ‘lattice’ ‘nlme’ ‘stats4’
     All declared Imports should be used.
    Packages in Depends field not imported from:
     ‘MASS’ ‘car’ ‘gtools’ ‘magic’ ‘methods’ ‘plotrix’
     These packages need to be imported from (in the NAMESPACE file)
     for when this namespace is loaded but not attached.
    See the information on DESCRIPTION files in the chapter ‘Creating R
    packages’ of the ‘Writing R Extensions’ manual.
Flavors: r-release-osx-x86_64-mavericks, r-oldrel-windows-ix86+x86_64