CRAN Package Check Results for Package drc

Last updated on 2024-04-17 19:58:36 CEST.

Flavor Version Tinstall Tcheck Ttotal Status Flags
r-devel-linux-x86_64-debian-clang 3.0-1 17.87 192.67 210.54 NOTE
r-devel-linux-x86_64-debian-gcc 3.0-1 17.78 137.38 155.16 NOTE
r-devel-linux-x86_64-fedora-clang 3.0-1 263.02 NOTE
r-devel-linux-x86_64-fedora-gcc 3.0-1 250.37 NOTE
r-prerel-macos-arm64 3.0-1 63.00 NOTE
r-prerel-windows-x86_64 3.0-1 20.00 165.00 185.00 NOTE
r-patched-linux-x86_64 3.0-1 21.75 184.76 206.51 NOTE
r-release-linux-x86_64 3.0-1 16.37 184.48 200.85 NOTE
r-release-macos-arm64 3.0-1 74.00 NOTE
r-release-macos-x86_64 3.0-1 120.00 NOTE
r-release-windows-x86_64 3.0-1 28.00 207.00 235.00 NOTE
r-oldrel-macos-arm64 3.0-1 62.00 OK
r-oldrel-windows-x86_64 3.0-1 28.00 207.00 235.00 OK

Check Details

Version: 3.0-1
Check: Rd files
Result: NOTE checkRd: (-1) EDcomp.Rd:88: Escaped LaTeX specials: \& checkRd: (-1) LL.4.Rd:44: Escaped LaTeX specials: \& checkRd: (-1) W4.Rd:37: Escaped LaTeX specials: \& checkRd: (-1) algae.Rd:32: Escaped LaTeX specials: \& checkRd: (-1) anova.drc.Rd:40: Escaped LaTeX specials: \& checkRd: (-1) deguelin.Rd:33: Escaped LaTeX specials: \& checkRd: (-1) gompertz.Rd:55: Escaped LaTeX specials: \& checkRd: (-1) hatvalues.drc.Rd:43: Lost braces 43 | emph{Generalized Linear Models}, | ^ checkRd: (-1) hatvalues.drc.Rd:44: Escaped LaTeX specials: \& checkRd: (-1) llogistic.Rd:64: Escaped LaTeX specials: \& checkRd: (-1) modelFit.Rd:36: Escaped LaTeX specials: \& checkRd: (-1) weibull1.Rd:67: Escaped LaTeX specials: \& Flavors: r-devel-linux-x86_64-debian-clang, r-devel-linux-x86_64-debian-gcc, r-devel-linux-x86_64-fedora-clang, r-devel-linux-x86_64-fedora-gcc, r-prerel-macos-arm64, r-prerel-windows-x86_64, r-patched-linux-x86_64

Version: 3.0-1
Check: Rd files
Result: NOTE checkRd: (-1) EDcomp.Rd:88: Escaped LaTeX specials: \& checkRd: (-1) LL.4.Rd:44: Escaped LaTeX specials: \& checkRd: (-1) W4.Rd:37: Escaped LaTeX specials: \& checkRd: (-1) algae.Rd:32: Escaped LaTeX specials: \& checkRd: (-1) anova.drc.Rd:40: Escaped LaTeX specials: \& checkRd: (-1) deguelin.Rd:33: Escaped LaTeX specials: \& checkRd: (-1) gompertz.Rd:55: Escaped LaTeX specials: \& checkRd: (-1) hatvalues.drc.Rd:44: Escaped LaTeX specials: \& checkRd: (-1) llogistic.Rd:64: Escaped LaTeX specials: \& checkRd: (-1) modelFit.Rd:36: Escaped LaTeX specials: \& checkRd: (-1) weibull1.Rd:67: Escaped LaTeX specials: \& Flavors: r-release-linux-x86_64, r-release-macos-arm64, r-release-macos-x86_64, r-release-windows-x86_64