CRAN Package Check Results for Package drc

Last updated on 2015-04-27 08:48:07.

Flavor Version Tinstall Tcheck Ttotal Status Flags
r-devel-linux-x86_64-debian-clang 2.5-12 5.59 95.84 101.43 OK
r-devel-linux-x86_64-debian-gcc 2.5-12 5.30 95.91 101.21 OK
r-devel-linux-x86_64-fedora-clang 2.5-12 204.49 OK
r-devel-linux-x86_64-fedora-gcc 2.5-12 192.97 OK
r-devel-osx-x86_64-clang 2.5-12 164.46 OK
r-devel-windows-ix86+x86_64 2.5-12 17.00 143.00 160.00 OK
r-patched-linux-x86_64 2.5-12 6.25 93.78 100.03 OK
r-patched-solaris-sparc 2.5-12 1093.20 OK
r-patched-solaris-x86 2.5-12 241.70 OK
r-release-linux-x86_64 2.5-12 5.24 94.63 99.87 OK
r-release-osx-x86_64-mavericks 2.5-12 ERROR
r-release-osx-x86_64-snowleopard 2.5-12 ERROR
r-release-windows-ix86+x86_64 2.5-12 17.00 127.00 144.00 OK
r-oldrel-windows-ix86+x86_64 2.5-12 24.00 158.00 182.00 OK

Check Details

Version: 2.5-12
Check: package dependencies
Result: ERROR
    Package required but not available: ‘multcomp’
    
    See section ‘The DESCRIPTION file’ in the ‘Writing R Extensions’
    manual.
Flavor: r-release-osx-x86_64-mavericks

Version: 2.5-12
Check: package dependencies
Result: ERROR
    Packages required but not available: ‘car’ ‘multcomp’ ‘scales’
    
    See section ‘The DESCRIPTION file’ in the ‘Writing R Extensions’
    manual.
Flavor: r-release-osx-x86_64-snowleopard