CRAN Package Check Results for Package drfit

Last updated on 2017-08-18 17:47:39.

Flavor Version Tinstall Tcheck Ttotal Status Flags
r-devel-linux-x86_64-debian-clang 0.7.1 3.84 60.24 64.09 OK
r-devel-linux-x86_64-debian-gcc 0.7.1 3.84 58.82 62.66 OK
r-devel-linux-x86_64-fedora-clang 0.7.1 139.32 OK
r-devel-linux-x86_64-fedora-gcc 0.7.1 151.85 OK
r-devel-windows-ix86+x86_64 0.7.1 13.00 112.00 125.00 OK
r-patched-linux-x86_64 0.7.1 3.96 60.32 64.28 OK
r-patched-solaris-x86 0.7.1 193.50 OK
r-release-linux-x86_64 0.7.1 4.13 60.17 64.30 OK
r-release-windows-ix86+x86_64 0.7.1 18.00 107.00 125.00 OK
r-release-osx-x86_64 0.7.1 OK
r-oldrel-windows-ix86+x86_64 0.7.1 12.00 103.00 115.00 OK
r-oldrel-osx-x86_64 0.7.1 ERROR

Check Details

Version: 0.7.1
Check: package dependencies
Result: ERROR
    Package required but not available: ‘RODBC’
    
    See section ‘The DESCRIPTION file’ in the ‘Writing R Extensions’
    manual.
Flavor: r-oldrel-osx-x86_64