CRAN Package Check Results for Package drfit

Last updated on 2017-12-13 23:14:15 CET.

Flavor Version Tinstall Tcheck Ttotal Status Flags
r-devel-linux-x86_64-debian-clang 0.7.1 4.58 80.30 84.88 OK
r-devel-linux-x86_64-debian-gcc 0.7.1 4.29 70.90 75.19 OK
r-devel-linux-x86_64-fedora-clang 0.7.1 120.78 OK
r-devel-linux-x86_64-fedora-gcc 0.7.1 120.03 OK
r-devel-windows-ix86+x86_64 0.7.1 18.00 158.00 176.00 OK
r-patched-linux-x86_64 0.7.1 5.18 96.26 101.44 OK
r-patched-solaris-x86 0.7.1 191.10 OK
r-release-linux-x86_64 0.7.1 4.96 96.93 101.89 OK
r-release-windows-ix86+x86_64 0.7.1 12.00 107.00 119.00 OK
r-release-osx-x86_64 0.7.1 OK
r-oldrel-windows-ix86+x86_64 0.7.1 22.00 161.00 183.00 OK
r-oldrel-osx-x86_64 0.7.1 ERROR

Check Details

Version: 0.7.1
Check: package dependencies
Result: ERROR
    Package required but not available: ‘RODBC’
    
    See section ‘The DESCRIPTION file’ in the ‘Writing R Extensions’
    manual.
Flavor: r-oldrel-osx-x86_64