CRAN Package Check Results for Package drfit

Last updated on 2017-01-17 20:50:32.

Flavor Version Tinstall Tcheck Ttotal Status Flags
r-devel-linux-x86_64-debian-clang 0.6.7 3.61 57.04 60.65 OK
r-devel-linux-x86_64-debian-gcc 0.6.7 3.85 56.92 60.78 OK
r-devel-linux-x86_64-fedora-clang 0.6.7 133.87 OK --no-stop-on-test-error
r-devel-linux-x86_64-fedora-gcc 0.6.7 135.17 OK --no-stop-on-test-error
r-devel-macos-x86_64-clang 0.6.7 101.53 OK --no-stop-on-test-error
r-devel-windows-ix86+x86_64 0.6.7 16.00 102.00 118.00 OK
r-patched-linux-x86_64 0.6.7 3.89 52.22 56.10 OK
r-patched-solaris-sparc 0.6.7 727.00 OK
r-patched-solaris-x86 0.6.7 158.70 OK
r-release-linux-x86_64 0.6.7 3.56 51.66 55.21 OK
r-release-osx-x86_64-mavericks 0.6.7 NOTE
r-release-windows-ix86+x86_64 0.6.7 9.00 137.00 146.00 OK
r-oldrel-windows-ix86+x86_64 0.6.7 12.00 159.00 171.00 OK

Check Details

Version: 0.6.7
Check: package dependencies
Result: NOTE
    Package suggested but not available for checking: ‘RODBC’
Flavor: r-release-osx-x86_64-mavericks