CRAN Package Check Results for Package drfit

Last updated on 2014-04-24 03:47:43.

Flavor Version Tinstall Tcheck Ttotal Status Flags
r-devel-linux-x86_64-debian-clang 0.6.1 1.03 21.78 22.80 OK
r-devel-linux-x86_64-debian-gcc 0.6.1 1.02 21.14 22.16 OK
r-devel-linux-x86_64-fedora-clang 0.6.1 44.60 OK
r-devel-linux-x86_64-fedora-gcc 0.6.1 41.77 OK
r-devel-osx-x86_64-clang 0.6.1 38.09 OK
r-devel-osx-x86_64-gcc 0.6.1 ERROR
r-devel-windows-ix86+x86_64 0.6.1 3.00 31.00 34.00 OK
r-patched-linux-x86_64 0.6.1 0.99 21.14 22.14 OK
r-patched-solaris-sparc 0.6.1 240.00 OK
r-patched-solaris-x86 0.6.1 56.20 OK
r-release-linux-ix86 0.6.1 2.00 40.00 42.00 OK
r-release-linux-x86_64 0.6.1 1.02 209.31 210.33 OK
r-release-osx-x86_64-mavericks 0.6.1 ERROR
r-release-osx-x86_64-snowleopard 0.6.1 OK
r-release-windows-ix86+x86_64 0.6.1 3.00 31.00 34.00 OK
r-oldrel-windows-ix86+x86_64 0.6.1 4.00 31.00 35.00 OK

Check Details

Version: 0.6.1
Check: package dependencies
Result: ERROR
    Package required but not available: ‘drc’
    
    See the information on DESCRIPTION files in the chapter ‘Creating R
    packages’ of the ‘Writing R Extensions’ manual.
Flavor: r-devel-osx-x86_64-gcc

Version: 0.6.1
Check: package dependencies
Result: ERROR
    Package required but not available: ‘RODBC’
    
    See the information on DESCRIPTION files in the chapter ‘Creating R
    packages’ of the ‘Writing R Extensions’ manual.
Flavor: r-release-osx-x86_64-mavericks