CRAN Package Check Results for Package drfit

Last updated on 2014-09-21 03:49:00.

Flavor Version Tinstall Tcheck Ttotal Status Flags
r-devel-linux-x86_64-debian-clang 0.6.3 0.92 20.37 21.29 OK
r-devel-linux-x86_64-debian-gcc 0.6.3 0.88 20.28 21.16 OK
r-devel-linux-x86_64-fedora-clang 0.6.3 41.84 OK
r-devel-linux-x86_64-fedora-gcc 0.6.3 40.34 OK
r-devel-osx-x86_64-clang 0.6.3 40.79 OK
r-devel-windows-ix86+x86_64 0.6.3 3.00 33.00 36.00 OK
r-patched-linux-x86_64 0.6.3 0.96 21.00 21.96 OK
r-patched-solaris-sparc 0.6.3 250.30 OK
r-patched-solaris-x86 0.6.3 55.00 OK
r-release-linux-ix86 0.6.3 1.43 29.08 30.51 OK
r-release-linux-x86_64 0.6.3 0.98 22.14 23.12 OK
r-release-osx-x86_64-mavericks 0.6.3 ERROR
r-release-osx-x86_64-snowleopard 0.6.3 OK
r-release-windows-ix86+x86_64 0.6.3 3.00 31.00 34.00 OK
r-oldrel-windows-ix86+x86_64 0.6.3 4.00 35.00 39.00 OK

Check Details

Version: 0.6.3
Check: package dependencies
Result: ERROR
    Package required but not available: ‘RODBC’
    
    See the information on DESCRIPTION files in the chapter ‘Creating R
    packages’ of the ‘Writing R Extensions’ manual.
Flavor: r-release-osx-x86_64-mavericks