CRAN Package Check Results for Package drfit

Last updated on 2015-02-01 03:49:18.

Flavor Version Tinstall Tcheck Ttotal Status Flags
r-devel-linux-x86_64-debian-clang 0.6.3 0.81 19.70 20.52 OK
r-devel-linux-x86_64-debian-gcc 0.6.3 0.80 19.12 19.92 OK
r-devel-linux-x86_64-fedora-clang 0.6.3 42.21 OK
r-devel-linux-x86_64-fedora-gcc 0.6.3 37.42 OK
r-devel-osx-x86_64-clang 0.6.3 42.87 OK
r-devel-windows-ix86+x86_64 0.6.3 5.00 27.00 32.00 OK
r-patched-linux-x86_64 0.6.3 1.06 21.70 22.76 OK
r-patched-solaris-sparc 0.6.3 258.50 OK
r-patched-solaris-x86 0.6.3 56.80 OK
r-release-linux-ix86 0.6.3 1.36 30.28 31.63 OK
r-release-linux-x86_64 0.6.3 0.97 21.42 22.39 OK
r-release-osx-x86_64-mavericks 0.6.3 ERROR
r-release-osx-x86_64-snowleopard 0.6.3 OK
r-release-windows-ix86+x86_64 0.6.3 4.00 36.00 40.00 OK
r-oldrel-windows-ix86+x86_64 0.6.3 5.00 33.00 38.00 OK

Check Details

Version: 0.6.3
Check: package dependencies
Result: ERROR
    Package required but not available: ‘RODBC’
    
    See the information on DESCRIPTION files in the chapter ‘Creating R
    packages’ of the ‘Writing R Extensions’ manual.
Flavor: r-release-osx-x86_64-mavericks