CRAN Package Check Results for Package drfit

Last updated on 2014-11-23 10:51:33.

Flavor Version Tinstall Tcheck Ttotal Status Flags
r-devel-linux-x86_64-debian-clang 0.6.3 0.98 21.93 22.91 OK
r-devel-linux-x86_64-debian-gcc 0.6.3 1.00 21.02 22.03 OK
r-devel-linux-x86_64-fedora-clang 0.6.3 44.85 OK
r-devel-linux-x86_64-fedora-gcc 0.6.3 41.44 OK
r-devel-osx-x86_64-clang 0.6.3 43.29 OK
r-devel-windows-ix86+x86_64 0.6.3 4.00 31.00 35.00 OK
r-patched-linux-x86_64 0.6.3 0.97 21.07 22.04 OK
r-patched-solaris-sparc 0.6.3 250.30 OK
r-patched-solaris-x86 0.6.3 56.00 OK
r-release-linux-ix86 0.6.3 1.36 28.47 29.83 OK
r-release-linux-x86_64 0.6.3 0.98 21.52 22.51 OK
r-release-osx-x86_64-mavericks 0.6.3 ERROR
r-release-osx-x86_64-snowleopard 0.6.3 OK
r-release-windows-ix86+x86_64 0.6.3 4.00 32.00 36.00 OK
r-oldrel-windows-ix86+x86_64 0.6.3 4.00 33.00 37.00 OK

Check Details

Version: 0.6.3
Check: package dependencies
Result: ERROR
    Package required but not available: ‘RODBC’
    
    See the information on DESCRIPTION files in the chapter ‘Creating R
    packages’ of the ‘Writing R Extensions’ manual.
Flavor: r-release-osx-x86_64-mavericks