CRAN Package Check Results for Package drfit

Last updated on 2014-12-21 23:46:59.

Flavor Version Tinstall Tcheck Ttotal Status Flags
r-devel-linux-x86_64-debian-clang 0.6.3 1.02 21.79 22.82 OK
r-devel-linux-x86_64-debian-gcc 0.6.3 0.92 20.15 21.07 OK
r-devel-linux-x86_64-fedora-clang 0.6.3 44.51 OK
r-devel-linux-x86_64-fedora-gcc 0.6.3 42.33 OK
r-devel-osx-x86_64-clang 0.6.3 41.92 OK
r-devel-windows-ix86+x86_64 0.6.3 5.00 32.00 37.00 OK
r-patched-linux-x86_64 0.6.3 1.07 21.51 22.58 OK
r-patched-solaris-sparc 0.6.3 250.30 OK
r-patched-solaris-x86 0.6.3 56.80 OK
r-release-linux-ix86 0.6.3 1.37 28.46 29.84 OK
r-release-linux-x86_64 0.6.3 0.98 21.44 22.42 OK
r-release-osx-x86_64-mavericks 0.6.3 ERROR
r-release-osx-x86_64-snowleopard 0.6.3 OK
r-release-windows-ix86+x86_64 0.6.3 4.00 34.00 38.00 OK
r-oldrel-windows-ix86+x86_64 0.6.3 5.00 35.00 40.00 OK

Check Details

Version: 0.6.3
Check: package dependencies
Result: ERROR
    Package required but not available: ‘RODBC’
    
    See the information on DESCRIPTION files in the chapter ‘Creating R
    packages’ of the ‘Writing R Extensions’ manual.
Flavor: r-release-osx-x86_64-mavericks