CRAN Package Check Results for Package drfit

Last updated on 2017-02-25 11:48:17.

Flavor Version Tinstall Tcheck Ttotal Status Flags
r-devel-linux-x86_64-debian-clang 0.6.7 3.83 57.81 61.64 OK
r-devel-linux-x86_64-debian-gcc 0.6.7 4.08 58.92 63.01 OK
r-devel-linux-x86_64-fedora-clang 0.6.7 139.52 OK --no-stop-on-test-error
r-devel-linux-x86_64-fedora-gcc 0.6.7 135.82 OK --no-stop-on-test-error
r-devel-macos-x86_64-clang 0.6.7 104.26 OK --no-stop-on-test-error
r-devel-windows-ix86+x86_64 0.6.7 15.00 137.00 152.00 OK
r-patched-linux-x86_64 0.6.7 3.69 54.20 57.90 OK
r-patched-solaris-sparc 0.6.7 727.00 OK
r-patched-solaris-x86 0.6.7 160.50 OK
r-release-linux-x86_64 0.6.7 4.04 53.11 57.15 OK
r-release-osx-x86_64-mavericks 0.6.7 NOTE
r-release-windows-ix86+x86_64 0.6.7 17.00 130.00 147.00 OK
r-oldrel-windows-ix86+x86_64 0.6.7 18.00 207.00 225.00 OK

Check Details

Version: 0.6.7
Check: package dependencies
Result: NOTE
    Package suggested but not available for checking: ‘RODBC’
Flavor: r-release-osx-x86_64-mavericks