CRAN Package Check Results for Package drfit

Last updated on 2017-10-18 23:47:43.

Flavor Version Tinstall Tcheck Ttotal Status Flags
r-devel-linux-x86_64-debian-clang 0.7.1 3.99 60.30 64.29 OK
r-devel-linux-x86_64-debian-gcc 0.7.1 4.58 66.40 70.98 OK
r-devel-linux-x86_64-fedora-clang 0.7.1 143.84 OK
r-devel-linux-x86_64-fedora-gcc 0.7.1 143.29 OK
r-devel-windows-ix86+x86_64 0.7.1 11.00 106.00 117.00 OK
r-patched-linux-x86_64 0.7.1 3.90 60.72 64.62 OK
r-patched-solaris-x86 0.7.1 197.30 OK
r-release-linux-x86_64 0.7.1 3.94 60.88 64.82 OK
r-release-windows-ix86+x86_64 0.7.1 18.00 139.00 157.00 OK
r-release-osx-x86_64 0.7.1 OK
r-oldrel-windows-ix86+x86_64 0.7.1 21.00 138.00 159.00 OK
r-oldrel-osx-x86_64 0.7.1 ERROR

Check Details

Version: 0.7.1
Check: package dependencies
Result: ERROR
    Package required but not available: ‘RODBC’
    
    See section ‘The DESCRIPTION file’ in the ‘Writing R Extensions’
    manual.
Flavor: r-oldrel-osx-x86_64