CRAN Package Check Results for Package drfit

Last updated on 2016-07-29 21:46:39.

Flavor Version Tinstall Tcheck Ttotal Status Flags
r-devel-linux-x86_64-debian-clang 0.6.4 4.38 59.90 64.27 OK
r-devel-linux-x86_64-debian-gcc 0.6.4 4.02 58.57 62.59 OK
r-devel-linux-x86_64-fedora-clang 0.6.4 125.51 OK
r-devel-linux-x86_64-fedora-gcc 0.6.4 115.61 OK
r-devel-osx-x86_64-clang 0.6.4 96.68 OK
r-devel-windows-ix86+x86_64 0.6.4 17.00 100.00 117.00 OK
r-patched-linux-x86_64 0.6.4 5.89 64.54 70.43 OK
r-patched-solaris-sparc 0.6.4 711.40 OK
r-patched-solaris-x86 0.6.4 156.60 OK
r-release-linux-x86_64 0.6.4 6.00 63.53 69.53 OK
r-release-osx-x86_64-mavericks 0.6.4 NOTE
r-release-windows-ix86+x86_64 0.6.4 17.00 127.00 144.00 OK
r-oldrel-windows-ix86+x86_64 0.6.4 17.00 154.00 171.00 OK

Check Details

Version: 0.6.4
Check: package dependencies
Result: NOTE
    Package suggested but not available for checking: ‘RODBC’
Flavor: r-release-osx-x86_64-mavericks