CRAN Package Check Results for Package drfit

Last updated on 2015-06-30 22:47:14.

Flavor Version Tinstall Tcheck Ttotal Status Flags
r-devel-linux-x86_64-debian-clang 0.6.3 4.03 56.40 60.43 NOTE
r-devel-linux-x86_64-debian-gcc 0.6.3 5.01 57.89 62.90 NOTE
r-devel-linux-x86_64-fedora-clang 0.6.3 123.81 NOTE
r-devel-linux-x86_64-fedora-gcc 0.6.3 119.53 NOTE
r-devel-osx-x86_64-clang 0.6.3 111.55 OK
r-devel-windows-ix86+x86_64 0.6.3 13.00 90.00 103.00 NOTE
r-patched-linux-x86_64 0.6.3 3.96 57.43 61.39 OK
r-patched-solaris-sparc 0.6.3 740.50 OK
r-patched-solaris-x86 0.6.3 167.00 OK
r-release-linux-x86_64 0.6.3 3.98 57.69 61.66 OK
r-release-osx-x86_64-mavericks 0.6.3 ERROR
r-release-windows-ix86+x86_64 0.6.3 18.00 87.00 105.00 OK
r-oldrel-windows-ix86+x86_64 0.6.3 23.00 135.00 158.00 OK

Check Details

Version: 0.6.3
Check: R code for possible problems
Result: NOTE
    checkexperiment: no visible global function definition for ‘par’
    checkexperiment: no visible global function definition for ‘boxplot’
    checkexperiment: no visible global function definition for ‘plot’
    checkexperiment: no visible global function definition for ‘points’
    checkexperiment: no visible global function definition for ‘legend’
    checkexperiment: no visible global function definition for ‘title’
    checksubstance: no visible global function definition for ‘palette’
    checksubstance: no visible global function definition for ‘rainbow’
    checksubstance: no visible global function definition for ‘plot’
    checksubstance: no visible global function definition for ‘points’
    checksubstance: no visible global function definition for ‘legend’
    checksubstance: no visible global function definition for ‘title’
    drplot: no visible global function definition for ‘plot’
    drplot: no visible global function definition for ‘par’
    drplot: no visible global function definition for ‘legend’
    drplot: no visible global function definition for ‘abline’
    drplot: no visible global function definition for ‘points’
    drplot: no visible global function definition for ‘segments’
    drplot: no visible global function definition for ‘dev.off’
Flavors: r-devel-linux-x86_64-debian-clang, r-devel-linux-x86_64-debian-gcc, r-devel-linux-x86_64-fedora-clang, r-devel-linux-x86_64-fedora-gcc, r-devel-windows-ix86+x86_64

Version: 0.6.3
Check: package dependencies
Result: ERROR
    Package required but not available: ‘RODBC’
    
    See section ‘The DESCRIPTION file’ in the ‘Writing R Extensions’
    manual.
Flavor: r-release-osx-x86_64-mavericks