CRAN Package Check Results for Package drfit

Last updated on 2014-07-25 07:53:14.

Flavor Version Tinstall Tcheck Ttotal Status Flags
r-devel-linux-x86_64-debian-clang 0.6.1 0.93 20.71 21.64 OK
r-devel-linux-x86_64-debian-gcc 0.6.1 0.92 20.11 21.03 OK
r-devel-linux-x86_64-fedora-clang 0.6.1 46.71 OK
r-devel-linux-x86_64-fedora-gcc 0.6.1 42.57 OK
r-devel-osx-x86_64-clang 0.6.1 40.23 OK
r-devel-windows-ix86+x86_64 0.6.1 4.00 33.00 37.00 OK
r-patched-linux-x86_64 0.6.1 0.94 20.77 21.71 OK
r-patched-solaris-sparc 0.6.1 240.00 OK
r-patched-solaris-x86 0.6.1 57.90 OK
r-release-linux-ix86 0.6.1 1.41 28.76 30.17 OK
r-release-linux-x86_64 0.6.1 0.96 20.71 21.67 OK
r-release-osx-x86_64-mavericks 0.6.1 ERROR
r-release-osx-x86_64-snowleopard 0.6.1 OK
r-release-windows-ix86+x86_64 0.6.1 4.00 31.00 35.00 OK
r-oldrel-windows-ix86+x86_64 0.6.1 4.00 31.00 35.00 OK

Check Details

Version: 0.6.1
Check: package dependencies
Result: ERROR
    Package required but not available: ‘RODBC’
    
    See the information on DESCRIPTION files in the chapter ‘Creating R
    packages’ of the ‘Writing R Extensions’ manual.
Flavor: r-release-osx-x86_64-mavericks