CRAN Package Check Results for Package drfit

Last updated on 2016-06-29 12:46:53.

Flavor Version Tinstall Tcheck Ttotal Status Flags
r-devel-linux-x86_64-debian-gcc 0.6.4 4.08 58.21 62.30 OK
r-devel-linux-x86_64-fedora-clang 0.6.4 118.98 OK
r-devel-linux-x86_64-fedora-gcc 0.6.4 112.96 OK
r-devel-osx-x86_64-clang 0.6.4 93.36 OK
r-devel-windows-ix86+x86_64 0.6.4 12.00 99.00 111.00 OK
r-patched-linux-x86_64 0.6.4 4.12 57.67 61.79 OK
r-patched-solaris-sparc 0.6.4 711.40 OK
r-patched-solaris-x86 0.6.4 162.30 OK
r-release-linux-x86_64 0.6.4 3.88 56.39 60.26 OK
r-release-osx-x86_64-mavericks 0.6.4 NOTE
r-release-windows-ix86+x86_64 0.6.4 16.00 135.00 151.00 OK
r-oldrel-windows-ix86+x86_64 0.6.4 18.00 113.00 131.00 OK

Check Details

Version: 0.6.4
Check: package dependencies
Result: NOTE
    Package suggested but not available for checking: ‘RODBC’
Flavor: r-release-osx-x86_64-mavericks