CRAN Package Check Results for Package drfit

Last updated on 2017-06-25 18:47:25.

Flavor Version Tinstall Tcheck Ttotal Status Flags
r-devel-linux-x86_64-debian-clang 0.6.7 3.80 58.83 62.64 OK
r-devel-linux-x86_64-debian-gcc 0.6.7 3.64 57.42 61.07 OK
r-devel-linux-x86_64-fedora-clang 0.6.7 140.26 OK
r-devel-linux-x86_64-fedora-gcc 0.6.7 134.58 OK
r-devel-windows-ix86+x86_64 0.6.7 17.00 138.00 155.00 OK
r-patched-linux-x86_64 0.6.7 3.70 58.04 61.74 OK
r-patched-solaris-sparc 0.6.7 811.80 OK
r-patched-solaris-x86 0.6.7 186.90 OK
r-release-linux-x86_64 0.6.7 3.72 58.72 62.44 OK
r-release-windows-ix86+x86_64 0.6.7 19.00 145.00 164.00 OK
r-release-osx-x86_64 0.6.7 NOTE
r-oldrel-windows-ix86+x86_64 0.6.7 10.00 140.00 150.00 OK
r-oldrel-osx-x86_64 0.6.7 NOTE

Check Details

Version: 0.6.7
Check: package dependencies
Result: NOTE
    Package suggested but not available for checking: ‘RODBC’
Flavors: r-release-osx-x86_64, r-oldrel-osx-x86_64