CRAN Package Check Results for Package drfit

Last updated on 2017-03-27 21:48:38.

Flavor Version Tinstall Tcheck Ttotal Status Flags
r-devel-linux-x86_64-debian-clang 0.6.7 3.78 57.18 60.96 OK
r-devel-linux-x86_64-debian-gcc 0.6.7 3.77 58.65 62.42 OK
r-devel-linux-x86_64-fedora-clang 0.6.7 144.20 OK --no-stop-on-test-error
r-devel-linux-x86_64-fedora-gcc 0.6.7 137.67 OK --no-stop-on-test-error
r-devel-macos-x86_64-clang 0.6.7 101.08 OK --no-stop-on-test-error
r-devel-windows-ix86+x86_64 0.6.7 13.00 110.00 123.00 OK
r-patched-linux-x86_64 0.6.7 3.70 58.61 62.31 OK
r-patched-solaris-sparc 0.6.7 811.80 OK
r-patched-solaris-x86 0.6.7 187.40 OK
r-release-linux-x86_64 0.6.7 3.85 53.33 57.18 OK
r-release-osx-x86_64-mavericks 0.6.7 NOTE
r-release-windows-ix86+x86_64 0.6.7 15.00 96.00 111.00 OK
r-oldrel-windows-ix86+x86_64 0.6.7 11.00 95.00 106.00 OK

Check Details

Version: 0.6.7
Check: package dependencies
Result: NOTE
    Package suggested but not available for checking: ‘RODBC’
Flavor: r-release-osx-x86_64-mavericks