CRAN Package Check Results for Package drfit

Last updated on 2017-04-27 05:51:38.

Flavor Version Tinstall Tcheck Ttotal Status Flags
r-devel-linux-x86_64-debian-clang 0.6.7 3.80 59.80 63.60 OK
r-devel-linux-x86_64-debian-gcc 0.6.7 3.88 58.30 62.18 OK
r-devel-linux-x86_64-fedora-clang 0.6.7 139.67 OK --no-stop-on-test-error
r-devel-linux-x86_64-fedora-gcc 0.6.7 136.16 OK --no-stop-on-test-error
r-devel-windows-ix86+x86_64 0.6.7 12.00 142.00 154.00 OK
r-patched-linux-x86_64 0.6.7 3.68 58.30 61.98 OK
r-patched-solaris-sparc 0.6.7 811.80 OK
r-patched-solaris-x86 0.6.7 186.20 OK
r-release-linux-x86_64 0.6.7 3.67 58.26 61.94 OK
r-release-windows-ix86+x86_64 0.6.7 14.00 125.00 139.00 OK
r-release-osx-x86_64 0.6.7 NOTE
r-oldrel-windows-ix86+x86_64 0.6.7 10.00 146.00 156.00 OK
r-oldrel-osx-x86_64 0.6.7 NOTE

Check Details

Version: 0.6.7
Check: package dependencies
Result: NOTE
    Package suggested but not available for checking: ‘RODBC’
Flavors: r-release-osx-x86_64, r-oldrel-osx-x86_64