CRAN Package Check Results for Package drfit

Last updated on 2016-12-11 06:57:18.

Flavor Version Tinstall Tcheck Ttotal Status Flags
r-devel-linux-x86_64-debian-clang 0.6.7 3.72 58.56 62.28 OK
r-devel-linux-x86_64-debian-gcc 0.6.7 3.74 59.22 62.95 OK
r-devel-linux-x86_64-fedora-clang 0.6.7 148.68 OK --no-stop-on-test-error
r-devel-linux-x86_64-fedora-gcc 0.6.7 157.12 OK --no-stop-on-test-error
r-devel-macos-x86_64-clang 0.6.7 103.70 OK --no-stop-on-test-error
r-devel-windows-ix86+x86_64 0.6.7 10.00 150.00 160.00 OK
r-patched-linux-x86_64 0.6.7 4.34 52.33 56.67 OK
r-patched-solaris-sparc 0.6.7 623.40 OK
r-patched-solaris-x86 0.6.7 162.10 OK
r-release-linux-x86_64 0.6.7 3.87 52.02 55.89 OK
r-release-osx-x86_64-mavericks 0.6.7 NOTE
r-release-windows-ix86+x86_64 0.6.7 14.00 88.00 102.00 OK
r-oldrel-windows-ix86+x86_64 0.6.7 17.00 90.00 107.00 OK

Check Details

Version: 0.6.7
Check: package dependencies
Result: NOTE
    Package suggested but not available for checking: ‘RODBC’
Flavor: r-release-osx-x86_64-mavericks