CRAN Package Check Results for Package drfit

Last updated on 2015-03-05 03:47:56.

Flavor Version Tinstall Tcheck Ttotal Status Flags
r-devel-linux-x86_64-debian-clang 0.6.3 1.01 19.50 20.51 OK
r-devel-linux-x86_64-debian-gcc 0.6.3 0.84 19.56 20.40 OK
r-devel-linux-x86_64-fedora-clang 0.6.3 38.10 OK
r-devel-linux-x86_64-fedora-gcc 0.6.3 36.57 OK
r-devel-osx-x86_64-clang 0.6.3 40.57 OK
r-devel-windows-ix86+x86_64 0.6.3 4.00 29.00 33.00 OK
r-patched-linux-x86_64 0.6.3 1.21 21.95 23.16 OK
r-patched-solaris-sparc 0.6.3 279.50 OK
r-patched-solaris-x86 0.6.3 57.20 OK
r-release-linux-ix86 0.6.3 1.31 30.98 32.29 OK
r-release-linux-x86_64 0.6.3 1.03 21.89 22.92 OK
r-release-osx-x86_64-mavericks 0.6.3 ERROR
r-release-osx-x86_64-snowleopard 0.6.3 OK
r-release-windows-ix86+x86_64 0.6.3 5.00 37.00 42.00 OK
r-oldrel-windows-ix86+x86_64 0.6.3 5.00 37.00 42.00 OK

Check Details

Version: 0.6.3
Check: package dependencies
Result: ERROR
    Package required but not available: ‘RODBC’
    
    See section ‘The DESCRIPTION file’ in the ‘Writing R Extensions’
    manual.
Flavor: r-release-osx-x86_64-mavericks