CRAN Package Check Results for Package drfit

Last updated on 2016-05-04 13:50:17.

Flavor Version Tinstall Tcheck Ttotal Status Flags
r-devel-linux-x86_64-debian-gcc 0.6.4 4.17 57.34 61.50 OK
r-devel-linux-x86_64-fedora-clang 0.6.4 120.41 OK
r-devel-linux-x86_64-fedora-gcc 0.6.4 113.85 OK
r-devel-osx-x86_64-clang 0.6.4 129.76 OK
r-devel-windows-ix86+x86_64 0.6.4 10.00 131.00 141.00 OK
r-patched-linux-x86_64 0.6.4 4.22 56.31 60.54 OK
r-patched-solaris-sparc 0.6.4 713.70 OK
r-patched-solaris-x86 0.6.4 156.60 OK
r-release-linux-x86_64 0.6.4 3.92 56.02 59.94 OK
r-release-osx-x86_64-mavericks 0.6.4 NOTE
r-release-windows-ix86+x86_64 0.6.4 10.00 131.00 141.00 OK
r-oldrel-windows-ix86+x86_64 0.6.4 28.00 161.00 189.00 OK

Check Details

Version: 0.6.4
Check: package dependencies
Result: NOTE
    Package suggested but not available for checking: ‘RODBC’
Flavor: r-release-osx-x86_64-mavericks