CRAN Package Check Results for Package drfit

Last updated on 2016-09-29 16:49:42.

Flavor Version Tinstall Tcheck Ttotal Status Flags
r-devel-linux-x86_64-debian-clang 0.6.7 3.70 53.36 57.06 OK
r-devel-linux-x86_64-debian-gcc 0.6.7 3.48 51.95 55.44 OK
r-devel-linux-x86_64-fedora-clang 0.6.7 121.62 OK
r-devel-linux-x86_64-fedora-gcc 0.6.7 114.26 OK
r-devel-macos-x86_64-clang 0.6.7 89.17 OK
r-devel-windows-ix86+x86_64 0.6.7 17.00 132.00 149.00 OK
r-patched-linux-x86_64 0.6.7 3.64 52.59 56.23 OK
r-patched-solaris-sparc 0.6.7 623.40 OK
r-patched-solaris-x86 0.6.7 158.30 OK
r-release-linux-x86_64 0.6.7 3.76 53.20 56.96 OK
r-release-osx-x86_64-mavericks 0.6.7 NOTE
r-release-windows-ix86+x86_64 0.6.7 15.00 120.00 135.00 OK
r-oldrel-windows-ix86+x86_64 0.6.7 19.00 126.00 145.00 OK

Check Details

Version: 0.6.7
Check: package dependencies
Result: NOTE
    Package suggested but not available for checking: ‘RODBC’
Flavor: r-release-osx-x86_64-mavericks