CRAN Package Check Results for Package drfit

Last updated on 2018-02-25 17:48:44 CET.

Flavor Version Tinstall Tcheck Ttotal Status Flags
r-devel-linux-x86_64-debian-clang 0.7.1 6.30 93.98 100.28 OK
r-devel-linux-x86_64-debian-gcc 0.7.1 5.49 73.95 79.44 OK
r-devel-linux-x86_64-fedora-clang 0.7.1 123.80 OK
r-devel-linux-x86_64-fedora-gcc 0.7.1 117.69 OK
r-devel-windows-ix86+x86_64 0.7.1 17.00 145.00 162.00 OK
r-patched-linux-x86_64 0.7.1 6.63 96.82 103.45 OK
r-patched-solaris-x86 0.7.1 189.30 OK
r-release-linux-x86_64 0.7.1 5.56 96.25 101.81 OK
r-release-windows-ix86+x86_64 0.7.1 19.00 156.00 175.00 OK
r-release-osx-x86_64 0.7.1 OK
r-oldrel-windows-ix86+x86_64 0.7.1 11.00 106.00 117.00 OK
r-oldrel-osx-x86_64 0.7.1 ERROR

Check Details

Version: 0.7.1
Check: package dependencies
Result: ERROR
    Package required but not available: ‘RODBC’
    
    See section ‘The DESCRIPTION file’ in the ‘Writing R Extensions’
    manual.
Flavor: r-oldrel-osx-x86_64