CRAN Package Check Results for Package drfit

Last updated on 2016-08-31 15:47:54.

Flavor Version Tinstall Tcheck Ttotal Status Flags
r-devel-linux-x86_64-debian-clang 0.6.4 3.66 51.78 55.44 ERROR
r-devel-linux-x86_64-debian-gcc 0.6.4 3.59 51.89 55.48 ERROR
r-devel-linux-x86_64-fedora-clang 0.6.4 61.96 ERROR
r-devel-linux-x86_64-fedora-gcc 0.6.4 OK
r-devel-osx-x86_64-clang 0.6.4 75.33 ERROR
r-devel-windows-ix86+x86_64 0.6.4 5.00 6.00 11.00 ERROR
r-patched-linux-x86_64 0.6.4 3.90 56.97 60.88 OK
r-patched-solaris-sparc 0.6.4 649.90 ERROR
r-patched-solaris-x86 0.6.4 133.10 ERROR
r-release-linux-x86_64 0.6.4 3.61 50.54 54.15 ERROR
r-release-osx-x86_64-mavericks 0.6.4 NOTE
r-release-windows-ix86+x86_64 0.6.4 6.00 5.00 11.00 ERROR
r-oldrel-windows-ix86+x86_64 0.6.4 5.00 2.00 7.00 ERROR

Check Details

Version: 0.6.4
Check: examples
Result: ERROR
    Running examples in ‘drfit-Ex.R’ failed
    The error most likely occurred in:
    
    > ### Name: IM1xIPC81
    > ### Title: Dose-Response data for 1-methyl-3-alkylimidazolium
    > ### tetrafluoroborates in IPC-81 cells
    > ### Aliases: IM1xIPC81
    > ### Keywords: datasets
    >
    > ### ** Examples
    >
    > rIM1xIPC81 <- drfit(IM1xIPC81, linlogit = TRUE, showED50 = TRUE, EDx = 10)
    
    IM13 BF4: Fitting data...
    
    
    IM14 BF4: Fitting data...
    
    Error in nls(response ~ linlogitf(dose, 1, f, logED50, b), data = tmp, :
     Convergence failure: false convergence (8)
    Warning in pnorm(-log10(dose), -logED50, scale) : NaNs produced
    Error in numericDeriv(form[[3L]], names(ind), env, ifelse(internalPars < :
     Missing value or an infinity produced when evaluating the model
    
    IM15 BF4: Fitting data...
    
    
    IM16 BF4: Fitting data...
    
    
    IM17 BF4: Fitting data...
    
    Waiting for profiling to be done...
    Warning in pnorm(-log10(dose), -logED50, scale) : NaNs produced
    Error in numericDeriv(form[[3L]], names(ind), env, ifelse(internalPars < :
     Missing value or an infinity produced when evaluating the model
    
    IM18 BF4: Fitting data...
    
    Waiting for profiling to be done...
    Warning in pnorm(-log10(dose), -logED50, scale) : NaNs produced
    Error in numericDeriv(form[[3L]], names(ind), env, ifelse(internalPars < :
     Missing value or an infinity produced when evaluating the model
    
    IM19 BF4: Fitting data...
    
    Waiting for profiling to be done...
    Warning in pnorm(-log10(dose), -logED50, scale) : NaNs produced
    Error in numericDeriv(form[[3L]], names(ind), env, ifelse(internalPars < :
     Missing value or an infinity produced when evaluating the model
    
    IM1-10 BF4: Fitting data...
    
    Waiting for profiling to be done...
    >
    > rIM1xIPC81.drc <- drcfit(IM1xIPC81, linlogit = TRUE, showED50 = TRUE, EDx = 10)
    
    IM13 BF4: Fitting data...
    
    
    IM14 BF4: Fitting data...
    
    Error in uniroot(helpEqn, interval) :
     f() values at end points not of opposite sign
    
    IM15 BF4: Fitting data...
    
    
    IM16 BF4: Fitting data...
    
    
    IM17 BF4: Fitting data...
    
    Error in ED50["1:50", "Estimate"] : subscript out of bounds
    Calls: drcfit
    Execution halted
Flavors: r-devel-linux-x86_64-debian-clang, r-devel-linux-x86_64-debian-gcc, r-devel-linux-x86_64-fedora-clang, r-devel-osx-x86_64-clang, r-patched-solaris-sparc, r-patched-solaris-x86, r-release-linux-x86_64

Version: 0.6.4
Check: whether package can be installed
Result: ERROR
    Installation failed.
Flavors: r-devel-windows-ix86+x86_64, r-release-windows-ix86+x86_64, r-oldrel-windows-ix86+x86_64

Version: 0.6.4
Check: package dependencies
Result: NOTE
    Package suggested but not available for checking: ‘RODBC’
Flavor: r-release-osx-x86_64-mavericks