CRAN Package Check Results for Package drfit

Last updated on 2015-05-03 19:47:05.

Flavor Version Tinstall Tcheck Ttotal Status Flags
r-devel-linux-x86_64-debian-clang 0.6.3 3.98 57.47 61.45 OK
r-devel-linux-x86_64-debian-gcc 0.6.3 3.91 56.74 60.65 OK
r-devel-linux-x86_64-fedora-clang 0.6.3 126.51 OK
r-devel-linux-x86_64-fedora-gcc 0.6.3 120.25 OK
r-devel-osx-x86_64-clang 0.6.3 104.27 OK
r-devel-windows-ix86+x86_64 0.6.3 12.00 89.00 101.00 OK
r-patched-linux-x86_64 0.6.3 3.93 55.80 59.74 OK
r-patched-solaris-sparc 0.6.3 244.70 OK
r-patched-solaris-x86 0.6.3 164.10 OK
r-release-linux-x86_64 0.6.3 4.40 57.51 61.92 OK
r-release-osx-x86_64-mavericks 0.6.3 ERROR
r-release-osx-x86_64-snowleopard 0.6.3 ERROR
r-release-windows-ix86+x86_64 0.6.3 11.00 83.00 94.00 OK
r-oldrel-windows-ix86+x86_64 0.6.3 23.00 129.00 152.00 OK

Check Details

Version: 0.6.3
Check: package namespace information
Result: OK
    
Flavor: r-release-osx-x86_64-mavericks

Version: 0.6.3
Check: package dependencies
Result: ERROR
    Package required but not available: ‘RODBC’
    
    See section ‘The DESCRIPTION file’ in the ‘Writing R Extensions’
    manual.
Flavor: r-release-osx-x86_64-mavericks

Version: 0.6.3
Check: package dependencies
Result: ERROR
    Package required but not available: ‘drc’
    
    See section ‘The DESCRIPTION file’ in the ‘Writing R Extensions’
    manual.
Flavor: r-release-osx-x86_64-snowleopard