CRAN Package Check Results for Package drfit

Last updated on 2015-07-31 10:47:22.

Flavor Version Tinstall Tcheck Ttotal Status Flags
r-devel-linux-x86_64-debian-clang 0.6.3 4.25 58.00 62.26 NOTE
r-devel-linux-x86_64-debian-gcc 0.6.3 3.95 58.74 62.68 NOTE
r-devel-linux-x86_64-fedora-clang 0.6.3 129.06 NOTE
r-devel-linux-x86_64-fedora-gcc 0.6.3 119.34 NOTE
r-devel-osx-x86_64-clang 0.6.3 102.84 OK
r-devel-windows-ix86+x86_64 0.6.3 13.00 95.00 108.00 NOTE
r-patched-linux-x86_64 0.6.3 3.94 59.36 63.30 OK
r-patched-solaris-sparc 0.6.3 754.10 OK
r-patched-solaris-x86 0.6.3 167.00 OK
r-release-linux-x86_64 0.6.3 3.94 56.50 60.44 OK
r-release-osx-x86_64-mavericks 0.6.3 ERROR
r-release-windows-ix86+x86_64 0.6.3 19.00 84.00 103.00 OK
r-oldrel-windows-ix86+x86_64 0.6.3 21.00 151.00 172.00 OK

Check Details

Version: 0.6.3
Check: R code for possible problems
Result: NOTE
    checkexperiment: no visible global function definition for ‘par’
    checkexperiment: no visible global function definition for ‘boxplot’
    checkexperiment: no visible global function definition for ‘plot’
    checkexperiment: no visible global function definition for ‘points’
    checkexperiment: no visible global function definition for ‘legend’
    checkexperiment: no visible global function definition for ‘title’
    checksubstance: no visible global function definition for ‘palette’
    checksubstance: no visible global function definition for ‘rainbow’
    checksubstance: no visible global function definition for ‘plot’
    checksubstance: no visible global function definition for ‘points’
    checksubstance: no visible global function definition for ‘legend’
    checksubstance: no visible global function definition for ‘title’
    drplot: no visible global function definition for ‘plot’
    drplot: no visible global function definition for ‘par’
    drplot: no visible global function definition for ‘legend’
    drplot: no visible global function definition for ‘abline’
    drplot: no visible global function definition for ‘points’
    drplot: no visible global function definition for ‘segments’
    drplot: no visible global function definition for ‘dev.off’
    Undefined global functions or variables:
     abline boxplot dev.off legend palette par plot points rainbow
     segments title
    Consider adding
     importFrom("grDevices", "dev.off", "palette", "rainbow")
     importFrom("graphics", "abline", "boxplot", "legend", "par", "plot",
     "points", "segments", "title")
    to your NAMESPACE.
Flavors: r-devel-linux-x86_64-debian-clang, r-devel-linux-x86_64-debian-gcc, r-devel-linux-x86_64-fedora-clang, r-devel-linux-x86_64-fedora-gcc, r-devel-windows-ix86+x86_64

Version: 0.6.3
Check: package dependencies
Result: ERROR
    Package required but not available: ‘RODBC’
    
    See section ‘The DESCRIPTION file’ in the ‘Writing R Extensions’
    manual.
Flavor: r-release-osx-x86_64-mavericks