CRAN Package Check Results for Package drfit

Last updated on 2016-02-13 21:47:06.

Flavor Version Tinstall Tcheck Ttotal Status Flags
r-devel-linux-x86_64-debian-gcc 0.6.4 4.09 55.78 59.87 OK
r-devel-linux-x86_64-fedora-clang 0.6.4 120.07 OK
r-devel-linux-x86_64-fedora-gcc 0.6.4 114.59 OK
r-devel-osx-x86_64-clang 0.6.4 126.23 OK
r-devel-windows-ix86+x86_64 0.6.4 17.00 89.00 106.00 OK
r-patched-linux-x86_64 0.6.4 4.55 61.69 66.24 OK
r-patched-solaris-sparc 0.6.4 765.80 OK
r-patched-solaris-x86 0.6.4 166.10 OK
r-release-linux-x86_64 0.6.4 4.32 62.16 66.47 OK
r-release-osx-x86_64-mavericks 0.6.4 NOTE
r-release-windows-ix86+x86_64 0.6.4 18.00 105.00 123.00 OK
r-oldrel-windows-ix86+x86_64 0.6.4 35.00 222.00 257.00 OK

Check Details

Version: 0.6.4
Check: package dependencies
Result: NOTE
    Package suggested but not available for checking: ‘RODBC’
Flavor: r-release-osx-x86_64-mavericks