CRAN Package Check Results for Package drhur

Last updated on 2022-08-15 17:52:18 CEST.

Flavor Version Tinstall Tcheck Ttotal Status Flags
r-devel-linux-x86_64-debian-clang 0.1.0 5.74 44.34 50.08 NOTE
r-devel-linux-x86_64-debian-gcc 0.1.0 3.49 34.29 37.78 NOTE
r-devel-linux-x86_64-fedora-clang 0.1.0 74.53 NOTE
r-devel-linux-x86_64-fedora-gcc 0.1.0 71.23 NOTE
r-devel-windows-x86_64 0.1.0 125.00 76.00 201.00 NOTE
r-patched-linux-x86_64 0.1.0 5.21 42.21 47.42 NOTE
r-release-linux-x86_64 0.1.0 5.39 42.10 47.49 NOTE
r-release-macos-arm64 0.1.0 21.00 NOTE
r-release-macos-x86_64 0.1.0 38.00 NOTE
r-release-windows-x86_64 0.1.0 132.00 78.00 210.00 NOTE
r-oldrel-macos-arm64 0.1.0 26.00 NOTE
r-oldrel-macos-x86_64 0.1.0 39.00 NOTE
r-oldrel-windows-ix86+x86_64 0.1.0 18.00 75.00 93.00 NOTE

Check Details

Version: 0.1.0
Check: LazyData
Result: NOTE
     'LazyData' is specified without a 'data' directory
Flavors: r-devel-linux-x86_64-debian-clang, r-devel-linux-x86_64-debian-gcc, r-devel-linux-x86_64-fedora-clang, r-devel-linux-x86_64-fedora-gcc, r-devel-windows-x86_64, r-patched-linux-x86_64, r-release-linux-x86_64, r-release-macos-arm64, r-release-macos-x86_64, r-release-windows-x86_64, r-oldrel-macos-arm64, r-oldrel-macos-x86_64, r-oldrel-windows-ix86+x86_64

Version: 0.1.0
Check: dependencies in R code
Result: NOTE
    Namespaces in Imports field not imported from:
     ‘arm’ ‘car’ ‘dotwhisker’ ‘gapminder’ ‘ggeffects’ ‘ggthemes’ ‘gt’
     ‘interplot’ ‘kableExtra’ ‘knitr’ ‘likert’ ‘modelsummary’ ‘moments’
     ‘nnet’ ‘ordinal’ ‘performance’ ‘scales’ ‘summarytools’ ‘tibble’
     ‘tidyverse’
     All declared Imports should be used.
Flavors: r-devel-linux-x86_64-fedora-clang, r-devel-linux-x86_64-fedora-gcc, r-release-macos-arm64, r-release-macos-x86_64, r-oldrel-macos-arm64, r-oldrel-macos-x86_64