CRAN Package Check Results for Package drm

Last updated on 2015-07-04 11:49:40.

Flavor Version Tinstall Tcheck Ttotal Status Flags
r-devel-linux-x86_64-debian-clang 0.5-8 0.68 31.79 32.48 NOTE
r-devel-linux-x86_64-debian-gcc 0.5-8 0.67 31.46 32.13 NOTE
r-devel-linux-x86_64-fedora-clang 0.5-8 64.39 NOTE
r-devel-linux-x86_64-fedora-gcc 0.5-8 60.76 NOTE
r-devel-osx-x86_64-clang 0.5-8 54.20 NOTE
r-devel-windows-ix86+x86_64 0.5-8 6.00 48.00 54.00 NOTE
r-patched-linux-x86_64 0.5-8 0.73 31.95 32.68 NOTE
r-patched-solaris-sparc 0.5-8 429.10 NOTE
r-patched-solaris-x86 0.5-8 80.50 NOTE
r-release-linux-x86_64 0.5-8 0.74 31.96 32.71 NOTE
r-release-osx-x86_64-mavericks 0.5-8 NOTE
r-release-windows-ix86+x86_64 0.5-8 3.00 55.00 58.00 NOTE
r-oldrel-windows-ix86+x86_64 0.5-8 4.00 53.00 57.00 NOTE

Check Details

Version: 0.5-8
Check: DESCRIPTION meta-information
Result: NOTE
    Malformed Description field: should contain one or more complete sentences.
Flavors: r-devel-linux-x86_64-debian-clang, r-devel-linux-x86_64-debian-gcc, r-devel-linux-x86_64-fedora-clang, r-devel-linux-x86_64-fedora-gcc, r-devel-osx-x86_64-clang, r-devel-windows-ix86+x86_64, r-patched-linux-x86_64, r-patched-solaris-sparc, r-patched-solaris-x86, r-release-linux-x86_64, r-release-osx-x86_64-mavericks, r-release-windows-ix86+x86_64

Version: 0.5-8
Check: S3 generic/method consistency
Result: NOTE
    Found the following apparent S3 methods exported but not registered:
     plot.depratio print.depratio print.drm print.summary.drm summary.drm
    See section ‘Registering S3 methods’ in the ‘Writing R Extensions’
    manual.
Flavors: r-devel-linux-x86_64-debian-clang, r-devel-linux-x86_64-debian-gcc, r-devel-linux-x86_64-fedora-clang, r-devel-linux-x86_64-fedora-gcc, r-devel-osx-x86_64-clang, r-patched-linux-x86_64, r-patched-solaris-sparc, r-patched-solaris-x86, r-release-linux-x86_64

Version: 0.5-8
Check: R code for possible problems
Result: NOTE
    depratio: warning in match.call(expand = FALSE): partial argument match
     of ‘expand’ to ‘expand.dots’
    drm: warning in match.call(expand = FALSE): partial argument match of
     ‘expand’ to ‘expand.dots’
    depratio: no visible global function definition for ‘terms’
    depratio: no visible global function definition for ‘model.extract’
    depratio : <anonymous>: no visible global function definition for
     ‘quantile’
    drm: no visible binding for global variable ‘binomial’
    drm: no visible global function definition for ‘terms’
    drm: no visible global function definition for ‘model.matrix’
    drm: no visible global function definition for ‘model.extract’
    drm: no visible global function definition for ‘glm.fit’
    drm: no visible global function definition for ‘na.omit’
    drm: no visible global function definition for ‘nlm’
    getass.drm : <anonymous>: no visible global function definition for
     ‘model.matrix’
    getass.drm : <anonymous>: no visible global function definition for
     ‘terms’
    getass.drm : <anonymous>: no visible global function definition for
     ‘model.frame’
    plot.depratio: no visible global function definition for ‘par’
    plot.depratio : <anonymous>: no visible global function definition for
     ‘plot’
    plot.depratio : <anonymous>: no visible global function definition for
     ‘segments’
    plot.depratio : <anonymous>: no visible global function definition for
     ‘title’
    plot.depratio : <anonymous>: no visible global function definition for
     ‘abline’
    plot.depratio : <anonymous>: no visible global function definition for
     ‘axis’
    plot.depratio: no visible global function definition for ‘matplot’
    plot.depratio: no visible global function definition for ‘symbols’
    plot.depratio: no visible global function definition for ‘axis’
    plot.depratio: no visible global function definition for ‘abline’
    Undefined global functions or variables:
     abline axis binomial glm.fit matplot model.extract model.frame
     model.matrix na.omit nlm par plot quantile segments symbols terms
     title
Flavors: r-devel-linux-x86_64-debian-clang, r-devel-linux-x86_64-debian-gcc, r-devel-linux-x86_64-fedora-clang, r-devel-linux-x86_64-fedora-gcc

Version: 0.5-8
Check: R code for possible problems
Result: NOTE
    depratio: warning in match.call(expand = FALSE): partial argument match
     of 'expand' to 'expand.dots'
    drm: warning in match.call(expand = FALSE): partial argument match of
     'expand' to 'expand.dots'
Flavors: r-devel-osx-x86_64-clang, r-devel-windows-ix86+x86_64, r-patched-linux-x86_64, r-patched-solaris-sparc, r-patched-solaris-x86, r-release-linux-x86_64, r-release-osx-x86_64-mavericks, r-release-windows-ix86+x86_64, r-oldrel-windows-ix86+x86_64