CRAN Package Check Results for Package drm

Last updated on 2014-09-01 11:48:53.

Flavor Version Tinstall Tcheck Ttotal Status Flags
r-devel-linux-x86_64-debian-clang 0.5-8 0.71 34.40 35.11 NOTE
r-devel-linux-x86_64-debian-gcc 0.5-8 0.72 32.80 33.52 NOTE
r-devel-linux-x86_64-fedora-clang 0.5-8 73.96 NOTE
r-devel-linux-x86_64-fedora-gcc 0.5-8 68.67 NOTE
r-devel-osx-x86_64-clang 0.5-8 58.95 NOTE
r-devel-windows-ix86+x86_64 0.5-8 2.00 48.00 50.00 NOTE
r-patched-linux-x86_64 0.5-8 0.75 37.16 37.91 NOTE
r-patched-solaris-sparc 0.5-8 466.70 NOTE
r-patched-solaris-x86 0.5-8 87.10 NOTE
r-release-linux-ix86 0.5-8 1.11 44.39 45.50 NOTE
r-release-linux-x86_64 0.5-8 0.75 35.14 35.88 NOTE
r-release-osx-x86_64-mavericks 0.5-8 NOTE
r-release-windows-ix86+x86_64 0.5-8 4.00 73.00 77.00 NOTE
r-oldrel-windows-ix86+x86_64 0.5-8 2.00 56.00 58.00 NOTE

Check Details

Version: 0.5-8
Check: R code for possible problems
Result: NOTE
    depratio: warning in match.call(expand = FALSE): partial argument match
     of 'expand' to 'expand.dots'
    drm: warning in match.call(expand = FALSE): partial argument match of
     'expand' to 'expand.dots'
Flavors: r-devel-linux-x86_64-debian-clang, r-devel-linux-x86_64-debian-gcc, r-devel-linux-x86_64-fedora-clang, r-devel-linux-x86_64-fedora-gcc, r-devel-osx-x86_64-clang, r-devel-windows-ix86+x86_64, r-patched-linux-x86_64, r-patched-solaris-sparc, r-patched-solaris-x86, r-release-linux-ix86, r-release-linux-x86_64, r-release-osx-x86_64-mavericks, r-release-windows-ix86+x86_64, r-oldrel-windows-ix86+x86_64