CRAN Package Check Results for Package drm

Last updated on 2015-03-01 19:48:02.

Flavor Version Tinstall Tcheck Ttotal Status Flags
r-devel-linux-x86_64-debian-clang 0.5-8 0.73 33.65 34.38 NOTE
r-devel-linux-x86_64-debian-gcc 0.5-8 0.71 33.03 33.74 NOTE
r-devel-linux-x86_64-fedora-clang 0.5-8 66.86 NOTE
r-devel-linux-x86_64-fedora-gcc 0.5-8 62.83 NOTE
r-devel-osx-x86_64-clang 0.5-8 65.45 NOTE
r-devel-windows-ix86+x86_64 0.5-8 3.00 48.00 51.00 NOTE
r-patched-linux-x86_64 0.5-8 0.79 36.05 36.84 NOTE
r-patched-solaris-sparc 0.5-8 465.10 NOTE
r-patched-solaris-x86 0.5-8 89.70 NOTE
r-release-linux-ix86 0.5-8 1.15 47.38 48.53 NOTE
r-release-linux-x86_64 0.5-8 0.90 35.57 36.47 NOTE
r-release-osx-x86_64-mavericks 0.5-8 NOTE
r-release-windows-ix86+x86_64 0.5-8 3.00 54.00 57.00 NOTE
r-oldrel-windows-ix86+x86_64 0.5-8 2.00 56.00 58.00 NOTE

Check Details

Version: 0.5-8
Check: DESCRIPTION meta-information
Result: NOTE
    Malformed Description field: should contain one or more complete sentences.
Flavors: r-devel-linux-x86_64-debian-clang, r-devel-linux-x86_64-debian-gcc, r-devel-linux-x86_64-fedora-clang, r-devel-linux-x86_64-fedora-gcc, r-devel-osx-x86_64-clang, r-devel-windows-ix86+x86_64

Version: 0.5-8
Check: S3 generic/method consistency
Result: NOTE
    Found the following apparent S3 methods exported but not registered:
     plot.depratio print.depratio print.drm print.summary.drm summary.drm
    See section ‘Registering S3 methods’ in the ‘Writing R Extensions’
    manual.
Flavors: r-devel-linux-x86_64-debian-clang, r-devel-linux-x86_64-debian-gcc, r-devel-linux-x86_64-fedora-clang, r-devel-linux-x86_64-fedora-gcc, r-devel-osx-x86_64-clang

Version: 0.5-8
Check: R code for possible problems
Result: NOTE
    depratio: warning in match.call(expand = FALSE): partial argument match
     of ‘expand’ to ‘expand.dots’
    drm: warning in match.call(expand = FALSE): partial argument match of
     ‘expand’ to ‘expand.dots’
Flavors: r-devel-linux-x86_64-debian-clang, r-devel-linux-x86_64-debian-gcc, r-devel-linux-x86_64-fedora-clang, r-devel-linux-x86_64-fedora-gcc, r-devel-osx-x86_64-clang, r-devel-windows-ix86+x86_64, r-patched-linux-x86_64, r-patched-solaris-sparc, r-patched-solaris-x86, r-release-linux-ix86, r-release-linux-x86_64, r-release-osx-x86_64-mavericks, r-release-windows-ix86+x86_64, r-oldrel-windows-ix86+x86_64