CRAN Package Check Results for Package drm

Last updated on 2015-05-06 09:47:07.

Flavor Version Tinstall Tcheck Ttotal Status Flags
r-devel-linux-x86_64-debian-clang 0.5-8 0.72 32.59 33.32 NOTE
r-devel-linux-x86_64-debian-gcc 0.5-8 0.75 32.82 33.57 NOTE
r-devel-linux-x86_64-fedora-clang 0.5-8 68.86 NOTE
r-devel-linux-x86_64-fedora-gcc 0.5-8 65.44 NOTE
r-devel-osx-x86_64-clang 0.5-8 60.93 NOTE
r-devel-windows-ix86+x86_64 0.5-8 3.00 50.00 53.00 NOTE
r-patched-linux-x86_64 0.5-8 0.71 33.47 34.18 NOTE
r-patched-solaris-sparc 0.5-8 448.70 NOTE
r-patched-solaris-x86 0.5-8 82.70 NOTE
r-release-linux-x86_64 0.5-8 0.75 32.68 33.43 NOTE
r-release-osx-x86_64-mavericks 0.5-8 NOTE
r-release-osx-x86_64-snowleopard 0.5-8 NOTE
r-release-windows-ix86+x86_64 0.5-8 2.00 63.00 65.00 NOTE
r-oldrel-windows-ix86+x86_64 0.5-8 4.00 53.00 57.00 NOTE

Check Details

Version: 0.5-8
Check: DESCRIPTION meta-information
Result: NOTE
    Malformed Description field: should contain one or more complete sentences.
Flavors: r-devel-linux-x86_64-debian-clang, r-devel-linux-x86_64-debian-gcc, r-devel-linux-x86_64-fedora-clang, r-devel-linux-x86_64-fedora-gcc, r-devel-osx-x86_64-clang, r-devel-windows-ix86+x86_64, r-patched-linux-x86_64, r-patched-solaris-sparc, r-patched-solaris-x86, r-release-linux-x86_64, r-release-osx-x86_64-mavericks, r-release-osx-x86_64-snowleopard, r-release-windows-ix86+x86_64

Version: 0.5-8
Check: S3 generic/method consistency
Result: NOTE
    Found the following apparent S3 methods exported but not registered:
     plot.depratio print.depratio print.drm print.summary.drm summary.drm
    See section ‘Registering S3 methods’ in the ‘Writing R Extensions’
    manual.
Flavors: r-devel-linux-x86_64-debian-clang, r-devel-linux-x86_64-debian-gcc, r-devel-linux-x86_64-fedora-clang, r-devel-linux-x86_64-fedora-gcc, r-devel-osx-x86_64-clang, r-patched-linux-x86_64, r-patched-solaris-x86, r-release-linux-x86_64

Version: 0.5-8
Check: R code for possible problems
Result: NOTE
    depratio: warning in match.call(expand = FALSE): partial argument match
     of ‘expand’ to ‘expand.dots’
    drm: warning in match.call(expand = FALSE): partial argument match of
     ‘expand’ to ‘expand.dots’
Flavors: r-devel-linux-x86_64-debian-clang, r-devel-linux-x86_64-debian-gcc, r-devel-linux-x86_64-fedora-clang, r-devel-linux-x86_64-fedora-gcc, r-devel-osx-x86_64-clang, r-devel-windows-ix86+x86_64, r-patched-linux-x86_64, r-patched-solaris-sparc, r-patched-solaris-x86, r-release-linux-x86_64, r-release-osx-x86_64-mavericks, r-release-osx-x86_64-snowleopard, r-release-windows-ix86+x86_64, r-oldrel-windows-ix86+x86_64