CRAN Package Check Results for Package drm

Last updated on 2014-11-23 03:47:57.

Flavor Version Tinstall Tcheck Ttotal Status Flags
r-devel-linux-x86_64-debian-clang 0.5-8 0.79 38.42 39.21 NOTE
r-devel-linux-x86_64-debian-gcc 0.5-8 0.78 33.23 34.01 NOTE
r-devel-linux-x86_64-fedora-clang 0.5-8 70.30 NOTE
r-devel-linux-x86_64-fedora-gcc 0.5-8 66.90 NOTE
r-devel-osx-x86_64-clang 0.5-8 65.18 NOTE
r-devel-windows-ix86+x86_64 0.5-8 3.00 47.00 50.00 NOTE
r-patched-linux-x86_64 0.5-8 0.84 35.05 35.89 NOTE
r-patched-solaris-sparc 0.5-8 467.40 NOTE
r-patched-solaris-x86 0.5-8 88.30 NOTE
r-release-linux-ix86 0.5-8 1.10 43.48 44.59 NOTE
r-release-linux-x86_64 0.5-8 0.82 35.43 36.25 NOTE
r-release-osx-x86_64-mavericks 0.5-8 NOTE
r-release-windows-ix86+x86_64 0.5-8 3.00 54.00 57.00 NOTE
r-oldrel-windows-ix86+x86_64 0.5-8 2.00 56.00 58.00 NOTE

Check Details

Version: 0.5-8
Check: R code for possible problems
Result: NOTE
    depratio: warning in match.call(expand = FALSE): partial argument match
     of ‘expand’ to ‘expand.dots’
    drm: warning in match.call(expand = FALSE): partial argument match of
     ‘expand’ to ‘expand.dots’
Flavors: r-devel-linux-x86_64-debian-clang, r-devel-linux-x86_64-debian-gcc, r-devel-linux-x86_64-fedora-clang, r-devel-linux-x86_64-fedora-gcc, r-devel-osx-x86_64-clang, r-devel-windows-ix86+x86_64, r-patched-linux-x86_64, r-patched-solaris-sparc, r-patched-solaris-x86, r-release-linux-ix86, r-release-linux-x86_64, r-release-osx-x86_64-mavericks, r-release-windows-ix86+x86_64, r-oldrel-windows-ix86+x86_64