CRAN Package Check Results for Package drm

Last updated on 2015-04-02 08:49:28.

Flavor Version Tinstall Tcheck Ttotal Status Flags
r-devel-linux-x86_64-debian-clang 0.5-8 0.72 33.16 33.87 NOTE
r-devel-linux-x86_64-debian-gcc 0.5-8 0.71 33.73 34.44 NOTE
r-devel-linux-x86_64-fedora-clang 0.5-8 67.16 NOTE
r-devel-linux-x86_64-fedora-gcc 0.5-8 64.30 NOTE
r-devel-osx-x86_64-clang 0.5-8 67.10 NOTE
r-prerel-windows-ix86+x86_64 0.5-8 4.00 52.00 56.00 NOTE
r-prerel-linux-x86_64 0.5-8 0.71 32.90 33.61 NOTE
r-prerel-solaris-sparc 0.5-8 448.70 NOTE
r-prerel-solaris-x86 0.5-8 81.20 NOTE
r-release-linux-x86_64 0.5-8 0.85 35.85 36.70 NOTE
r-release-osx-x86_64-mavericks 0.5-8 NOTE
r-release-windows-ix86+x86_64 0.5-8 4.00 53.00 57.00 NOTE
r-oldrel-windows-ix86+x86_64 0.5-8 2.00 56.00 58.00 NOTE

Check Details

Version: 0.5-8
Check: DESCRIPTION meta-information
Result: NOTE
    Malformed Description field: should contain one or more complete sentences.
Flavors: r-devel-linux-x86_64-debian-clang, r-devel-linux-x86_64-debian-gcc, r-devel-linux-x86_64-fedora-clang, r-devel-linux-x86_64-fedora-gcc, r-devel-osx-x86_64-clang, r-prerel-windows-ix86+x86_64, r-prerel-linux-x86_64, r-prerel-solaris-sparc, r-prerel-solaris-x86

Version: 0.5-8
Check: S3 generic/method consistency
Result: NOTE
    Found the following apparent S3 methods exported but not registered:
     plot.depratio print.depratio print.drm print.summary.drm summary.drm
    See section ‘Registering S3 methods’ in the ‘Writing R Extensions’
    manual.
Flavors: r-devel-linux-x86_64-debian-clang, r-devel-linux-x86_64-debian-gcc, r-devel-linux-x86_64-fedora-clang, r-devel-linux-x86_64-fedora-gcc, r-devel-osx-x86_64-clang, r-prerel-linux-x86_64

Version: 0.5-8
Check: R code for possible problems
Result: NOTE
    depratio: warning in match.call(expand = FALSE): partial argument match
     of ‘expand’ to ‘expand.dots’
    drm: warning in match.call(expand = FALSE): partial argument match of
     ‘expand’ to ‘expand.dots’
Flavors: r-devel-linux-x86_64-debian-clang, r-devel-linux-x86_64-debian-gcc, r-devel-linux-x86_64-fedora-clang, r-devel-linux-x86_64-fedora-gcc, r-devel-osx-x86_64-clang, r-prerel-windows-ix86+x86_64, r-prerel-linux-x86_64, r-prerel-solaris-sparc, r-prerel-solaris-x86, r-release-linux-x86_64, r-release-osx-x86_64-mavericks, r-release-windows-ix86+x86_64, r-oldrel-windows-ix86+x86_64