CRAN Package Check Results for Package drm

Last updated on 2015-01-30 08:51:22.

Flavor Version Tinstall Tcheck Ttotal Status Flags
r-devel-linux-x86_64-debian-clang 0.5-8 1.00 32.46 33.45 NOTE
r-devel-linux-x86_64-debian-gcc 0.5-8 0.82 34.12 34.94 NOTE
r-devel-linux-x86_64-fedora-clang 0.5-8 71.45 NOTE
r-devel-linux-x86_64-fedora-gcc 0.5-8 66.66 NOTE
r-devel-osx-x86_64-clang 0.5-8 64.64 NOTE
r-devel-windows-ix86+x86_64 0.5-8 3.00 49.00 52.00 NOTE
r-patched-linux-x86_64 0.5-8 0.80 42.63 43.43 NOTE
r-patched-solaris-sparc 0.5-8 465.10 NOTE
r-patched-solaris-x86 0.5-8 86.90 NOTE
r-release-linux-ix86 0.5-8 1.12 43.42 44.53 NOTE
r-release-linux-x86_64 0.5-8 0.80 37.18 37.98 NOTE
r-release-osx-x86_64-mavericks 0.5-8 NOTE
r-release-windows-ix86+x86_64 0.5-8 3.00 54.00 57.00 NOTE
r-oldrel-windows-ix86+x86_64 0.5-8 2.00 56.00 58.00 NOTE

Check Details

Version: 0.5-8
Check: S3 generic/method consistency
Result: NOTE
    Found the following apparent S3 methods exported but not registered:
     print.depratio print.drm print.summary.drm summary.drm plot.depratio
    See section ‘Registering S3 methods’ in the ‘Writing R Extensions’
    manual.
Flavors: r-devel-linux-x86_64-debian-clang, r-devel-linux-x86_64-debian-gcc, r-devel-linux-x86_64-fedora-clang, r-devel-linux-x86_64-fedora-gcc, r-devel-osx-x86_64-clang

Version: 0.5-8
Check: R code for possible problems
Result: NOTE
    depratio: warning in match.call(expand = FALSE): partial argument match
     of ‘expand’ to ‘expand.dots’
    drm: warning in match.call(expand = FALSE): partial argument match of
     ‘expand’ to ‘expand.dots’
Flavors: r-devel-linux-x86_64-debian-clang, r-devel-linux-x86_64-debian-gcc, r-devel-linux-x86_64-fedora-clang, r-devel-linux-x86_64-fedora-gcc, r-devel-osx-x86_64-clang, r-devel-windows-ix86+x86_64, r-patched-linux-x86_64, r-patched-solaris-sparc, r-patched-solaris-x86, r-release-linux-ix86, r-release-linux-x86_64, r-release-osx-x86_64-mavericks, r-release-windows-ix86+x86_64, r-oldrel-windows-ix86+x86_64