CRAN Package Check Results for Package drm

Last updated on 2014-10-20 09:55:58.

Flavor Version Tinstall Tcheck Ttotal Status Flags
r-devel-linux-x86_64-debian-clang 0.5-8 0.86 33.93 34.78 NOTE
r-devel-linux-x86_64-debian-gcc 0.5-8 0.96 34.65 35.60 NOTE
r-devel-linux-x86_64-fedora-clang 0.5-8 74.53 NOTE
r-devel-linux-x86_64-fedora-gcc 0.5-8 68.63 NOTE
r-devel-osx-x86_64-clang 0.5-8 65.43 NOTE
r-devel-windows-ix86+x86_64 0.5-8 3.00 46.00 49.00 NOTE
r-patched-linux-x86_64 0.5-8 0.83 35.54 36.38 NOTE
r-patched-solaris-sparc 0.5-8 467.40 NOTE
r-patched-solaris-x86 0.5-8 92.30 NOTE
r-release-linux-ix86 0.5-8 1.12 45.12 46.23 NOTE
r-release-linux-x86_64 0.5-8 0.99 36.03 37.02 NOTE
r-release-osx-x86_64-mavericks 0.5-8 NOTE
r-release-windows-ix86+x86_64 0.5-8 4.00 73.00 77.00 NOTE
r-oldrel-windows-ix86+x86_64 0.5-8 2.00 56.00 58.00 NOTE

Check Details

Version: 0.5-8
Check: R code for possible problems
Result: NOTE
    depratio: warning in match.call(expand = FALSE): partial argument match
     of ‘expand’ to ‘expand.dots’
    drm: warning in match.call(expand = FALSE): partial argument match of
     ‘expand’ to ‘expand.dots’
Flavors: r-devel-linux-x86_64-debian-clang, r-devel-linux-x86_64-debian-gcc, r-devel-linux-x86_64-fedora-clang, r-devel-linux-x86_64-fedora-gcc, r-devel-osx-x86_64-clang, r-devel-windows-ix86+x86_64, r-patched-linux-x86_64, r-patched-solaris-sparc, r-patched-solaris-x86, r-release-linux-ix86, r-release-linux-x86_64, r-release-osx-x86_64-mavericks, r-release-windows-ix86+x86_64, r-oldrel-windows-ix86+x86_64