CRAN Package Check Results for Package drm

Last updated on 2014-04-24 23:48:01.

Flavor Version Tinstall Tcheck Ttotal Status Flags
r-devel-linux-x86_64-debian-clang 0.5-8 0.83 35.16 36.00 NOTE
r-devel-linux-x86_64-debian-gcc 0.5-8 0.78 35.16 35.94 NOTE
r-devel-linux-x86_64-fedora-clang 0.5-8 72.82 NOTE
r-devel-linux-x86_64-fedora-gcc 0.5-8 71.06 NOTE
r-devel-osx-x86_64-clang 0.5-8 55.23 NOTE
r-devel-osx-x86_64-gcc 0.5-8 NOTE
r-devel-windows-ix86+x86_64 0.5-8 3.00 50.00 53.00 NOTE
r-patched-linux-x86_64 0.5-8 0.88 34.97 35.85 NOTE
r-patched-solaris-sparc 0.5-8 427.40 NOTE
r-patched-solaris-x86 0.5-8 83.00 NOTE
r-release-linux-ix86 0.5-8 2.00 57.00 59.00 NOTE
r-release-linux-x86_64 0.5-8 0.84 205.40 206.24 NOTE
r-release-osx-x86_64-mavericks 0.5-8 NOTE
r-release-windows-ix86+x86_64 0.5-8 4.00 71.00 75.00 NOTE
r-oldrel-windows-ix86+x86_64 0.5-8 2.00 56.00 58.00 NOTE

Check Details

Version: 0.5-8
Check: R code for possible problems
Result: NOTE
    depratio: warning in match.call(expand = FALSE): partial argument match
     of 'expand' to 'expand.dots'
    drm: warning in match.call(expand = FALSE): partial argument match of
     'expand' to 'expand.dots'
Flavors: r-devel-linux-x86_64-debian-clang, r-devel-linux-x86_64-debian-gcc, r-devel-linux-x86_64-fedora-clang, r-devel-linux-x86_64-fedora-gcc, r-devel-osx-x86_64-clang, r-devel-osx-x86_64-gcc, r-devel-windows-ix86+x86_64, r-patched-linux-x86_64, r-patched-solaris-sparc, r-patched-solaris-x86, r-release-linux-ix86, r-release-linux-x86_64, r-release-osx-x86_64-mavericks, r-release-windows-ix86+x86_64, r-oldrel-windows-ix86+x86_64