CRAN Package Check Results for Package dropR

Last updated on 2019-04-24 13:54:30 CEST.

Flavor Version Tinstall Tcheck Ttotal Status Flags
r-devel-linux-x86_64-debian-clang 0.1 1.68 18.05 19.73 NOTE
r-devel-linux-x86_64-debian-gcc 0.1 1.44 14.74 16.18 NOTE
r-devel-linux-x86_64-fedora-clang 0.1 23.85 NOTE
r-devel-linux-x86_64-fedora-gcc 0.1 22.58 NOTE
r-devel-windows-ix86+x86_64 0.1 6.00 32.00 38.00 NOTE
r-patched-linux-x86_64 0.1 1.73 17.90 19.63 NOTE
r-patched-solaris-x86 0.1 37.70 NOTE
r-release-linux-x86_64 0.1 0.99 16.87 17.86 NOTE
r-release-windows-ix86+x86_64 0.1 2.00 41.00 43.00 NOTE
r-release-osx-x86_64 0.1 NOTE
r-oldrel-windows-ix86+x86_64 0.1 5.00 38.00 43.00 NOTE
r-oldrel-osx-x86_64 0.1 NOTE

Check Details

Version: 0.1
Check: R code for possible problems
Result: NOTE
    compute_xsq: no visible global function definition for 'chisq.test'
    Undefined global functions or variables:
     chisq.test
    Consider adding
     importFrom("stats", "chisq.test")
    to your NAMESPACE file.
Flavors: r-devel-linux-x86_64-debian-clang, r-devel-linux-x86_64-debian-gcc, r-devel-linux-x86_64-fedora-clang, r-devel-linux-x86_64-fedora-gcc, r-devel-windows-ix86+x86_64, r-patched-linux-x86_64, r-patched-solaris-x86, r-release-linux-x86_64, r-release-windows-ix86+x86_64, r-release-osx-x86_64, r-oldrel-windows-ix86+x86_64, r-oldrel-osx-x86_64