CRAN Package Check Results for Package dropR

Last updated on 2019-07-22 13:46:54 CEST.

Flavor Version Tinstall Tcheck Ttotal Status Flags
r-devel-linux-x86_64-debian-clang 0.1 1.67 18.36 20.03 NOTE
r-devel-linux-x86_64-debian-gcc 0.1 1.45 14.90 16.35 NOTE
r-devel-linux-x86_64-fedora-clang 0.1 23.75 NOTE
r-devel-linux-x86_64-fedora-gcc 0.1 22.62 NOTE
r-devel-windows-ix86+x86_64 0.1 4.00 43.00 47.00 NOTE
r-patched-linux-x86_64 0.1 1.58 17.91 19.49 NOTE
r-patched-solaris-x86 0.1 39.50 NOTE
r-release-linux-x86_64 0.1 1.71 17.70 19.41 NOTE
r-release-windows-ix86+x86_64 0.1 4.00 30.00 34.00 NOTE
r-release-osx-x86_64 0.1 NOTE
r-oldrel-windows-ix86+x86_64 0.1 4.00 30.00 34.00 NOTE
r-oldrel-osx-x86_64 0.1 NOTE

Check Details

Version: 0.1
Check: R code for possible problems
Result: NOTE
    compute_xsq: no visible global function definition for 'chisq.test'
    Undefined global functions or variables:
     chisq.test
    Consider adding
     importFrom("stats", "chisq.test")
    to your NAMESPACE file.
Flavors: r-devel-linux-x86_64-debian-clang, r-devel-linux-x86_64-debian-gcc, r-devel-linux-x86_64-fedora-clang, r-devel-linux-x86_64-fedora-gcc, r-devel-windows-ix86+x86_64, r-patched-linux-x86_64, r-patched-solaris-x86, r-release-linux-x86_64, r-release-windows-ix86+x86_64, r-release-osx-x86_64, r-oldrel-windows-ix86+x86_64, r-oldrel-osx-x86_64