CRAN Package Check Results for Package drtmle

Last updated on 2018-01-21 08:48:18 CET.

Flavor Version Tinstall Tcheck Ttotal Status Flags
r-devel-linux-x86_64-debian-clang 1.0.0 2.96 173.54 176.50 WARN
r-devel-linux-x86_64-debian-gcc 1.0.0 3.09 132.92 136.01 WARN
r-devel-linux-x86_64-fedora-clang 1.0.0 218.25 WARN
r-devel-linux-x86_64-fedora-gcc 1.0.0 221.96 WARN
r-devel-windows-ix86+x86_64 1.0.0 9.00 181.00 190.00 WARN
r-patched-linux-x86_64 1.0.0 3.86 185.95 189.81 OK
r-patched-solaris-x86 1.0.0 347.50 OK
r-release-linux-x86_64 1.0.0 3.69 188.13 191.82 OK
r-release-windows-ix86+x86_64 1.0.0 13.00 260.00 273.00 OK
r-release-osx-x86_64 1.0.0 OK
r-oldrel-windows-ix86+x86_64 1.0.0 11.00 180.00 191.00 OK
r-oldrel-osx-x86_64 1.0.0 OK

Additional issues

noLD

Check Details

Version: 1.0.0
Check: re-building of vignette outputs
Result: WARN
    Error in re-building vignettes:
     ...
    drtmle: TMLE with doubly robust inference
    Version: 1.0.0
    Loading required package: nnls
    Super Learner
    Version: 2.0-22
    Package created on 2017-07-18
    
    Loading required package: nloptr
    Loading required package: quadprog
    Loading required package: gam
    Loading required package: splines
    Loading required package: foreach
    Loaded gam 1.14-4
    
    Loading required package: iterators
    Loading required package: parallel
    Quitting from lines 408-420 (using_drtmle.Rmd)
    Error: processing vignette ‘using_drtmle.Rmd’ failed with diagnostics:
    there is no package called 'snow'
    Execution halted
Flavors: r-devel-linux-x86_64-debian-clang, r-devel-linux-x86_64-debian-gcc, r-devel-linux-x86_64-fedora-clang, r-devel-linux-x86_64-fedora-gcc, r-devel-windows-ix86+x86_64