CRAN Package Check Results for Package drugprepr

Last updated on 2024-06-14 03:57:17 CEST.

Flavor Version Tinstall Tcheck Ttotal Status Flags
r-devel-linux-x86_64-debian-clang 0.0.4 15.82 137.47 153.29 OK
r-devel-linux-x86_64-debian-gcc 0.0.4 0.39 1.74 2.13 ERROR
r-devel-linux-x86_64-fedora-clang 0.0.4 186.50 NOTE
r-devel-linux-x86_64-fedora-gcc 0.0.4 186.68 OK
r-devel-windows-x86_64 0.0.4 12.00 120.00 132.00 OK
r-patched-linux-x86_64 0.0.4 15.84 131.31 147.15 OK
r-release-linux-x86_64 0.0.4 12.24 132.87 145.11 OK
r-release-macos-arm64 0.0.4 64.00 OK
r-release-macos-x86_64 0.0.4 92.00 OK
r-release-windows-x86_64 0.0.4 13.00 120.00 133.00 OK
r-oldrel-macos-arm64 0.0.4 62.00 OK
r-oldrel-macos-x86_64 0.0.4 105.00 OK
r-oldrel-windows-x86_64 0.0.4 17.00 142.00 159.00 OK

Check Details

Version: 0.0.4
Check: package dependencies
Result: ERROR Packages required but not available: 'dplyr', 'doseminer', 'tidyr', 'sqldf', 'stringr', 'purrr', 'DescTools' Packages suggested but not available for checking: 'testthat', 'kableExtra' See section ‘The DESCRIPTION file’ in the ‘Writing R Extensions’ manual. Flavor: r-devel-linux-x86_64-debian-gcc

Version: 0.0.4
Check: Rd cross-references
Result: NOTE Undeclared package ‘data.table’ in Rd xrefs Flavor: r-devel-linux-x86_64-fedora-clang