CRAN Package Check Results for Package ds

Last updated on 2019-04-21 20:48:14 CEST.

Flavor Version Tinstall Tcheck Ttotal Status Flags
r-devel-linux-x86_64-debian-clang 3.0 1.62 18.11 19.73 NOTE
r-devel-linux-x86_64-debian-gcc 3.0 1.42 14.87 16.29 NOTE
r-devel-linux-x86_64-fedora-clang 3.0 23.95 NOTE
r-devel-linux-x86_64-fedora-gcc 3.0 22.27 NOTE
r-devel-windows-ix86+x86_64 3.0 6.00 29.00 35.00 NOTE
r-patched-linux-x86_64 3.0 1.81 18.09 19.90 NOTE
r-patched-solaris-x86 3.0 36.10 NOTE
r-release-linux-x86_64 3.0 1.26 17.11 18.37 NOTE
r-release-windows-ix86+x86_64 3.0 2.00 29.00 31.00 NOTE
r-release-osx-x86_64 3.0 NOTE
r-oldrel-windows-ix86+x86_64 3.0 2.00 28.00 30.00 NOTE
r-oldrel-osx-x86_64 3.0 NOTE

Check Details

Version: 3.0
Check: DESCRIPTION meta-information
Result: NOTE
    Malformed Description field: should contain one or more complete sentences.
Flavors: r-devel-linux-x86_64-debian-clang, r-devel-linux-x86_64-debian-gcc, r-devel-linux-x86_64-fedora-clang, r-devel-linux-x86_64-fedora-gcc, r-devel-windows-ix86+x86_64, r-patched-linux-x86_64, r-patched-solaris-x86, r-release-linux-x86_64, r-release-windows-ix86+x86_64, r-release-osx-x86_64, r-oldrel-windows-ix86+x86_64, r-oldrel-osx-x86_64

Version: 3.0
Check: R code for possible problems
Result: NOTE
    X: no visible global function definition for 'read.table'
    dplot: no visible global function definition for 'matplot'
    dplot: no visible global function definition for 'legend'
    dscor : <anonymous>: no visible global function definition for 'combn'
    dscor : <anonymous> : <anonymous>: no visible global function
     definition for 'cor.test'
    gds: no visible binding for global variable 'na.omit'
    gds : medi: no visible global function definition for 'median'
    gds : quant: no visible global function definition for 'quantile'
    gds: no visible binding for global variable 'shapiro.test'
    tables: no visible binding for global variable 'chisq.test'
    tables: no visible binding for global variable 'fisher.test'
    Undefined global functions or variables:
     chisq.test combn cor.test fisher.test legend matplot median na.omit
     quantile read.table shapiro.test
    Consider adding
     importFrom("graphics", "legend", "matplot")
     importFrom("stats", "chisq.test", "cor.test", "fisher.test", "median",
     "na.omit", "quantile", "shapiro.test")
     importFrom("utils", "combn", "read.table")
    to your NAMESPACE file.
Flavors: r-devel-linux-x86_64-debian-clang, r-devel-linux-x86_64-debian-gcc, r-devel-linux-x86_64-fedora-clang, r-devel-linux-x86_64-fedora-gcc, r-devel-windows-ix86+x86_64, r-patched-linux-x86_64, r-patched-solaris-x86, r-release-linux-x86_64, r-release-windows-ix86+x86_64, r-release-osx-x86_64, r-oldrel-windows-ix86+x86_64, r-oldrel-osx-x86_64