CRAN Package Check Results for Package ds4psy

Last updated on 2020-02-19 05:47:11 CET.

Flavor Version Tinstall Tcheck Ttotal Status Flags
r-devel-linux-x86_64-debian-clang 0.1.0 5.90 60.23 66.13 OK
r-devel-linux-x86_64-debian-gcc 0.1.0 5.37 44.39 49.76 OK
r-devel-linux-x86_64-fedora-clang 0.1.0 77.36 NOTE
r-devel-linux-x86_64-fedora-gcc 0.1.0 75.75 NOTE
r-devel-windows-ix86+x86_64 0.1.0 17.00 78.00 95.00 OK
r-devel-windows-ix86+x86_64-gcc8 0.1.0 27.00 116.00 143.00 OK
r-patched-linux-x86_64 0.1.0 5.44 50.07 55.51 OK
r-patched-solaris-x86 0.1.0 101.70 NOTE
r-release-linux-x86_64 0.1.0 4.48 50.71 55.19 OK
r-release-windows-ix86+x86_64 0.1.0 17.00 70.00 87.00 OK
r-release-osx-x86_64 0.1.0 NOTE
r-oldrel-windows-ix86+x86_64 0.1.0 9.00 84.00 93.00 OK
r-oldrel-osx-x86_64 0.1.0 NOTE

Check Details

Version: 0.1.0
Check: dependencies in R code
Result: NOTE
    Namespaces in Imports field not imported from:
     ‘readr’ ‘tidyr’ ‘tidyverse’
     All declared Imports should be used.
Flavors: r-devel-linux-x86_64-fedora-clang, r-devel-linux-x86_64-fedora-gcc, r-patched-solaris-x86, r-release-osx-x86_64, r-oldrel-osx-x86_64