CRAN Package Check Results for Package dse

Last updated on 2015-07-07 21:46:31.

Flavor Version Tinstall Tcheck Ttotal Status Flags
r-devel-linux-x86_64-debian-clang 2014.11-1 4.98 64.38 69.36 NOTE
r-devel-linux-x86_64-debian-gcc 2014.11-1 5.03 61.58 66.61 NOTE
r-devel-linux-x86_64-fedora-clang 2014.11-1 127.38 NOTE
r-devel-linux-x86_64-fedora-gcc 2014.11-1 117.99 NOTE
r-devel-osx-x86_64-clang 2014.11-1 108.51 OK
r-devel-windows-ix86+x86_64 2014.11-1 23.00 138.00 161.00 NOTE
r-patched-linux-x86_64 2014.11-1 5.06 62.00 67.06 OK
r-patched-solaris-sparc 2014.11-1 748.60 OK --no-tests
r-patched-solaris-x86 2014.11-1 167.00 OK
r-release-linux-x86_64 2014.11-1 5.08 62.13 67.22 OK
r-release-osx-x86_64-mavericks 2014.11-1 OK
r-release-windows-ix86+x86_64 2014.11-1 19.00 124.00 143.00 OK
r-oldrel-windows-ix86+x86_64 2014.11-1 14.00 168.00 182.00 OK

Check Details

Version: 2014.11-1
Check: R code for possible problems
Result: NOTE
    DSE.ar: no visible global function definition for ‘ts’
    DSEversion: no visible global function definition for
     ‘packageDescription’
    Portmanteau: no visible global function definition for ‘as.ts’
    addPlotRoots: no visible global function definition for ‘points’
    checkResiduals.default: no visible global function definition for ‘var’
    checkResiduals.default: no visible global function definition for
     ‘dev.cur’
    checkResiduals.default: no visible global function definition for ‘par’
    checkResiduals.default: no visible global function definition for
     ‘title’
    checkResiduals.default: no visible global function definition for
     ‘density’
    checkResiduals.default: no visible global function definition for
     ‘ksmooth’
    checkResiduals.default: no visible global function definition for
     ‘plot’
    checkResiduals.default: no visible global function definition for
     ‘as.ts’
    checkResiduals.default: no visible global function definition for
     ‘mtext’
    estBlackBox1: no visible global function definition for ‘dev.cur’
    estBlackBox2: no visible global function definition for ‘dev.cur’
    estBlackBox3: no visible global function definition for ‘dev.cur’
    estBlackBox4: no visible global function definition for ‘dev.cur’
    estMaxLik.TSmodel: no visible global function definition for ‘optim’
    estMaxLik.TSmodel: no visible global function definition for ‘nlm’
    estSSMittnik: no visible global function definition for ‘var’
    estSSMittnik: no visible global function definition for ‘lsfit’
    estVARXar: no visible global function definition for ‘var’
    estVARXls: no visible global function definition for ‘var’
    estVARXls: no visible global function definition for ‘lsfit’
    estimateModels: no visible global function definition for ‘lsfit’
    forecast.TSmodel: no visible global function definition for ‘ts’
    forecastCov.TSmodel: no visible global function definition for ‘lsfit’
    makeTSnoise: no visible global function definition for ‘rnorm’
    phasePlots: no visible global function definition for ‘par’
    phasePlots: no visible global function definition for ‘plot’
    phasePlots: no visible global function definition for ‘title’
    plot.roots: no visible global function definition for ‘plot’
    plot.roots: no visible global function definition for ‘points’
    print.TSdata : print.tframed: no visible global function definition for
     ‘time’
    shockDecomposition: no visible global function definition for ‘par’
    simulate.SS: no visible global function definition for ‘rnorm’
    summary.TSdata: no visible global function definition for ‘as.ts’
    tfplot.TSdata: no visible global function definition for ‘par’
    tfplot.TSdata: no visible global function definition for ‘title’
    tfplot.TSestModel: no visible global function definition for ‘par’
    tfplot.TSestModel: no visible global function definition for ‘title’
    tfplot.featherForecasts: no visible global function definition for
     ‘par’
    tfplot.featherForecasts: no visible global function definition for
     ‘title’
    tfplot.forecast: no visible global function definition for ‘par’
    tfplot.forecast: no visible global function definition for ‘title’
    tfplot.forecastCov: no visible global function definition for ‘par’
    tfplot.forecastCov: no visible global function definition for ‘matplot’
    tfplot.forecastCov: no visible global function definition for ‘text’
    tfplot.forecastCov: no visible global function definition for ‘title’
    tfplot.forecastCov: no visible global function definition for ‘legend’
    tfplot.forecastCovEstimatorsWRTdata: no visible global function
     definition for ‘par’
    tfplot.horizonForecasts: no visible global function definition for
     ‘par’
    tfplot.horizonForecasts: no visible global function definition for
     ‘title’
    Undefined global functions or variables:
     as.ts density dev.cur ksmooth legend lsfit matplot mtext nlm optim
     packageDescription par plot points rnorm text time title ts var
Flavors: r-devel-linux-x86_64-debian-clang, r-devel-linux-x86_64-debian-gcc, r-devel-linux-x86_64-fedora-clang, r-devel-linux-x86_64-fedora-gcc, r-devel-windows-ix86+x86_64