CRAN Package Check Results for Package dse

Last updated on 2017-02-26 17:51:15.

Flavor Version Tinstall Tcheck Ttotal Status Flags
r-devel-linux-x86_64-debian-clang 2015.12-1 5.29 79.32 84.60 NOTE
r-devel-linux-x86_64-debian-gcc 2015.12-1 4.93 74.23 79.16 NOTE
r-devel-linux-x86_64-fedora-clang 2015.12-1 150.84 NOTE --no-stop-on-test-error
r-devel-linux-x86_64-fedora-gcc 2015.12-1 143.87 NOTE --no-stop-on-test-error
r-devel-macos-x86_64-clang 2015.12-1 119.23 NOTE --no-stop-on-test-error
r-devel-windows-ix86+x86_64 2015.12-1 29.00 244.00 273.00 OK
r-patched-linux-x86_64 2015.12-1 4.82 59.09 63.90 OK
r-patched-solaris-sparc 2015.12-1 682.90 OK --no-tests
r-patched-solaris-x86 2015.12-1 141.60 OK
r-release-linux-x86_64 2015.12-1 4.96 58.08 63.04 OK
r-release-osx-x86_64-mavericks 2015.12-1 OK
r-release-windows-ix86+x86_64 2015.12-1 23.00 171.00 194.00 OK
r-oldrel-windows-ix86+x86_64 2015.12-1 29.00 134.00 163.00 OK

Check Details

Version: 2015.12-1
Check: compiled code
Result: NOTE
    File ‘dse/libs/dse.so’:
     Found no calls to: ‘R_registerRoutines’, ‘R_useDynamicSymbols’
    
    It is good practice to register native routines and to disable symbol
    search.
    
    See ‘Writing portable packages’ in the ‘Writing R Extensions’ manual.
Flavors: r-devel-linux-x86_64-debian-clang, r-devel-linux-x86_64-debian-gcc

Version: 2015.12-1
Flags: --no-stop-on-test-error
Check: compiled code
Result: NOTE
    File ‘dse/libs/dse.so’:
     Found no calls to: ‘R_registerRoutines’, ‘R_useDynamicSymbols’
    
    It is good practice to register native routines and to disable symbol
    search.
    
    See ‘Writing portable packages’ in the ‘Writing R Extensions’ manual.
Flavors: r-devel-linux-x86_64-fedora-clang, r-devel-linux-x86_64-fedora-gcc, r-devel-macos-x86_64-clang