CRAN Package Check Results for Package dse

Last updated on 2015-08-04 08:47:44.

Flavor Version Tinstall Tcheck Ttotal Status Flags
r-devel-linux-x86_64-debian-clang 2014.11-1 5.18 63.76 68.94 NOTE
r-devel-linux-x86_64-debian-gcc 2014.11-1 5.63 62.44 68.06 NOTE
r-devel-linux-x86_64-fedora-clang 2014.11-1 129.46 NOTE
r-devel-linux-x86_64-fedora-gcc 2014.11-1 126.72 NOTE
r-devel-osx-x86_64-clang 2014.11-1 110.34 OK
r-devel-windows-ix86+x86_64 2014.11-1 21.00 192.00 213.00 NOTE
r-patched-linux-x86_64 2014.11-1 6.17 63.13 69.30 OK
r-patched-solaris-sparc 2014.11-1 746.40 OK --no-tests
r-patched-solaris-x86 2014.11-1 164.90 OK
r-release-linux-x86_64 2014.11-1 5.86 63.72 69.58 OK
r-release-osx-x86_64-mavericks 2014.11-1 OK
r-release-windows-ix86+x86_64 2014.11-1 20.00 203.00 223.00 OK
r-oldrel-windows-ix86+x86_64 2014.11-1 19.00 207.00 226.00 OK

Check Details

Version: 2014.11-1
Check: R code for possible problems
Result: NOTE
    DSE.ar: no visible global function definition for ‘ts’
    DSEversion: no visible global function definition for
     ‘packageDescription’
    Portmanteau: no visible global function definition for ‘as.ts’
    addPlotRoots: no visible global function definition for ‘points’
    checkResiduals.default: no visible global function definition for ‘var’
    checkResiduals.default: no visible global function definition for
     ‘dev.cur’
    checkResiduals.default: no visible global function definition for ‘par’
    checkResiduals.default: no visible global function definition for
     ‘title’
    checkResiduals.default: no visible global function definition for
     ‘density’
    checkResiduals.default: no visible global function definition for
     ‘ksmooth’
    checkResiduals.default: no visible global function definition for
     ‘plot’
    checkResiduals.default: no visible global function definition for
     ‘as.ts’
    checkResiduals.default: no visible global function definition for
     ‘mtext’
    estBlackBox1: no visible global function definition for ‘dev.cur’
    estBlackBox2: no visible global function definition for ‘dev.cur’
    estBlackBox3: no visible global function definition for ‘dev.cur’
    estBlackBox4: no visible global function definition for ‘dev.cur’
    estMaxLik.TSmodel: no visible global function definition for ‘optim’
    estMaxLik.TSmodel: no visible global function definition for ‘nlm’
    estSSMittnik: no visible global function definition for ‘var’
    estSSMittnik: no visible global function definition for ‘lsfit’
    estVARXar: no visible global function definition for ‘var’
    estVARXls: no visible global function definition for ‘var’
    estVARXls: no visible global function definition for ‘lsfit’
    estimateModels: no visible global function definition for ‘lsfit’
    forecast.TSmodel: no visible global function definition for ‘ts’
    forecastCov.TSmodel: no visible global function definition for ‘lsfit’
    makeTSnoise: no visible global function definition for ‘rnorm’
    phasePlots: no visible global function definition for ‘par’
    phasePlots: no visible global function definition for ‘plot’
    phasePlots: no visible global function definition for ‘title’
    plot.roots: no visible global function definition for ‘plot’
    plot.roots: no visible global function definition for ‘points’
    print.TSdata : print.tframed: no visible global function definition for
     ‘time’
    shockDecomposition: no visible global function definition for ‘par’
    simulate.SS: no visible global function definition for ‘rnorm’
    summary.TSdata: no visible global function definition for ‘as.ts’
    tfplot.TSdata: no visible global function definition for ‘par’
    tfplot.TSdata: no visible global function definition for ‘title’
    tfplot.TSestModel: no visible global function definition for ‘par’
    tfplot.TSestModel: no visible global function definition for ‘title’
    tfplot.featherForecasts: no visible global function definition for
     ‘par’
    tfplot.featherForecasts: no visible global function definition for
     ‘title’
    tfplot.forecast: no visible global function definition for ‘par’
    tfplot.forecast: no visible global function definition for ‘title’
    tfplot.forecastCov: no visible global function definition for ‘par’
    tfplot.forecastCov: no visible global function definition for ‘matplot’
    tfplot.forecastCov: no visible global function definition for ‘text’
    tfplot.forecastCov: no visible global function definition for ‘title’
    tfplot.forecastCov: no visible global function definition for ‘legend’
    tfplot.forecastCovEstimatorsWRTdata: no visible global function
     definition for ‘par’
    tfplot.horizonForecasts: no visible global function definition for
     ‘par’
    tfplot.horizonForecasts: no visible global function definition for
     ‘title’
    Undefined global functions or variables:
     as.ts density dev.cur ksmooth legend lsfit matplot mtext nlm optim
     packageDescription par plot points rnorm text time title ts var
    Consider adding
     importFrom("grDevices", "dev.cur")
     importFrom("graphics", "legend", "matplot", "mtext", "par", "plot",
     "points", "text", "title")
     importFrom("stats", "as.ts", "density", "ksmooth", "lsfit", "nlm",
     "optim", "rnorm", "time", "ts", "var")
     importFrom("utils", "packageDescription")
    to your NAMESPACE.
Flavors: r-devel-linux-x86_64-debian-clang, r-devel-linux-x86_64-debian-gcc, r-devel-linux-x86_64-fedora-clang, r-devel-linux-x86_64-fedora-gcc, r-devel-windows-ix86+x86_64