CRAN Package Check Results for Package dse

Last updated on 2014-08-22 07:50:29.

Flavor Version Tinstall Tcheck Ttotal Status Flags
r-devel-linux-x86_64-debian-clang 2013.3-2 5.46 67.21 72.66 NOTE
r-devel-linux-x86_64-debian-gcc 2013.3-2 5.35 64.43 69.78 NOTE
r-devel-linux-x86_64-fedora-clang 2013.3-2 144.90 NOTE
r-devel-linux-x86_64-fedora-gcc 2013.3-2 134.37 NOTE
r-devel-osx-x86_64-clang 2013.3-2 120.17 NOTE
r-devel-windows-ix86+x86_64 2013.3-2 13.00 135.00 148.00 NOTE
r-patched-linux-x86_64 2013.3-2 5.22 68.98 74.20 NOTE
r-patched-solaris-sparc 2013.3-2 797.50 NOTE --no-tests
r-patched-solaris-x86 2013.3-2 189.80 NOTE
r-release-linux-ix86 2013.3-2 9.49 87.17 96.66 NOTE
r-release-linux-x86_64 2013.3-2 5.56 72.13 77.69 NOTE
r-release-osx-x86_64-mavericks 2013.3-2 NOTE
r-release-osx-x86_64-snowleopard 2013.3-2 NOTE
r-release-windows-ix86+x86_64 2013.3-2 13.00 137.00 150.00 NOTE
r-oldrel-windows-ix86+x86_64 2013.3-2 13.00 140.00 153.00 NOTE

Check Details

Version: 2013.3-2
Check: dependencies in R code
Result: NOTE
    'library' or 'require' call to ‘setRNG’ which was already attached by Depends.
     Please remove these calls from your code.
    Package in Depends field not imported from: ‘setRNG’
     These packages need to be imported from (in the NAMESPACE file)
     for when this namespace is loaded but not attached.
    See the information on DESCRIPTION files in the chapter ‘Creating R
    packages’ of the ‘Writing R Extensions’ manual.
Flavors: r-devel-linux-x86_64-debian-clang, r-devel-linux-x86_64-debian-gcc, r-devel-linux-x86_64-fedora-clang, r-devel-linux-x86_64-fedora-gcc, r-devel-osx-x86_64-clang, r-devel-windows-ix86+x86_64, r-patched-linux-x86_64, r-patched-solaris-x86, r-release-linux-ix86, r-release-linux-x86_64, r-release-osx-x86_64-mavericks, r-release-windows-ix86+x86_64, r-oldrel-windows-ix86+x86_64

Version: 2013.3-2
Check: top-level files
Result: NOTE
    Non-standard file/directory found at top level:
     ‘src-c’
Flavors: r-devel-linux-x86_64-fedora-clang, r-devel-linux-x86_64-fedora-gcc

Version: 2013.3-2
Check: R code for possible problems
Result: NOTE
    forecastCovEstimatorsWRTtrue: no visible global function definition for
     ‘setRNG’
    forecastCovReductionsWRTtrue: no visible global function definition for
     ‘setRNG’
    forecastCovWRTtrue: no visible global function definition for ‘setRNG’
    makeTSnoise: no visible global function definition for ‘setRNG’
    simulate.SS: no visible global function definition for ‘setRNG’
Flavors: r-devel-linux-x86_64-fedora-clang, r-devel-linux-x86_64-fedora-gcc, r-devel-osx-x86_64-clang

Version: 2013.3-2
Check: Rd line widths
Result: NOTE
    Rd file 'forecastCov.Rd':
     \usage lines wider than 90 characters:
     zero=FALSE, trend=FALSE, estimation.sample= Tobs(data), compiled=.DSEflags()$COMPILED)
    
    These lines will be truncated in the PDF manual.
Flavors: r-devel-linux-x86_64-fedora-clang, r-devel-linux-x86_64-fedora-gcc

Version: 2013.3-2
Flags: --no-tests
Check: dependencies in R code
Result: NOTE
    'library' or 'require' call to ‘setRNG’ which was already attached by Depends.
     Please remove these calls from your code.
    Package in Depends field not imported from: ‘setRNG’
     These packages need to be imported from (in the NAMESPACE file)
     for when this namespace is loaded but not attached.
    See the information on DESCRIPTION files in the chapter ‘Creating R
    packages’ of the ‘Writing R Extensions’ manual.
Flavor: r-patched-solaris-sparc

Version: 2013.3-2
Check: dependencies in R code
Result: NOTE
    ‘library’ or ‘require’ call to ‘setRNG’ which was already attached by Depends.
     Please remove these calls from your code.
    Package in Depends field not imported from: ‘setRNG’
     These packages need to be imported from for the case when
     this namespace is loaded but not attached.
    See the information on DESCRIPTION files in the chapter ‘Creating R
    packages’ of the ‘Writing R Extensions’ manual.
Flavor: r-release-osx-x86_64-snowleopard