CRAN Package Check Results for Package dse

Last updated on 2018-04-22 07:49:15 CEST.

Flavor Version Tinstall Tcheck Ttotal Status Flags
r-devel-linux-x86_64-debian-clang 2015.12-1 13.06 94.28 107.34 NOTE
r-devel-linux-x86_64-debian-gcc 2015.12-1 10.52 72.36 82.88 NOTE
r-devel-linux-x86_64-fedora-clang 2015.12-1 132.24 NOTE
r-devel-linux-x86_64-fedora-gcc 2015.12-1 129.34 NOTE
r-devel-windows-ix86+x86_64 2015.12-1 36.00 148.00 184.00 OK
r-devel-osx-x86_64 2015.12-1 OK
r-patched-linux-x86_64 2015.12-1 12.89 92.91 105.80 NOTE
r-patched-solaris-x86 2015.12-1 175.60 OK
r-release-linux-x86_64 2015.12-1 5.26 122.33 127.59 NOTE
r-release-windows-ix86+x86_64 2015.12-1 21.00 262.00 283.00 OK
r-release-osx-x86_64 2015.12-1 OK
r-oldrel-windows-ix86+x86_64 2015.12-1 30.00 126.00 156.00 OK

Check Details

Version: 2015.12-1
Check: compiled code
Result: NOTE
    File ‘dse/libs/dse.so’:
     Found no calls to: ‘R_registerRoutines’, ‘R_useDynamicSymbols’
    
    It is good practice to register native routines and to disable symbol
    search.
    
    See ‘Writing portable packages’ in the ‘Writing R Extensions’ manual.
Flavors: r-devel-linux-x86_64-debian-clang, r-devel-linux-x86_64-debian-gcc, r-devel-linux-x86_64-fedora-clang, r-devel-linux-x86_64-fedora-gcc, r-patched-linux-x86_64, r-release-linux-x86_64