CRAN Package Check Results for Package dse

Last updated on 2015-03-03 14:47:21.

Flavor Version Tinstall Tcheck Ttotal Status Flags
r-devel-linux-x86_64-debian-clang 2014.11-1 5.18 67.03 72.20 OK
r-devel-linux-x86_64-debian-gcc 2014.11-1 4.89 62.92 67.80 OK
r-devel-linux-x86_64-fedora-clang 2014.11-1 129.49 OK
r-devel-linux-x86_64-fedora-gcc 2014.11-1 125.07 OK
r-devel-osx-x86_64-clang 2014.11-1 119.50 OK
r-devel-windows-ix86+x86_64 2014.11-1 27.00 163.00 190.00 OK
r-patched-linux-x86_64 2014.11-1 5.46 71.99 77.44 OK
r-patched-solaris-sparc 2014.11-1 852.20 OK --no-tests
r-patched-solaris-x86 2014.11-1 183.30 OK
r-release-linux-ix86 2014.11-1 8.90 86.94 95.84 OK
r-release-linux-x86_64 2014.11-1 5.22 73.03 78.24 OK
r-release-osx-x86_64-mavericks 2014.11-1 ERROR
r-release-osx-x86_64-snowleopard 2014.11-1 OK
r-release-windows-ix86+x86_64 2014.11-1 23.00 149.00 172.00 OK
r-oldrel-windows-ix86+x86_64 2014.11-1 13.00 148.00 161.00 OK

Check Details

Version: 2014.11-1
Check: tests
Result: ERROR
    Running the tests in ‘tests/dse2tst2.R’ failed.
    Last 13 lines of output:
     nodename
     "eureka.research.att.com"
     machine
     "x86_64"
     login
     "urbanek"
     user
     "urbanek"
     effective_user
     "urbanek"
     > DSEversion()
    
     Execution halted
Flavor: r-release-osx-x86_64-mavericks