CRAN Package Check Results for Package dse

Last updated on 2017-07-23 14:46:55.

Flavor Version Tinstall Tcheck Ttotal Status Flags
r-devel-linux-x86_64-debian-clang 2015.12-1 4.92 95.09 100.01 NOTE
r-devel-linux-x86_64-debian-gcc 2015.12-1 5.16 92.98 98.14 NOTE
r-devel-linux-x86_64-fedora-clang 2015.12-1 154.99 NOTE
r-devel-linux-x86_64-fedora-gcc 2015.12-1 144.75 NOTE
r-devel-windows-ix86+x86_64 2015.12-1 35.00 185.00 220.00 OK
r-patched-linux-x86_64 2015.12-1 5.31 94.37 99.68 NOTE
r-patched-solaris-x86 2015.12-1 182.70 OK
r-release-linux-x86_64 2015.12-1 5.09 94.12 99.21 NOTE
r-release-windows-ix86+x86_64 2015.12-1 17.00 230.00 247.00 OK
r-release-osx-x86_64 2015.12-1 OK
r-oldrel-windows-ix86+x86_64 2015.12-1 16.00 168.00 184.00 OK
r-oldrel-osx-x86_64 2015.12-1 OK

Check Details

Version: 2015.12-1
Check: compiled code
Result: NOTE
    File ‘dse/libs/dse.so’:
     Found no calls to: ‘R_registerRoutines’, ‘R_useDynamicSymbols’
    
    It is good practice to register native routines and to disable symbol
    search.
    
    See ‘Writing portable packages’ in the ‘Writing R Extensions’ manual.
Flavors: r-devel-linux-x86_64-debian-clang, r-devel-linux-x86_64-debian-gcc, r-devel-linux-x86_64-fedora-clang, r-devel-linux-x86_64-fedora-gcc, r-patched-linux-x86_64, r-release-linux-x86_64