CRAN Package Check Results for Package dse

Last updated on 2014-04-24 03:47:43.

Flavor Version Tinstall Tcheck Ttotal Status Flags
r-devel-linux-x86_64-debian-clang 2013.3-2 5.52 72.57 78.09 NOTE
r-devel-linux-x86_64-debian-gcc 2013.3-2 5.45 72.48 77.93 NOTE
r-devel-linux-x86_64-fedora-clang 2013.3-2 155.05 NOTE
r-devel-linux-x86_64-fedora-gcc 2013.3-2 148.09 NOTE
r-devel-osx-x86_64-clang 2013.3-2 114.69 NOTE
r-devel-osx-x86_64-gcc 2013.3-2 NOTE
r-devel-windows-ix86+x86_64 2013.3-2 12.00 131.00 143.00 NOTE
r-patched-linux-x86_64 2013.3-2 5.58 73.16 78.74 NOTE
r-patched-solaris-sparc 2013.3-2 787.00 NOTE --no-tests
r-patched-solaris-x86 2013.3-2 183.00 NOTE
r-release-linux-ix86 2013.3-2 9.00 114.00 123.00 NOTE
r-release-linux-x86_64 2013.3-2 5.32 73.88 79.20 NOTE
r-release-osx-x86_64-mavericks 2013.3-2 WARN
r-release-osx-x86_64-snowleopard 2013.3-2 NOTE
r-release-windows-ix86+x86_64 2013.3-2 12.00 133.00 145.00 NOTE
r-oldrel-windows-ix86+x86_64 2013.3-2 13.00 141.00 154.00 NOTE

Check Details

Version: 2013.3-2
Check: dependencies in R code
Result: NOTE
    'library' or 'require' call to ‘setRNG’ which was already attached by Depends.
     Please remove these calls from your code.
    Package in Depends field not imported from: ‘setRNG’
     These packages need to be imported from (in the NAMESPACE file)
     for when this namespace is loaded but not attached.
    See the information on DESCRIPTION files in the chapter ‘Creating R
    packages’ of the ‘Writing R Extensions’ manual.
Flavors: r-devel-linux-x86_64-debian-clang, r-devel-linux-x86_64-debian-gcc, r-devel-linux-x86_64-fedora-clang, r-devel-linux-x86_64-fedora-gcc, r-devel-osx-x86_64-clang, r-devel-osx-x86_64-gcc, r-devel-windows-ix86+x86_64, r-patched-linux-x86_64, r-patched-solaris-x86, r-release-linux-ix86, r-release-linux-x86_64, r-release-osx-x86_64-mavericks, r-release-windows-ix86+x86_64, r-oldrel-windows-ix86+x86_64

Version: 2013.3-2
Check: top-level files
Result: NOTE
    Non-standard file/directory found at top level:
     ‘src-c’
Flavors: r-devel-linux-x86_64-fedora-clang, r-devel-linux-x86_64-fedora-gcc

Version: 2013.3-2
Check: Rd line widths
Result: NOTE
    Rd file 'forecastCov.Rd':
     \usage lines wider than 90 characters:
     zero=FALSE, trend=FALSE, estimation.sample= Tobs(data), compiled=.DSEflags()$COMPILED)
    
    These lines will be truncated in the PDF manual.
Flavors: r-devel-linux-x86_64-fedora-clang, r-devel-linux-x86_64-fedora-gcc

Version: 2013.3-2
Check: Rd cross-references
Result: NOTE
    Package unavailable to check Rd xrefs: ‘EvalEst’
Flavor: r-devel-osx-x86_64-gcc

Version: 2013.3-2
Flags: --no-tests
Check: dependencies in R code
Result: NOTE
    'library' or 'require' call to ‘setRNG’ which was already attached by Depends.
     Please remove these calls from your code.
    Package in Depends field not imported from: ‘setRNG’
     These packages need to be imported from (in the NAMESPACE file)
     for when this namespace is loaded but not attached.
    See the information on DESCRIPTION files in the chapter ‘Creating R
    packages’ of the ‘Writing R Extensions’ manual.
Flavor: r-patched-solaris-sparc

Version: 2013.3-2
Check: PDF version of manual
Result: WARNING
    LaTeX errors when creating PDF version.
    This typically indicates Rd problems.
    LaTeX errors found:
    ! LaTeX Error: File `upquote.sty' not found.
    
    Type X to quit or <RETURN> to proceed,
    or enter new name. (Default extension: sty)
    
    cb38c3f/Rd2.tex:8: ==> Fatal error occurred, no output PDF file produced!
Flavor: r-release-osx-x86_64-mavericks

Version: 2013.3-2
Check: dependencies in R code
Result: NOTE
    ‘library’ or ‘require’ call to ‘setRNG’ which was already attached by Depends.
     Please remove these calls from your code.
    Package in Depends field not imported from: ‘setRNG’
     These packages need to be imported from for the case when
     this namespace is loaded but not attached.
    See the information on DESCRIPTION files in the chapter ‘Creating R
    packages’ of the ‘Writing R Extensions’ manual.
Flavor: r-release-osx-x86_64-snowleopard