CRAN Package Check Results for Package dse

Last updated on 2017-03-30 19:47:39.

Flavor Version Tinstall Tcheck Ttotal Status Flags
r-devel-linux-x86_64-debian-clang 2015.12-1 4.97 76.36 81.32 NOTE
r-devel-linux-x86_64-debian-gcc 2015.12-1 5.01 75.06 80.07 NOTE
r-devel-linux-x86_64-fedora-clang 2015.12-1 151.98 NOTE --no-stop-on-test-error
r-devel-linux-x86_64-fedora-gcc 2015.12-1 143.11 NOTE --no-stop-on-test-error
r-devel-macos-x86_64-clang 2015.12-1 114.31 NOTE --no-stop-on-test-error
r-devel-windows-ix86+x86_64 2015.12-1 16.00 181.00 197.00 OK
r-patched-linux-x86_64 2015.12-1 5.06 74.90 79.96 NOTE
r-patched-solaris-sparc 2015.12-1 754.40 OK --no-tests
r-release-linux-x86_64 2015.12-1 4.82 57.40 62.22 OK
r-release-osx-x86_64-mavericks 2015.12-1 OK
r-release-windows-ix86+x86_64 2015.12-1 33.00 134.00 167.00 OK
r-oldrel-windows-ix86+x86_64 2015.12-1 26.00 287.00 313.00 OK

Check Details

Version: 2015.12-1
Check: compiled code
Result: NOTE
    File ‘dse/libs/dse.so’:
     Found no calls to: ‘R_registerRoutines’, ‘R_useDynamicSymbols’
    
    It is good practice to register native routines and to disable symbol
    search.
    
    See ‘Writing portable packages’ in the ‘Writing R Extensions’ manual.
Flavors: r-devel-linux-x86_64-debian-clang, r-devel-linux-x86_64-debian-gcc, r-patched-linux-x86_64

Version: 2015.12-1
Flags: --no-stop-on-test-error
Check: compiled code
Result: NOTE
    File ‘dse/libs/dse.so’:
     Found no calls to: ‘R_registerRoutines’, ‘R_useDynamicSymbols’
    
    It is good practice to register native routines and to disable symbol
    search.
    
    See ‘Writing portable packages’ in the ‘Writing R Extensions’ manual.
Flavors: r-devel-linux-x86_64-fedora-clang, r-devel-linux-x86_64-fedora-gcc, r-devel-macos-x86_64-clang