CRAN Package Check Results for Package dse

Last updated on 2015-01-27 19:50:17.

Flavor Version Tinstall Tcheck Ttotal Status Flags
r-devel-linux-x86_64-debian-clang 2014.11-1 5.29 64.54 69.84 OK
r-devel-linux-x86_64-debian-gcc 2014.11-1 5.32 62.94 68.26 OK
r-devel-linux-x86_64-fedora-clang 2014.11-1 139.67 OK
r-devel-linux-x86_64-fedora-gcc 2014.11-1 130.70 OK
r-devel-osx-x86_64-clang 2014.11-1 125.49 OK
r-devel-windows-ix86+x86_64 2014.11-1 15.00 125.00 140.00 OK
r-patched-linux-x86_64 2014.11-1 6.34 72.70 79.04 OK
r-patched-solaris-sparc 2014.11-1 815.40 OK --no-tests
r-patched-solaris-x86 2014.11-1 184.40 OK
r-release-linux-ix86 2014.11-1 8.85 83.40 92.26 OK
r-release-linux-x86_64 2014.11-1 5.22 71.17 76.38 OK
r-release-osx-x86_64-mavericks 2014.11-1 ERROR
r-release-osx-x86_64-snowleopard 2014.11-1 OK
r-release-windows-ix86+x86_64 2014.11-1 14.00 137.00 151.00 OK
r-oldrel-windows-ix86+x86_64 2014.11-1 14.00 150.00 164.00 OK

Check Details

Version: 2014.11-1
Check: tests
Result: ERROR
    Running the tests in ‘tests/dse2tst2.R’ failed.
    Last 13 lines of output:
     nodename
     "eureka.research.att.com"
     machine
     "x86_64"
     login
     "urbanek"
     user
     "urbanek"
     effective_user
     "urbanek"
     > DSEversion()
    
     Execution halted
Flavor: r-release-osx-x86_64-mavericks