CRAN Package Check Results for Package dse

Last updated on 2017-09-21 05:48:23.

Flavor Version Tinstall Tcheck Ttotal Status Flags
r-devel-linux-x86_64-debian-clang 2015.12-1 4.03 80.86 84.88 NOTE
r-devel-linux-x86_64-debian-gcc 2015.12-1 3.80 74.65 78.45 NOTE
r-devel-linux-x86_64-fedora-clang 2015.12-1 152.61 NOTE
r-devel-linux-x86_64-fedora-gcc 2015.12-1 153.10 NOTE
r-devel-windows-ix86+x86_64 2015.12-1 18.00 244.00 262.00 OK
r-patched-linux-x86_64 2015.12-1 4.20 76.21 80.41 NOTE
r-patched-solaris-x86 2015.12-1 183.40 OK
r-release-linux-x86_64 2015.12-1 3.82 75.47 79.29 NOTE
r-release-windows-ix86+x86_64 2015.12-1 16.00 179.00 195.00 OK
r-release-osx-x86_64 2015.12-1 OK
r-oldrel-windows-ix86+x86_64 2015.12-1 16.00 132.00 148.00 OK
r-oldrel-osx-x86_64 2015.12-1 OK

Check Details

Version: 2015.12-1
Check: compiled code
Result: NOTE
    File ‘dse/libs/dse.so’:
     Found no calls to: ‘R_registerRoutines’, ‘R_useDynamicSymbols’
    
    It is good practice to register native routines and to disable symbol
    search.
    
    See ‘Writing portable packages’ in the ‘Writing R Extensions’ manual.
Flavors: r-devel-linux-x86_64-debian-clang, r-devel-linux-x86_64-debian-gcc, r-devel-linux-x86_64-fedora-clang, r-devel-linux-x86_64-fedora-gcc, r-patched-linux-x86_64, r-release-linux-x86_64