CRAN Package Check Results for Package dse

Last updated on 2017-11-24 22:51:01 CET.

Flavor Version Tinstall Tcheck Ttotal Status Flags
r-devel-linux-x86_64-debian-clang 2015.12-1 5.17 191.33 196.50 NOTE
r-devel-linux-x86_64-debian-gcc 2015.12-1 5.13 168.59 173.72 NOTE
r-devel-linux-x86_64-fedora-clang 2015.12-1 146.09 NOTE
r-devel-linux-x86_64-fedora-gcc 2015.12-1 142.36 NOTE
r-devel-windows-ix86+x86_64 2015.12-1 16.00 247.00 263.00 OK
r-patched-linux-x86_64 2015.12-1 5.40 187.36 192.76 NOTE
r-patched-solaris-x86 2015.12-1 185.10 OK
r-release-linux-x86_64 2015.12-1 4.80 187.81 192.61 NOTE
r-release-windows-ix86+x86_64 2015.12-1 17.00 232.00 249.00 OK
r-release-osx-x86_64 2015.12-1 OK
r-oldrel-windows-ix86+x86_64 2015.12-1 19.00 192.00 211.00 OK
r-oldrel-osx-x86_64 2015.12-1 OK

Check Details

Version: 2015.12-1
Check: compiled code
Result: NOTE
    File ‘dse/libs/dse.so’:
     Found no calls to: ‘R_registerRoutines’, ‘R_useDynamicSymbols’
    
    It is good practice to register native routines and to disable symbol
    search.
    
    See ‘Writing portable packages’ in the ‘Writing R Extensions’ manual.
Flavors: r-devel-linux-x86_64-debian-clang, r-devel-linux-x86_64-debian-gcc, r-devel-linux-x86_64-fedora-clang, r-devel-linux-x86_64-fedora-gcc, r-patched-linux-x86_64, r-release-linux-x86_64