CRAN Package Check Results for Package dse

Last updated on 2014-07-30 17:48:51.

Flavor Version Tinstall Tcheck Ttotal Status Flags
r-devel-linux-x86_64-debian-clang 2013.3-2 5.34 70.18 75.52 NOTE
r-devel-linux-x86_64-debian-gcc 2013.3-2 5.25 70.09 75.34 NOTE
r-devel-linux-x86_64-fedora-clang 2013.3-2 155.38 NOTE
r-devel-linux-x86_64-fedora-gcc 2013.3-2 147.80 NOTE
r-devel-osx-x86_64-clang 2013.3-2 125.74 NOTE
r-devel-windows-ix86+x86_64 2013.3-2 14.00 133.00 147.00 NOTE
r-patched-linux-x86_64 2013.3-2 6.28 69.73 76.01 NOTE
r-patched-solaris-sparc 2013.3-2 797.50 NOTE --no-tests
r-patched-solaris-x86 2013.3-2 188.70 NOTE
r-release-linux-ix86 2013.3-2 9.50 86.42 95.91 NOTE
r-release-linux-x86_64 2013.3-2 5.49 71.42 76.91 NOTE
r-release-osx-x86_64-mavericks 2013.3-2 NOTE
r-release-osx-x86_64-snowleopard 2013.3-2 NOTE
r-release-windows-ix86+x86_64 2013.3-2 13.00 140.00 153.00 NOTE
r-oldrel-windows-ix86+x86_64 2013.3-2 13.00 136.00 149.00 NOTE

Check Details

Version: 2013.3-2
Check: dependencies in R code
Result: NOTE
    'library' or 'require' call to setRNG which was already attached by Depends.
     Please remove these calls from your code.
    Package in Depends field not imported from: setRNG
     These packages need to be imported from (in the NAMESPACE file)
     for when this namespace is loaded but not attached.
    See the information on DESCRIPTION files in the chapter Creating R
    packages of the Writing R Extensions manual.
Flavors: r-devel-linux-x86_64-debian-clang, r-devel-linux-x86_64-debian-gcc, r-devel-linux-x86_64-fedora-clang, r-devel-linux-x86_64-fedora-gcc, r-devel-osx-x86_64-clang, r-devel-windows-ix86+x86_64, r-patched-linux-x86_64, r-patched-solaris-x86, r-release-linux-ix86, r-release-linux-x86_64, r-release-osx-x86_64-mavericks, r-release-windows-ix86+x86_64, r-oldrel-windows-ix86+x86_64

Version: 2013.3-2
Check: top-level files
Result: NOTE
    Non-standard file/directory found at top level:
     src-c
Flavors: r-devel-linux-x86_64-fedora-clang, r-devel-linux-x86_64-fedora-gcc

Version: 2013.3-2
Check: Rd line widths
Result: NOTE
    Rd file 'forecastCov.Rd':
     \usage lines wider than 90 characters:
     zero=FALSE, trend=FALSE, estimation.sample= Tobs(data), compiled=.DSEflags()$COMPILED)
    
    These lines will be truncated in the PDF manual.
Flavors: r-devel-linux-x86_64-fedora-clang, r-devel-linux-x86_64-fedora-gcc

Version: 2013.3-2
Flags: --no-tests
Check: dependencies in R code
Result: NOTE
    'library' or 'require' call to setRNG which was already attached by Depends.
     Please remove these calls from your code.
    Package in Depends field not imported from: setRNG
     These packages need to be imported from (in the NAMESPACE file)
     for when this namespace is loaded but not attached.
    See the information on DESCRIPTION files in the chapter Creating R
    packages of the Writing R Extensions manual.
Flavor: r-patched-solaris-sparc

Version: 2013.3-2
Check: dependencies in R code
Result: NOTE
     library or require call to setRNG which was already attached by Depends.
     Please remove these calls from your code.
    Package in Depends field not imported from: setRNG
     These packages need to be imported from for the case when
     this namespace is loaded but not attached.
    See the information on DESCRIPTION files in the chapter Creating R
    packages of the Writing R Extensions manual.
Flavor: r-release-osx-x86_64-snowleopard