CRAN Package Check Results for Package dsm

Last updated on 2014-10-25 14:50:51.

Flavor Version Tinstall Tcheck Ttotal Status Flags
r-devel-linux-x86_64-debian-clang 2.2.5 4.68 56.84 61.51 NOTE
r-devel-linux-x86_64-debian-gcc 2.2.5 4.65 56.48 61.13 NOTE
r-devel-linux-x86_64-fedora-clang 2.2.5 143.62 NOTE
r-devel-linux-x86_64-fedora-gcc 2.2.5 133.50 NOTE
r-devel-osx-x86_64-clang 2.2.5 113.10 NOTE
r-devel-windows-ix86+x86_64 2.2.5 15.00 82.00 97.00 NOTE
r-patched-linux-x86_64 2.2.5 4.74 57.40 62.15 NOTE
r-patched-solaris-sparc 2.2.5 741.70 NOTE
r-patched-solaris-x86 2.2.5 178.40 NOTE
r-release-linux-ix86 2.2.5 5.79 71.16 76.94 NOTE
r-release-linux-x86_64 2.2.5 5.04 58.22 63.26 NOTE
r-release-osx-x86_64-mavericks 2.2.5 NOTE
r-release-osx-x86_64-snowleopard 2.2.5 NOTE
r-release-windows-ix86+x86_64 2.2.5 19.00 93.00 112.00 NOTE
r-oldrel-windows-ix86+x86_64 2.2.5 16.00 88.00 104.00 NOTE

Check Details

Version: 2.2.5
Check: dependencies in R code
Result: NOTE
    Unexported objects imported by ':::' calls:
     ‘mrds:::assign.par’ ‘mrds:::create.ddfobj’ ‘mrds:::detfct’
     ‘mrds:::process.data’
     See the note in ?`:::` about the use of this operator.
    See the information on DESCRIPTION files in the chapter ‘Creating R
    packages’ of the ‘Writing R Extensions’ manual.
Flavors: r-devel-linux-x86_64-debian-clang, r-devel-linux-x86_64-debian-gcc, r-devel-linux-x86_64-fedora-clang, r-devel-linux-x86_64-fedora-gcc, r-devel-osx-x86_64-clang, r-devel-windows-ix86+x86_64, r-patched-linux-x86_64, r-patched-solaris-sparc, r-patched-solaris-x86, r-release-linux-ix86, r-release-linux-x86_64, r-release-osx-x86_64-mavericks, r-release-osx-x86_64-snowleopard, r-release-windows-ix86+x86_64, r-oldrel-windows-ix86+x86_64