CRAN Package Check Results for Package dsm

Last updated on 2015-07-29 06:47:41.

Flavor Version Tinstall Tcheck Ttotal Status Flags
r-devel-linux-x86_64-debian-clang 2.2.5 3.55 50.36 53.90 NOTE
r-devel-linux-x86_64-debian-gcc 2.2.5 3.65 51.12 54.77 NOTE
r-devel-linux-x86_64-fedora-clang 2.2.5 110.65 NOTE
r-devel-linux-x86_64-fedora-gcc 2.2.5 102.11 NOTE
r-devel-osx-x86_64-clang 2.2.5 91.04 NOTE
r-devel-windows-ix86+x86_64 2.2.5 11.00 83.00 94.00 NOTE
r-patched-linux-x86_64 2.2.5 3.51 50.45 53.96 NOTE
r-patched-solaris-sparc 2.2.5 660.10 NOTE
r-patched-solaris-x86 2.2.5 146.60 NOTE
r-release-linux-x86_64 2.2.5 3.68 48.54 52.22 NOTE
r-release-osx-x86_64-mavericks 2.2.5 NOTE
r-release-windows-ix86+x86_64 2.2.5 17.00 83.00 100.00 NOTE
r-oldrel-windows-ix86+x86_64 2.2.5 22.00 122.00 144.00 NOTE

Check Details

Version: 2.2.5
Check: dependencies in R code
Result: NOTE
    Unexported objects imported by ':::' calls:
     ‘mrds:::assign.par’ ‘mrds:::create.ddfobj’ ‘mrds:::detfct’
     ‘mrds:::process.data’
     See the note in ?`:::` about the use of this operator.
Flavors: r-devel-linux-x86_64-debian-clang, r-devel-linux-x86_64-debian-gcc, r-devel-linux-x86_64-fedora-clang, r-devel-linux-x86_64-fedora-gcc, r-devel-osx-x86_64-clang, r-devel-windows-ix86+x86_64, r-patched-linux-x86_64, r-patched-solaris-sparc, r-patched-solaris-x86, r-release-linux-x86_64, r-release-osx-x86_64-mavericks, r-release-windows-ix86+x86_64, r-oldrel-windows-ix86+x86_64

Version: 2.2.5
Check: R code for possible problems
Result: NOTE
    dsm: no visible global function definition for ‘quasipoisson’
    dsm: no visible global function definition for ‘as.formula’
    dsm: no visible global function definition for ‘packageVersion’
    dsm.cor: no visible binding for global variable ‘cor’
    dsm.cor: no visible global function definition for ‘residuals’
    dsm.cor: no visible global function definition for ‘plot’
    dsm.cor: no visible global function definition for ‘axis’
    dsm.cor: no visible global function definition for ‘box’
    dsm.cor: no visible global function definition for ‘segments’
    dsm.cor: no visible global function definition for ‘abline’
    dsm.cor: no visible global function definition for ‘lines’
    dsm.var.gam: no visible global function definition for ‘coef’
    dsm.var.gam: no visible global function definition for ‘predict’
    dsm.var.gam: no visible global function definition for ‘vcov’
    dsm.var.movblk: no visible global function definition for ‘fitted’
    dsm.var.movblk: no visible global function definition for
     ‘txtProgressBar’
    dsm.var.movblk: no visible global function definition for ‘predict’
    dsm.var.movblk: no visible global function definition for ‘write.table’
    dsm.var.movblk: no visible global function definition for
     ‘setTxtProgressBar’
    dsm.var.prop : funco: no visible global function definition for
     ‘predict’
    dsm.var.prop: no visible global function definition for ‘as.formula’
    dsm.var.prop: no visible global function definition for ‘fitted’
    dsm.var.prop: no visible global function definition for ‘coef’
    dsm.var.prop: no visible global function definition for ‘predict’
    dsm.var.prop: no visible global function definition for ‘vcov’
    generate.ds.uncertainty: no visible global function definition for
     ‘rnorm’
    generate.ds.uncertainty: no visible global function definition for
     ‘runif’
    generate.ds.uncertainty: no visible global function definition for
     ‘as.formula’
    generate.ds.uncertainty: no visible global function definition for
     ‘fitted’
    make.data: no visible global function definition for ‘fitted’
    make.data: no visible global function definition for ‘aggregate’
    plot.dsm: no visible global function definition for ‘plot’
    plot.dsm.var: no visible global function definition for ‘read.csv’
    plot.dsm.var: no visible binding for global variable ‘sd’
    plot.dsm.var: no visible global function definition for ‘quantile’
    predict.dsm: no visible global function definition for ‘predict’
    rqgam.check: no visible global function definition for ‘par’
    rqgam.check: no visible global function definition for ‘napredict’
    rqgam.check: no visible global function definition for ‘qqnorm’
    rqgam.check: no visible global function definition for ‘plot’
    rqgam.check: no visible global function definition for ‘hist’
    rqgam.check: no visible global function definition for ‘fitted’
    summary.dsm.var: no visible global function definition for ‘quantile’
    summary.dsm.var: no visible global function definition for ‘predict’
    trim.var: no visible global function definition for ‘boxplot.stats’
    trim.var: no visible global function definition for ‘var’
    Undefined global functions or variables:
     abline aggregate as.formula axis box boxplot.stats coef cor fitted
     hist lines napredict packageVersion par plot predict qqnorm quantile
     quasipoisson read.csv residuals rnorm runif sd segments
     setTxtProgressBar txtProgressBar var vcov write.table
    Consider adding
     importFrom("grDevices", "boxplot.stats")
     importFrom("graphics", "abline", "axis", "box", "hist", "lines", "par",
     "plot", "segments")
     importFrom("stats", "aggregate", "as.formula", "coef", "cor", "fitted",
     "napredict", "predict", "qqnorm", "quantile",
     "quasipoisson", "residuals", "rnorm", "runif", "sd", "var",
     "vcov")
     importFrom("utils", "packageVersion", "read.csv", "setTxtProgressBar",
     "txtProgressBar", "write.table")
    to your NAMESPACE.
Flavors: r-devel-linux-x86_64-debian-clang, r-devel-linux-x86_64-debian-gcc, r-devel-linux-x86_64-fedora-clang, r-devel-linux-x86_64-fedora-gcc, r-devel-windows-ix86+x86_64