CRAN Package Check Results for Package dsm

Last updated on 2016-06-26 13:46:47.

Flavor Version Tinstall Tcheck Ttotal Status Flags
r-devel-linux-x86_64-debian-gcc 2.2.9 3.32 44.36 47.69 NOTE
r-devel-linux-x86_64-fedora-clang 2.2.9 90.31 NOTE
r-devel-linux-x86_64-fedora-gcc 2.2.9 86.65 NOTE
r-devel-osx-x86_64-clang 2.2.9 72.71 NOTE
r-devel-windows-ix86+x86_64 2.2.9 13.00 85.00 98.00 NOTE
r-patched-linux-x86_64 2.2.9 3.43 45.47 48.90 NOTE
r-patched-solaris-sparc 2.2.9 557.90 NOTE
r-patched-solaris-x86 2.2.9 124.90 NOTE
r-release-linux-x86_64 2.2.9 3.49 44.83 48.32 NOTE
r-release-osx-x86_64-mavericks 2.2.9 NOTE
r-release-windows-ix86+x86_64 2.2.9 9.00 83.00 92.00 NOTE
r-oldrel-windows-ix86+x86_64 2.2.9 17.00 84.00 101.00 NOTE

Check Details

Version: 2.2.9
Check: dependencies in R code
Result: NOTE
    Unexported objects imported by ':::' calls:
     ‘mrds:::assign.par’ ‘mrds:::create.ddfobj’ ‘mrds:::detfct’
     ‘mrds:::process.data’
     See the note in ?`:::` about the use of this operator.
Flavors: r-devel-linux-x86_64-debian-gcc, r-devel-linux-x86_64-fedora-clang, r-devel-linux-x86_64-fedora-gcc, r-devel-osx-x86_64-clang, r-devel-windows-ix86+x86_64, r-patched-linux-x86_64, r-patched-solaris-sparc, r-patched-solaris-x86, r-release-linux-x86_64, r-release-osx-x86_64-mavericks, r-release-windows-ix86+x86_64, r-oldrel-windows-ix86+x86_64