CRAN Package Check Results for Package dsm

Last updated on 2015-09-03 03:48:22.

Flavor Version Tinstall Tcheck Ttotal Status Flags
r-devel-linux-x86_64-debian-clang 2.2.9 3.25 44.90 48.14 NOTE
r-devel-linux-x86_64-debian-gcc 2.2.9 3.38 44.20 47.58 NOTE
r-devel-linux-x86_64-fedora-clang 2.2.9 99.57 NOTE
r-devel-linux-x86_64-fedora-gcc 2.2.9 94.64 NOTE
r-devel-osx-x86_64-clang 2.2.9 83.57 NOTE
r-devel-windows-ix86+x86_64 2.2.9 18.00 81.00 99.00 NOTE
r-patched-linux-x86_64 2.2.9 4.08 46.54 50.62 NOTE
r-patched-solaris-sparc 2.2.9 575.00 NOTE
r-patched-solaris-x86 2.2.9 144.20 NOTE
r-release-linux-x86_64 2.2.9 3.57 47.57 51.14 NOTE
r-release-osx-x86_64-mavericks 2.2.9 NOTE
r-release-windows-ix86+x86_64 2.2.9 16.00 82.00 98.00 NOTE
r-oldrel-windows-ix86+x86_64 2.2.9 31.00 146.00 177.00 NOTE

Check Details

Version: 2.2.9
Check: dependencies in R code
Result: NOTE
    Unexported objects imported by ':::' calls:
     ‘mrds:::assign.par’ ‘mrds:::create.ddfobj’ ‘mrds:::detfct’
     ‘mrds:::process.data’
     See the note in ?`:::` about the use of this operator.
Flavors: r-devel-linux-x86_64-debian-clang, r-devel-linux-x86_64-debian-gcc, r-devel-linux-x86_64-fedora-clang, r-devel-linux-x86_64-fedora-gcc, r-devel-osx-x86_64-clang, r-devel-windows-ix86+x86_64, r-patched-linux-x86_64, r-patched-solaris-sparc, r-patched-solaris-x86, r-release-linux-x86_64, r-release-osx-x86_64-mavericks, r-release-windows-ix86+x86_64, r-oldrel-windows-ix86+x86_64