CRAN Package Check Results for Package dsm

Last updated on 2015-05-22 21:46:27.

Flavor Version Tinstall Tcheck Ttotal Status Flags
r-devel-linux-x86_64-debian-clang 2.2.5 3.49 48.58 52.07 NOTE
r-devel-linux-x86_64-debian-gcc 2.2.5 3.42 47.98 51.41 NOTE
r-devel-linux-x86_64-fedora-clang 2.2.5 108.92 NOTE
r-devel-linux-x86_64-fedora-gcc 2.2.5 104.87 NOTE
r-devel-osx-x86_64-clang 2.2.5 96.91 NOTE
r-devel-windows-ix86+x86_64 2.2.5 11.00 74.00 85.00 NOTE
r-patched-linux-x86_64 2.2.5 3.45 48.75 52.20 NOTE
r-patched-solaris-sparc 2.2.5 647.60 NOTE
r-patched-solaris-x86 2.2.5 145.10 NOTE
r-release-linux-x86_64 2.2.5 3.44 49.62 53.06 NOTE
r-release-osx-x86_64-mavericks 2.2.5 NOTE
r-release-osx-x86_64-snowleopard 2.2.5 ERROR
r-release-windows-ix86+x86_64 2.2.5 15.00 83.00 98.00 NOTE
r-oldrel-windows-ix86+x86_64 2.2.5 21.00 122.00 143.00 NOTE

Check Details

Version: 2.2.5
Check: dependencies in R code
Result: NOTE
    Unexported objects imported by ':::' calls:
     ‘mrds:::assign.par’ ‘mrds:::create.ddfobj’ ‘mrds:::detfct’
     ‘mrds:::process.data’
     See the note in ?`:::` about the use of this operator.
Flavors: r-devel-linux-x86_64-debian-clang, r-devel-linux-x86_64-debian-gcc, r-devel-linux-x86_64-fedora-clang, r-devel-linux-x86_64-fedora-gcc, r-devel-osx-x86_64-clang, r-devel-windows-ix86+x86_64, r-patched-linux-x86_64, r-patched-solaris-sparc, r-patched-solaris-x86, r-release-linux-x86_64, r-release-osx-x86_64-mavericks, r-release-windows-ix86+x86_64, r-oldrel-windows-ix86+x86_64

Version: 2.2.5
Check: package dependencies
Result: ERROR
    Package required but not available: ‘ggplot2’
    
    See section ‘The DESCRIPTION file’ in the ‘Writing R Extensions’
    manual.
Flavor: r-release-osx-x86_64-snowleopard