CRAN Package Check Results for Package dsm

Last updated on 2016-05-29 19:48:19.

Flavor Version Tinstall Tcheck Ttotal Status Flags
r-devel-linux-x86_64-debian-gcc 2.2.9 3.51 44.14 47.65 NOTE
r-devel-linux-x86_64-fedora-clang 2.2.9 103.56 NOTE
r-devel-linux-x86_64-fedora-gcc 2.2.9 87.97 NOTE
r-devel-osx-x86_64-clang 2.2.9 99.60 NOTE
r-devel-windows-ix86+x86_64 2.2.9 9.00 82.00 91.00 NOTE
r-patched-linux-x86_64 2.2.9 3.27 43.55 46.81 NOTE
r-patched-solaris-sparc 2.2.9 554.70 NOTE
r-patched-solaris-x86 2.2.9 124.20 NOTE
r-release-linux-x86_64 2.2.9 3.49 43.39 46.88 NOTE
r-release-osx-x86_64-mavericks 2.2.9 NOTE
r-release-windows-ix86+x86_64 2.2.9 14.00 86.00 100.00 NOTE
r-oldrel-windows-ix86+x86_64 2.2.9 11.00 82.00 93.00 NOTE

Check Details

Version: 2.2.9
Check: dependencies in R code
Result: NOTE
    Unexported objects imported by ':::' calls:
     ‘mrds:::assign.par’ ‘mrds:::create.ddfobj’ ‘mrds:::detfct’
     ‘mrds:::process.data’
     See the note in ?`:::` about the use of this operator.
Flavors: r-devel-linux-x86_64-debian-gcc, r-devel-linux-x86_64-fedora-clang, r-devel-linux-x86_64-fedora-gcc, r-devel-osx-x86_64-clang, r-devel-windows-ix86+x86_64, r-patched-linux-x86_64, r-patched-solaris-sparc, r-patched-solaris-x86, r-release-linux-x86_64, r-release-osx-x86_64-mavericks, r-release-windows-ix86+x86_64, r-oldrel-windows-ix86+x86_64