CRAN Package Check Results for Package dsm

Last updated on 2014-11-28 07:47:06.

Flavor Version Tinstall Tcheck Ttotal Status Flags
r-devel-linux-x86_64-debian-clang 2.2.5 4.74 59.06 63.79 NOTE
r-devel-linux-x86_64-debian-gcc 2.2.5 4.69 58.84 63.54 NOTE
r-devel-linux-x86_64-fedora-clang 2.2.5 150.94 NOTE
r-devel-linux-x86_64-fedora-gcc 2.2.5 165.72 NOTE
r-devel-osx-x86_64-clang 2.2.5 121.80 NOTE
r-devel-windows-ix86+x86_64 2.2.5 18.00 98.00 116.00 NOTE
r-patched-linux-x86_64 2.2.5 5.88 60.92 66.80 NOTE
r-patched-solaris-sparc 2.2.5 741.70 NOTE
r-patched-solaris-x86 2.2.5 187.60 NOTE
r-release-linux-ix86 2.2.5 5.60 72.22 77.81 NOTE
r-release-linux-x86_64 2.2.5 5.18 60.54 65.72 NOTE
r-release-osx-x86_64-mavericks 2.2.5 NOTE
r-release-osx-x86_64-snowleopard 2.2.5 NOTE
r-release-windows-ix86+x86_64 2.2.5 18.00 102.00 120.00 NOTE
r-oldrel-windows-ix86+x86_64 2.2.5 19.00 104.00 123.00 NOTE

Check Details

Version: 2.2.5
Check: dependencies in R code
Result: NOTE
    Unexported objects imported by ':::' calls:
     ‘mrds:::assign.par’ ‘mrds:::create.ddfobj’ ‘mrds:::detfct’
     ‘mrds:::process.data’
     See the note in ?`:::` about the use of this operator.
    See the information on DESCRIPTION files in the chapter ‘Creating R
    packages’ of the ‘Writing R Extensions’ manual.
Flavors: r-devel-linux-x86_64-debian-clang, r-devel-linux-x86_64-debian-gcc, r-devel-linux-x86_64-fedora-clang, r-devel-linux-x86_64-fedora-gcc, r-devel-osx-x86_64-clang, r-devel-windows-ix86+x86_64, r-patched-linux-x86_64, r-patched-solaris-sparc, r-patched-solaris-x86, r-release-linux-ix86, r-release-linux-x86_64, r-release-osx-x86_64-mavericks, r-release-osx-x86_64-snowleopard, r-release-windows-ix86+x86_64, r-oldrel-windows-ix86+x86_64