CRAN Package Check Results for Package dsm

Last updated on 2015-04-01 03:49:14.

Flavor Version Tinstall Tcheck Ttotal Status Flags
r-devel-linux-x86_64-debian-clang 2.2.5 3.44 49.54 52.98 NOTE
r-devel-linux-x86_64-debian-gcc 2.2.5 3.40 51.53 54.93 NOTE
r-devel-linux-x86_64-fedora-clang 2.2.5 105.86 NOTE
r-devel-linux-x86_64-fedora-gcc 2.2.5 105.88 NOTE
r-devel-osx-x86_64-clang 2.2.5 96.89 NOTE
r-prerel-windows-ix86+x86_64 2.2.5 12.00 75.00 87.00 NOTE
r-prerel-linux-x86_64 2.2.5 3.41 50.56 53.97 NOTE
r-prerel-solaris-sparc 2.2.5 677.10 NOTE
r-prerel-solaris-x86 2.2.5 133.00 NOTE
r-release-linux-x86_64 2.2.5 5.50 70.74 76.24 NOTE
r-release-osx-x86_64-mavericks 2.2.5 NOTE
r-release-osx-x86_64-snowleopard 2.2.5 NOTE
r-release-windows-ix86+x86_64 2.2.5 18.00 118.00 136.00 NOTE
r-oldrel-windows-ix86+x86_64 2.2.5 19.00 118.00 137.00 NOTE

Check Details

Version: 2.2.5
Check: dependencies in R code
Result: NOTE
    Unexported objects imported by ':::' calls:
     ‘mrds:::assign.par’ ‘mrds:::create.ddfobj’ ‘mrds:::detfct’
     ‘mrds:::process.data’
     See the note in ?`:::` about the use of this operator.
Flavors: r-devel-linux-x86_64-debian-clang, r-devel-linux-x86_64-debian-gcc, r-devel-linux-x86_64-fedora-clang, r-devel-linux-x86_64-fedora-gcc, r-devel-osx-x86_64-clang, r-prerel-windows-ix86+x86_64, r-prerel-linux-x86_64, r-prerel-solaris-sparc, r-prerel-solaris-x86, r-release-linux-x86_64, r-release-windows-ix86+x86_64

Version: 2.2.5
Check: dependencies in R code
Result: NOTE
    Unexported objects imported by ':::' calls:
     ‘mrds:::assign.par’ ‘mrds:::create.ddfobj’ ‘mrds:::detfct’
     ‘mrds:::process.data’
     See the note in ?`:::` about the use of this operator.
    See the information on DESCRIPTION files in the chapter ‘Creating R
    packages’ of the ‘Writing R Extensions’ manual.
Flavors: r-release-osx-x86_64-mavericks, r-release-osx-x86_64-snowleopard, r-oldrel-windows-ix86+x86_64