CRAN Package Check Results for Package dsm

Last updated on 2014-12-21 21:47:19.

Flavor Version Tinstall Tcheck Ttotal Status Flags
r-devel-linux-x86_64-debian-clang 2.2.5 4.76 59.78 64.54 NOTE
r-devel-linux-x86_64-debian-gcc 2.2.5 5.26 58.02 63.28 NOTE
r-devel-linux-x86_64-fedora-clang 2.2.5 152.17 NOTE
r-devel-linux-x86_64-fedora-gcc 2.2.5 141.00 NOTE
r-devel-osx-x86_64-clang 2.2.5 125.40 NOTE
r-devel-windows-ix86+x86_64 2.2.5 15.00 97.00 112.00 NOTE
r-patched-linux-x86_64 2.2.5 5.16 61.54 66.70 NOTE
r-patched-solaris-sparc 2.2.5 741.70 NOTE
r-patched-solaris-x86 2.2.5 190.20 NOTE
r-release-linux-ix86 2.2.5 5.65 72.41 78.06 NOTE
r-release-linux-x86_64 2.2.5 5.01 61.22 66.23 NOTE
r-release-osx-x86_64-mavericks 2.2.5 NOTE
r-release-osx-x86_64-snowleopard 2.2.5 NOTE
r-release-windows-ix86+x86_64 2.2.5 19.00 97.00 116.00 NOTE
r-oldrel-windows-ix86+x86_64 2.2.5 19.00 99.00 118.00 NOTE

Check Details

Version: 2.2.5
Check: dependencies in R code
Result: NOTE
    Unexported objects imported by ':::' calls:
     ‘mrds:::assign.par’ ‘mrds:::create.ddfobj’ ‘mrds:::detfct’
     ‘mrds:::process.data’
     See the note in ?`:::` about the use of this operator.
    See the information on DESCRIPTION files in the chapter ‘Creating R
    packages’ of the ‘Writing R Extensions’ manual.
Flavors: r-devel-linux-x86_64-debian-clang, r-devel-linux-x86_64-debian-gcc, r-devel-linux-x86_64-fedora-clang, r-devel-linux-x86_64-fedora-gcc, r-devel-osx-x86_64-clang, r-devel-windows-ix86+x86_64, r-patched-linux-x86_64, r-patched-solaris-sparc, r-patched-solaris-x86, r-release-linux-ix86, r-release-linux-x86_64, r-release-osx-x86_64-mavericks, r-release-osx-x86_64-snowleopard, r-release-windows-ix86+x86_64, r-oldrel-windows-ix86+x86_64