CRAN Package Check Results for Package dsm

Last updated on 2016-07-23 23:48:00.

Flavor Version Tinstall Tcheck Ttotal Status Flags
r-devel-linux-x86_64-debian-clang 2.2.9 4.18 51.11 55.29 NOTE
r-devel-linux-x86_64-debian-gcc 2.2.9 3.80 50.53 54.33 NOTE
r-devel-linux-x86_64-fedora-clang 2.2.9 92.24 NOTE
r-devel-linux-x86_64-fedora-gcc 2.2.9 89.06 NOTE
r-devel-osx-x86_64-clang 2.2.9 76.76 NOTE
r-devel-windows-ix86+x86_64 2.2.9 13.00 104.00 117.00 NOTE
r-patched-linux-x86_64 2.2.9 4.31 47.38 51.69 NOTE
r-patched-solaris-sparc 2.2.9 557.90 NOTE
r-patched-solaris-x86 2.2.9 121.80 NOTE
r-release-linux-x86_64 2.2.9 4.13 51.47 55.60 NOTE
r-release-osx-x86_64-mavericks 2.2.9 NOTE
r-release-windows-ix86+x86_64 2.2.9 10.00 79.00 89.00 NOTE
r-oldrel-windows-ix86+x86_64 2.2.9 13.00 112.00 125.00 NOTE

Check Details

Version: 2.2.9
Check: dependencies in R code
Result: NOTE
    Unexported objects imported by ':::' calls:
     ‘mrds:::assign.par’ ‘mrds:::create.ddfobj’ ‘mrds:::detfct’
     ‘mrds:::process.data’
     See the note in ?`:::` about the use of this operator.
Flavors: r-devel-linux-x86_64-debian-clang, r-devel-linux-x86_64-debian-gcc, r-devel-linux-x86_64-fedora-clang, r-devel-linux-x86_64-fedora-gcc, r-devel-osx-x86_64-clang, r-devel-windows-ix86+x86_64, r-patched-linux-x86_64, r-patched-solaris-sparc, r-patched-solaris-x86, r-release-linux-x86_64, r-release-osx-x86_64-mavericks, r-release-windows-ix86+x86_64, r-oldrel-windows-ix86+x86_64