CRAN Package Check Results for Package dsm

Last updated on 2015-03-02 19:52:12.

Flavor Version Tinstall Tcheck Ttotal Status Flags
r-devel-linux-x86_64-debian-clang 2.2.5 4.00 48.90 52.91 NOTE
r-devel-linux-x86_64-debian-gcc 2.2.5 3.46 47.28 50.75 NOTE
r-devel-linux-x86_64-fedora-clang 2.2.5 107.87 NOTE
r-devel-linux-x86_64-fedora-gcc 2.2.5 105.66 NOTE
r-devel-osx-x86_64-clang 2.2.5 92.08 NOTE
r-devel-windows-ix86+x86_64 2.2.5 18.00 102.00 120.00 NOTE
r-patched-linux-x86_64 2.2.5 5.84 72.56 78.40 NOTE
r-patched-solaris-sparc 2.2.5 817.90 NOTE
r-patched-solaris-x86 2.2.5 204.60 NOTE
r-release-linux-ix86 2.2.5 5.68 82.23 87.91 NOTE
r-release-linux-x86_64 2.2.5 5.78 70.80 76.58 NOTE
r-release-osx-x86_64-mavericks 2.2.5 NOTE
r-release-osx-x86_64-snowleopard 2.2.5 NOTE
r-release-windows-ix86+x86_64 2.2.5 30.00 164.00 194.00 NOTE
r-oldrel-windows-ix86+x86_64 2.2.5 19.00 109.00 128.00 NOTE

Check Details

Version: 2.2.5
Check: dependencies in R code
Result: NOTE
    Unexported objects imported by ':::' calls:
     ‘mrds:::assign.par’ ‘mrds:::create.ddfobj’ ‘mrds:::detfct’
     ‘mrds:::process.data’
     See the note in ?`:::` about the use of this operator.
Flavors: r-devel-linux-x86_64-debian-clang, r-devel-linux-x86_64-debian-gcc, r-devel-linux-x86_64-fedora-clang, r-devel-linux-x86_64-fedora-gcc, r-devel-osx-x86_64-clang, r-devel-windows-ix86+x86_64, r-patched-linux-x86_64, r-patched-solaris-x86

Version: 2.2.5
Check: dependencies in R code
Result: NOTE
    Unexported objects imported by ':::' calls:
     ‘mrds:::assign.par’ ‘mrds:::create.ddfobj’ ‘mrds:::detfct’
     ‘mrds:::process.data’
     See the note in ?`:::` about the use of this operator.
    See the information on DESCRIPTION files in the chapter ‘Creating R
    packages’ of the ‘Writing R Extensions’ manual.
Flavors: r-patched-solaris-sparc, r-release-linux-ix86, r-release-linux-x86_64, r-release-osx-x86_64-mavericks, r-release-osx-x86_64-snowleopard, r-release-windows-ix86+x86_64, r-oldrel-windows-ix86+x86_64