CRAN Package Check Results for Package dsm

Last updated on 2014-04-23 20:47:11.

Flavor Version Tinstall Tcheck Ttotal Status Flags
r-devel-linux-x86_64-debian-clang 2.1.3 4.81 55.62 60.42 NOTE
r-devel-linux-x86_64-debian-gcc 2.1.3 4.65 54.86 59.50 NOTE
r-devel-linux-x86_64-fedora-clang 2.2.3 99.72 NOTE
r-devel-linux-x86_64-fedora-gcc 2.2.3 97.93 NOTE
r-devel-osx-x86_64-clang 2.1.3 109.00 NOTE
r-devel-osx-x86_64-gcc 2.1.3 ERROR
r-devel-windows-ix86+x86_64 2.1.3 13.00 79.00 92.00 NOTE
r-patched-linux-x86_64 2.1.3 4.64 56.48 61.12 NOTE
r-patched-solaris-sparc 2.1.3 710.70 NOTE
r-patched-solaris-x86 2.1.3 169.40 NOTE
r-release-linux-ix86 2.1.3 7.00 92.00 99.00 NOTE
r-release-linux-x86_64 2.1.3 4.81 54.71 59.52 NOTE
r-release-osx-x86_64-mavericks 2.1.3 WARN
r-release-osx-x86_64-snowleopard 2.1.3 NOTE
r-release-windows-ix86+x86_64 2.1.3 17.00 81.00 98.00 NOTE
r-oldrel-windows-ix86+x86_64 2.1.3 14.00 75.00 89.00 NOTE

Check Details

Version: 2.1.3
Check: dependencies in R code
Result: NOTE
    Packages in Depends field not imported from:
     ‘ggplot2’ ‘mgcv’ ‘mrds’ ‘nlme’
     These packages need to be imported from (in the NAMESPACE file)
     for when this namespace is loaded but not attached.
    Unexported objects imported by ':::' calls:
     ‘mrds:::assign.par’ ‘mrds:::create.ddfobj’ ‘mrds:::detfct’
     ‘mrds:::process.data’
     See the note in ?`:::` about the use of this operator.
    See the information on DESCRIPTION files in the chapter ‘Creating R
    packages’ of the ‘Writing R Extensions’ manual.
Flavors: r-devel-linux-x86_64-debian-clang, r-devel-linux-x86_64-debian-gcc, r-devel-osx-x86_64-clang, r-devel-windows-ix86+x86_64, r-patched-linux-x86_64, r-patched-solaris-sparc, r-patched-solaris-x86, r-release-linux-ix86, r-release-linux-x86_64, r-release-osx-x86_64-mavericks, r-release-windows-ix86+x86_64, r-oldrel-windows-ix86+x86_64

Version: 2.2.3
Check: dependencies in R code
Result: NOTE
    Unexported objects imported by ':::' calls:
     ‘mrds:::assign.par’ ‘mrds:::create.ddfobj’ ‘mrds:::detfct’
     ‘mrds:::process.data’
     See the note in ?`:::` about the use of this operator.
    See the information on DESCRIPTION files in the chapter ‘Creating R
    packages’ of the ‘Writing R Extensions’ manual.
Flavors: r-devel-linux-x86_64-fedora-clang, r-devel-linux-x86_64-fedora-gcc

Version: 2.1.3
Check: package dependencies
Result: ERROR
    Package required but not available: ‘ggplot2’
    
    Package suggested but not available for checking: ‘maptools’
    
    See the information on DESCRIPTION files in the chapter ‘Creating R
    packages’ of the ‘Writing R Extensions’ manual.
Flavor: r-devel-osx-x86_64-gcc

Version: 2.1.3
Check: package dependencies
Result: NOTE
    Package suggested but not available for checking: ‘maptools’
Flavor: r-release-osx-x86_64-mavericks

Version: 2.1.3
Check: PDF version of manual
Result: WARNING
    LaTeX errors when creating PDF version.
    This typically indicates Rd problems.
    LaTeX errors found:
    ! LaTeX Error: File `upquote.sty' not found.
    
    Type X to quit or <RETURN> to proceed,
    or enter new name. (Default extension: sty)
    
    2db37e8/Rd2.tex:8: ==> Fatal error occurred, no output PDF file produced!
Flavor: r-release-osx-x86_64-mavericks

Version: 2.1.3
Check: dependencies in R code
Result: NOTE
    Unexported objects imported by ':::' calls:
     'mrds:::assign.par' 'mrds:::create.ddfobj' 'mrds:::detfct'
     'mrds:::process.data'
     See the note in ?`:::` about the use of this operator.
    See the information on DESCRIPTION files in the chapter 'Creating R
    packages' of the 'Writing R Extensions' manual.
Flavor: r-release-osx-x86_64-snowleopard