CRAN Package Check Results for Package dsm

Last updated on 2014-09-02 20:48:48.

Flavor Version Tinstall Tcheck Ttotal Status Flags
r-devel-linux-x86_64-debian-clang 2.2.4 4.62 58.47 63.08 NOTE
r-devel-linux-x86_64-debian-gcc 2.2.4 4.62 55.70 60.32 NOTE
r-devel-linux-x86_64-fedora-clang 2.2.4 145.42 NOTE
r-devel-linux-x86_64-fedora-gcc 2.2.4 138.03 NOTE
r-devel-osx-x86_64-clang 2.2.4 111.40 NOTE
r-devel-windows-ix86+x86_64 2.2.4 14.00 97.00 111.00 NOTE
r-patched-linux-x86_64 2.2.4 5.07 58.96 64.02 NOTE
r-patched-solaris-sparc 2.2.4 779.00 NOTE
r-patched-solaris-x86 2.2.4 184.40 NOTE
r-release-linux-ix86 2.2.4 5.79 71.95 77.74 NOTE
r-release-linux-x86_64 2.2.4 4.76 59.30 64.06 NOTE
r-release-osx-x86_64-mavericks 2.2.4 NOTE
r-release-osx-x86_64-snowleopard 2.2.4 NOTE
r-release-windows-ix86+x86_64 2.2.4 16.00 87.00 103.00 NOTE
r-oldrel-windows-ix86+x86_64 2.2.4 15.00 89.00 104.00 NOTE

Check Details

Version: 2.2.4
Check: dependencies in R code
Result: NOTE
    Unexported objects imported by ':::' calls:
     ‘mrds:::assign.par’ ‘mrds:::create.ddfobj’ ‘mrds:::detfct’
     ‘mrds:::process.data’
     See the note in ?`:::` about the use of this operator.
    See the information on DESCRIPTION files in the chapter ‘Creating R
    packages’ of the ‘Writing R Extensions’ manual.
Flavors: r-devel-linux-x86_64-debian-clang, r-devel-linux-x86_64-debian-gcc, r-devel-linux-x86_64-fedora-clang, r-devel-linux-x86_64-fedora-gcc, r-devel-osx-x86_64-clang, r-devel-windows-ix86+x86_64, r-patched-linux-x86_64, r-patched-solaris-sparc, r-patched-solaris-x86, r-release-linux-ix86, r-release-linux-x86_64, r-release-osx-x86_64-mavericks, r-release-osx-x86_64-snowleopard, r-release-windows-ix86+x86_64, r-oldrel-windows-ix86+x86_64