CRAN Package Check Results for Package dsm

Last updated on 2014-08-22 03:47:56.

Flavor Version Tinstall Tcheck Ttotal Status Flags
r-devel-linux-x86_64-debian-clang 2.2.4 4.72 57.67 62.39 NOTE
r-devel-linux-x86_64-debian-gcc 2.2.4 4.57 56.40 60.98 NOTE
r-devel-linux-x86_64-fedora-clang 2.2.4 145.84 NOTE
r-devel-linux-x86_64-fedora-gcc 2.2.4 138.22 NOTE
r-devel-osx-x86_64-clang 2.2.4 112.34 NOTE
r-devel-windows-ix86+x86_64 2.2.4 15.00 85.00 100.00 NOTE
r-patched-linux-x86_64 2.2.4 4.92 59.06 63.98 NOTE
r-patched-solaris-sparc 2.2.4 779.00 NOTE
r-patched-solaris-x86 2.2.4 182.50 NOTE
r-release-linux-ix86 2.2.4 5.68 72.54 78.22 NOTE
r-release-linux-x86_64 2.2.4 4.83 62.13 66.96 NOTE
r-release-osx-x86_64-mavericks 2.2.4 NOTE
r-release-osx-x86_64-snowleopard 2.2.4 NOTE
r-release-windows-ix86+x86_64 2.2.4 14.00 99.00 113.00 NOTE
r-oldrel-windows-ix86+x86_64 2.2.4 14.00 87.00 101.00 NOTE

Check Details

Version: 2.2.4
Check: dependencies in R code
Result: NOTE
    Unexported objects imported by ':::' calls:
     ‘mrds:::assign.par’ ‘mrds:::create.ddfobj’ ‘mrds:::detfct’
     ‘mrds:::process.data’
     See the note in ?`:::` about the use of this operator.
    See the information on DESCRIPTION files in the chapter ‘Creating R
    packages’ of the ‘Writing R Extensions’ manual.
Flavors: r-devel-linux-x86_64-debian-clang, r-devel-linux-x86_64-debian-gcc, r-devel-linux-x86_64-fedora-clang, r-devel-linux-x86_64-fedora-gcc, r-devel-osx-x86_64-clang, r-devel-windows-ix86+x86_64, r-patched-linux-x86_64, r-patched-solaris-sparc, r-patched-solaris-x86, r-release-linux-ix86, r-release-linux-x86_64, r-release-osx-x86_64-mavericks, r-release-osx-x86_64-snowleopard, r-release-windows-ix86+x86_64, r-oldrel-windows-ix86+x86_64