CRAN Package Check Results for Package dti

Last updated on 2014-12-19 09:50:54.

Flavor Version Tinstall Tcheck Ttotal Status Flags
r-devel-linux-x86_64-debian-clang 1.2-0.1 12.95 48.74 61.69 OK
r-devel-linux-x86_64-debian-gcc 1.2-0.1 15.94 47.41 63.35 OK
r-devel-linux-x86_64-fedora-clang 1.2-0.1 75.86 OK
r-devel-linux-x86_64-fedora-gcc 1.2-0.1 69.84 OK
r-devel-osx-x86_64-clang 1.2-0.1 187.68 OK
r-devel-windows-ix86+x86_64 1.2-0.1 57.00 87.00 144.00 OK
r-patched-linux-x86_64 1.2-0.1 15.26 49.80 65.06 OK
r-patched-solaris-sparc 1.2-0.1 663.60 OK
r-patched-solaris-x86 1.2-0.1 171.40 OK
r-release-linux-ix86 1.2-0 19.39 60.60 79.99 NOTE
r-release-linux-x86_64 1.2-0.1 14.84 49.76 64.60 OK
r-release-osx-x86_64-mavericks 1.2-0.1 ERROR
r-release-osx-x86_64-snowleopard 1.2-0.1 OK
r-release-windows-ix86+x86_64 1.2-0.1 58.00 88.00 146.00 OK
r-oldrel-windows-ix86+x86_64 1.2-0.1 55.00 99.00 154.00 NOTE

Check Details

Version: 1.2-0
Check: R code for possible problems
Result: NOTE
    dwi.smooth.testprop: no visible binding for global variable ‘optgrad’
    pdkiQP: no visible global function definition for ‘solve.QP’
    showFAColorScale: no visible binding for global variable ‘colqFA’
Flavor: r-release-linux-ix86

Version: 1.2-0.1
Check: package dependencies
Result: ERROR
    Package required but not available: ‘gsl’
    
    See the information on DESCRIPTION files in the chapter ‘Creating R
    packages’ of the ‘Writing R Extensions’ manual.
Flavor: r-release-osx-x86_64-mavericks

Version: 1.2-0.1
Check: dependencies in R code
Result: NOTE
    Missing or unexported objects:
     'dti::colqFA' 'dti::optgrad'
    See the information on DESCRIPTION files in the chapter 'Creating R
    packages' of the 'Writing R Extensions' manual.
Flavor: r-oldrel-windows-ix86+x86_64