CRAN Package Check Results for Package dti

Last updated on 2018-02-23 06:54:48 CET.

Flavor Version Tinstall Tcheck Ttotal Status Flags
r-devel-linux-x86_64-debian-clang 1.2-6.1 32.68 84.16 116.84 NOTE
r-devel-linux-x86_64-debian-gcc 1.2-6.1 27.10 72.89 99.99 NOTE
r-devel-linux-x86_64-fedora-clang 1.2-6.1 158.28 NOTE
r-devel-linux-x86_64-fedora-gcc 1.2-6.1 147.52 NOTE
r-devel-windows-ix86+x86_64 1.2-6.1 110.00 174.00 284.00 OK
r-patched-linux-x86_64 1.2-6.1 23.04 97.16 120.20 NOTE
r-patched-solaris-x86 1.2-6.1 170.10 OK
r-release-linux-x86_64 1.2-6.1 22.94 97.98 120.92 NOTE
r-release-windows-ix86+x86_64 1.2-6.1 92.00 174.00 266.00 OK
r-release-osx-x86_64 1.2-6.1 OK
r-oldrel-windows-ix86+x86_64 1.2-6.1 68.00 123.00 191.00 OK
r-oldrel-osx-x86_64 1.2-6.1 OK

Check Details

Version: 1.2-6.1
Check: compiled code
Result: NOTE
    File ‘dti/libs/dti.so’:
     Found no call to: ‘R_useDynamicSymbols’
    
    It is good practice to register native routines and to disable symbol
    search.
    
    See ‘Writing portable packages’ in the ‘Writing R Extensions’ manual.
Flavors: r-devel-linux-x86_64-debian-clang, r-devel-linux-x86_64-debian-gcc, r-devel-linux-x86_64-fedora-clang, r-devel-linux-x86_64-fedora-gcc, r-patched-linux-x86_64, r-release-linux-x86_64