CRAN Package Check Results for Package dti

Last updated on 2017-06-28 03:48:24.

Flavor Version Tinstall Tcheck Ttotal Status Flags
r-devel-linux-x86_64-debian-clang 1.2-6.1 18.49 60.69 79.18 NOTE
r-devel-linux-x86_64-debian-gcc 1.2-6.1 21.24 59.05 80.29 NOTE
r-devel-linux-x86_64-fedora-clang 1.2-6.1 142.18 NOTE
r-devel-linux-x86_64-fedora-gcc 1.2-6.1 129.87 NOTE
r-devel-windows-ix86+x86_64 1.2-6.1 100.00 124.00 224.00 OK
r-patched-linux-x86_64 1.2-6.1 18.16 59.98 78.14 NOTE
r-patched-solaris-sparc 1.2-6.1 832.50 OK
r-patched-solaris-x86 1.2-6.1 168.20 OK
r-release-linux-x86_64 1.2-6.1 26.12 58.98 85.09 NOTE
r-release-windows-ix86+x86_64 1.2-6.1 65.00 165.00 230.00 OK
r-release-osx-x86_64 1.2-6.1 OK
r-oldrel-windows-ix86+x86_64 1.2-6.1 83.00 163.00 246.00 OK
r-oldrel-osx-x86_64 1.2-6.1 OK

Check Details

Version: 1.2-6.1
Check: compiled code
Result: NOTE
    File ‘dti/libs/dti.so’:
     Found no call to: ‘R_useDynamicSymbols’
    
    It is good practice to register native routines and to disable symbol
    search.
    
    See ‘Writing portable packages’ in the ‘Writing R Extensions’ manual.
Flavors: r-devel-linux-x86_64-debian-clang, r-devel-linux-x86_64-debian-gcc, r-devel-linux-x86_64-fedora-clang, r-devel-linux-x86_64-fedora-gcc, r-patched-linux-x86_64, r-release-linux-x86_64