CRAN Package Check Results for Package dti

Last updated on 2017-02-23 11:48:44.

Flavor Version Tinstall Tcheck Ttotal Status Flags
r-devel-linux-x86_64-debian-clang 1.2-6.1 19.44 62.15 81.59 NOTE
r-devel-linux-x86_64-debian-gcc 1.2-6.1 19.01 57.39 76.40 NOTE
r-devel-linux-x86_64-fedora-clang 1.2-6.1 139.83 NOTE --no-stop-on-test-error
r-devel-linux-x86_64-fedora-gcc 1.2-6.1 128.81 NOTE --no-stop-on-test-error
r-devel-macos-x86_64-clang 1.2-6.1 109.90 NOTE --no-stop-on-test-error
r-devel-windows-ix86+x86_64 1.2-6.1 105.00 241.00 346.00 OK
r-patched-linux-x86_64 1.2-6.1 18.67 59.28 77.95 OK
r-patched-solaris-sparc 1.2-6.1 811.50 OK
r-patched-solaris-x86 1.2-6.1 180.40 OK
r-release-linux-x86_64 1.2-6.1 18.91 58.51 77.41 OK
r-release-osx-x86_64-mavericks 1.2-6.1 OK
r-release-windows-ix86+x86_64 1.2-6.1 82.00 188.00 270.00 OK
r-oldrel-windows-ix86+x86_64 1.2-6.1 66.00 164.00 230.00 OK

Check Details

Version: 1.2-6.1
Check: compiled code
Result: NOTE
    File ‘dti/libs/dti.so’:
     Found no call to: ‘R_useDynamicSymbols’
    
    It is good practice to register native routines and to disable symbol
    search.
    
    See ‘Writing portable packages’ in the ‘Writing R Extensions’ manual.
Flavors: r-devel-linux-x86_64-debian-clang, r-devel-linux-x86_64-debian-gcc

Version: 1.2-6.1
Flags: --no-stop-on-test-error
Check: compiled code
Result: NOTE
    File ‘dti/libs/dti.so’:
     Found no call to: ‘R_useDynamicSymbols’
    
    It is good practice to register native routines and to disable symbol
    search.
    
    See ‘Writing portable packages’ in the ‘Writing R Extensions’ manual.
Flavors: r-devel-linux-x86_64-fedora-clang, r-devel-linux-x86_64-fedora-gcc, r-devel-macos-x86_64-clang