CRAN Package Check Results for Package dti

Last updated on 2015-01-25 16:49:09.

Flavor Version Tinstall Tcheck Ttotal Status Flags
r-devel-linux-x86_64-debian-clang 1.2-0.1 12.81 48.92 61.73 OK
r-devel-linux-x86_64-debian-gcc 1.2-0.1 14.68 47.19 61.87 OK
r-devel-linux-x86_64-fedora-clang 1.2-0.1 123.06 OK
r-devel-linux-x86_64-fedora-gcc 1.2-0.1 114.89 OK
r-devel-osx-x86_64-clang 1.2-0.1 109.44 OK
r-devel-windows-ix86+x86_64 1.2-0.1 58.00 86.00 144.00 OK
r-patched-linux-x86_64 1.2-0.1 15.86 50.27 66.13 OK
r-patched-solaris-sparc 1.2-0.1 736.00 OK
r-patched-solaris-x86 1.2-0.1 170.60 OK
r-release-linux-ix86 1.2-0.1 19.68 61.85 81.53 OK
r-release-linux-x86_64 1.2-0.1 15.08 50.19 65.26 OK
r-release-osx-x86_64-mavericks 1.2-0.1 OK
r-release-osx-x86_64-snowleopard 1.2-0.1 OK
r-release-windows-ix86+x86_64 1.2-0.1 56.00 99.00 155.00 OK
r-oldrel-windows-ix86+x86_64 1.2-0.1 56.00 107.00 163.00 NOTE

Check Details

Version: 1.2-0.1
Check: dependencies in R code
Result: NOTE
    Missing or unexported objects:
     'dti::colqFA' 'dti::optgrad'
    See the information on DESCRIPTION files in the chapter 'Creating R
    packages' of the 'Writing R Extensions' manual.
Flavor: r-oldrel-windows-ix86+x86_64