CRAN Package Check Results for Package dti

Last updated on 2014-07-25 03:49:45.

Flavor Version Tinstall Tcheck Ttotal Status Flags
r-devel-linux-x86_64-debian-clang 1.2-0 12.63 50.36 62.99 OK
r-devel-linux-x86_64-debian-gcc 1.2-0 14.47 48.97 63.44 OK
r-devel-linux-x86_64-fedora-clang 1.2-0 128.88 OK
r-devel-linux-x86_64-fedora-gcc 1.2-0 120.94 OK
r-devel-osx-x86_64-clang 1.2-0 106.08 OK
r-devel-windows-ix86+x86_64 1.2-0 54.00 84.00 138.00 OK
r-patched-linux-x86_64 1.2-0 14.47 49.17 63.64 OK
r-patched-solaris-sparc 1.2-0 648.70 OK
r-patched-solaris-x86 1.2-0 167.60 OK
r-release-linux-ix86 1.2-0 20.56 63.66 84.22 OK
r-release-linux-x86_64 1.2-0 14.82 50.49 65.32 OK
r-release-osx-x86_64-mavericks 1.2-0 ERROR
r-release-osx-x86_64-snowleopard 1.2-0 OK
r-release-windows-ix86+x86_64 1.2-0 53.00 91.00 144.00 OK
r-oldrel-windows-ix86+x86_64 1.2-0 57.00 89.00 146.00 OK

Check Details

Version: 1.2-0
Check: package dependencies
Result: ERROR
    Package required but not available: ‘gsl’
    
    See the information on DESCRIPTION files in the chapter ‘Creating R
    packages’ of the ‘Writing R Extensions’ manual.
Flavor: r-release-osx-x86_64-mavericks