CRAN Package Check Results for Package dti

Last updated on 2017-12-13 20:48:28 CET.

Flavor Version Tinstall Tcheck Ttotal Status Flags
r-devel-linux-x86_64-debian-clang 1.2-6.1 21.39 97.40 118.79 NOTE
r-devel-linux-x86_64-debian-gcc 1.2-6.1 18.66 71.47 90.13 FAIL
r-devel-linux-x86_64-fedora-clang 1.2-6.1 133.51 NOTE
r-devel-linux-x86_64-fedora-gcc 1.2-6.1 127.87 NOTE
r-devel-windows-ix86+x86_64 1.2-6.1 93.00 123.00 216.00 OK
r-patched-linux-x86_64 1.2-6.1 20.92 99.53 120.45 NOTE
r-patched-solaris-x86 1.2-6.1 167.90 OK
r-release-linux-x86_64 1.2-6.1 20.90 97.70 118.60 NOTE
r-release-windows-ix86+x86_64 1.2-6.1 69.00 151.00 220.00 OK
r-release-osx-x86_64 1.2-6.1 OK
r-oldrel-windows-ix86+x86_64 1.2-6.1 66.00 155.00 221.00 OK
r-oldrel-osx-x86_64 1.2-6.1 OK

Check Details

Version: 1.2-6.1
Check: compiled code
Result: NOTE
    File ‘dti/libs/dti.so’:
     Found no call to: ‘R_useDynamicSymbols’
    
    It is good practice to register native routines and to disable symbol
    search.
    
    See ‘Writing portable packages’ in the ‘Writing R Extensions’ manual.
Flavors: r-devel-linux-x86_64-debian-clang, r-devel-linux-x86_64-fedora-clang, r-devel-linux-x86_64-fedora-gcc, r-patched-linux-x86_64, r-release-linux-x86_64

Version: 1.2-6.1
Check: pragmas in C/C++ headers and code
Result: FAIL
    
Flavor: r-devel-linux-x86_64-debian-gcc