CRAN Package Check Results for Package dti

Last updated on 2017-03-28 23:50:19.

Flavor Version Tinstall Tcheck Ttotal Status Flags
r-devel-linux-x86_64-debian-clang 1.2-6.1 19.65 60.28 79.93 NOTE
r-devel-linux-x86_64-debian-gcc 1.2-6.1 19.43 58.67 78.10 NOTE
r-devel-linux-x86_64-fedora-clang 1.2-6.1 143.83 NOTE --no-stop-on-test-error
r-devel-linux-x86_64-fedora-gcc 1.2-6.1 132.35 NOTE --no-stop-on-test-error
r-devel-macos-x86_64-clang 1.2-6.1 108.83 NOTE --no-stop-on-test-error
r-devel-windows-ix86+x86_64 1.2-6.1 64.00 118.00 182.00 OK
r-patched-linux-x86_64 1.2-6.1 18.53 59.04 77.57 NOTE
r-patched-solaris-sparc 1.2-6.1 832.50 OK
r-patched-solaris-x86 1.2-6.1 181.80 OK
r-release-linux-x86_64 1.2-6.1 18.74 58.12 76.85 OK
r-release-osx-x86_64-mavericks 1.2-6.1 OK
r-release-windows-ix86+x86_64 1.2-6.1 86.00 119.00 205.00 OK
r-oldrel-windows-ix86+x86_64 1.2-6.1 61.00 127.00 188.00 OK

Check Details

Version: 1.2-6.1
Check: compiled code
Result: NOTE
    File ‘dti/libs/dti.so’:
     Found no call to: ‘R_useDynamicSymbols’
    
    It is good practice to register native routines and to disable symbol
    search.
    
    See ‘Writing portable packages’ in the ‘Writing R Extensions’ manual.
Flavors: r-devel-linux-x86_64-debian-clang, r-devel-linux-x86_64-debian-gcc, r-patched-linux-x86_64

Version: 1.2-6.1
Flags: --no-stop-on-test-error
Check: compiled code
Result: NOTE
    File ‘dti/libs/dti.so’:
     Found no call to: ‘R_useDynamicSymbols’
    
    It is good practice to register native routines and to disable symbol
    search.
    
    See ‘Writing portable packages’ in the ‘Writing R Extensions’ manual.
Flavors: r-devel-linux-x86_64-fedora-clang, r-devel-linux-x86_64-fedora-gcc, r-devel-macos-x86_64-clang