CRAN Package Check Results for Package dti

Last updated on 2014-10-02 03:47:43.

Flavor Version Tinstall Tcheck Ttotal Status Flags
r-devel-linux-x86_64-debian-clang 1.2-0 12.65 49.06 61.72 NOTE
r-devel-linux-x86_64-debian-gcc 1.2-0 14.47 47.53 62.00 NOTE
r-devel-linux-x86_64-fedora-clang 1.2-0 124.44 NOTE
r-devel-linux-x86_64-fedora-gcc 1.2-0 115.48 NOTE
r-devel-osx-x86_64-clang 1.2-0 101.01 NOTE
r-devel-windows-ix86+x86_64 1.2-0 53.00 84.00 137.00 NOTE
r-patched-linux-x86_64 1.2-0 14.61 50.36 64.97 OK
r-patched-solaris-sparc 1.2-0 707.60 OK
r-patched-solaris-x86 1.2-0 169.90 OK
r-release-linux-ix86 1.2-0 20.62 64.56 85.19 OK
r-release-linux-x86_64 1.2-0 14.78 51.13 65.91 OK
r-release-osx-x86_64-mavericks 1.2-0 ERROR
r-release-osx-x86_64-snowleopard 1.2-0 OK
r-release-windows-ix86+x86_64 1.2-0 53.00 99.00 152.00 OK
r-oldrel-windows-ix86+x86_64 1.2-0 55.00 92.00 147.00 OK

Check Details

Version: 1.2-0
Check: R code for possible problems
Result: NOTE
    dwi.smooth.testprop: no visible binding for global variable ‘optgrad’
    pdkiQP: no visible global function definition for ‘solve.QP’
    showFAColorScale: no visible binding for global variable ‘colqFA’
Flavors: r-devel-linux-x86_64-debian-clang, r-devel-linux-x86_64-debian-gcc, r-devel-linux-x86_64-fedora-clang, r-devel-linux-x86_64-fedora-gcc, r-devel-windows-ix86+x86_64

Version: 1.2-0
Check: R code for possible problems
Result: NOTE
    Warning in fun(libname, pkgname) :
     could not determine path to Imagemagick
    
     please set the correct path manually using
    
     'Sys.setenv(ImageMagick='path2imagemagick')'
    dwi.smooth.testprop: no visible binding for global variable ‘optgrad’
    pdkiQP: no visible global function definition for ‘solve.QP’
    showFAColorScale: no visible binding for global variable ‘colqFA’
Flavor: r-devel-osx-x86_64-clang

Version: 1.2-0
Check: package dependencies
Result: ERROR
    Package required but not available: ‘gsl’
    
    See the information on DESCRIPTION files in the chapter ‘Creating R
    packages’ of the ‘Writing R Extensions’ manual.
Flavor: r-release-osx-x86_64-mavericks