CRAN Package Check Results for Package dti

Last updated on 2017-05-24 01:48:57.

Flavor Version Tinstall Tcheck Ttotal Status Flags
r-devel-linux-x86_64-debian-clang 1.2-6.1 18.45 61.41 79.87 NOTE
r-devel-linux-x86_64-debian-gcc 1.2-6.1 18.14 58.18 76.31 NOTE
r-devel-linux-x86_64-fedora-clang 1.2-6.1 140.48 NOTE --no-stop-on-test-error
r-devel-linux-x86_64-fedora-gcc 1.2-6.1 129.78 NOTE --no-stop-on-test-error
r-devel-windows-ix86+x86_64 1.2-6.1 116.00 126.00 242.00 OK
r-patched-linux-x86_64 1.2-6.1 17.29 58.91 76.20 NOTE
r-patched-solaris-sparc 1.2-6.1 832.50 OK
r-patched-solaris-x86 1.2-6.1 197.30 OK
r-release-linux-x86_64 1.2-6.1 17.30 60.10 77.40 NOTE
r-release-windows-ix86+x86_64 1.2-6.1 68.00 173.00 241.00 OK
r-release-osx-x86_64 1.2-6.1 OK
r-oldrel-windows-ix86+x86_64 1.2-6.1 93.00 153.00 246.00 OK
r-oldrel-osx-x86_64 1.2-6.1 OK

Check Details

Version: 1.2-6.1
Check: compiled code
Result: NOTE
    File ‘dti/libs/dti.so’:
     Found no call to: ‘R_useDynamicSymbols’
    
    It is good practice to register native routines and to disable symbol
    search.
    
    See ‘Writing portable packages’ in the ‘Writing R Extensions’ manual.
Flavors: r-devel-linux-x86_64-debian-clang, r-devel-linux-x86_64-debian-gcc, r-patched-linux-x86_64, r-release-linux-x86_64

Version: 1.2-6.1
Flags: --no-stop-on-test-error
Check: compiled code
Result: NOTE
    File ‘dti/libs/dti.so’:
     Found no call to: ‘R_useDynamicSymbols’
    
    It is good practice to register native routines and to disable symbol
    search.
    
    See ‘Writing portable packages’ in the ‘Writing R Extensions’ manual.
Flavors: r-devel-linux-x86_64-fedora-clang, r-devel-linux-x86_64-fedora-gcc