CRAN Package Check Results for Package dti

Last updated on 2018-09-22 14:46:21 CEST.

Flavor Version Tinstall Tcheck Ttotal Status Flags
r-devel-linux-x86_64-debian-clang 1.2-6.1 34.35 106.42 140.77 OK
r-devel-linux-x86_64-debian-gcc 1.2-6.1 27.39 83.41 110.80 OK
r-devel-linux-x86_64-fedora-clang 1.2-6.1 172.18 NOTE
r-devel-linux-x86_64-fedora-gcc 1.2-6.1 162.99 NOTE
r-devel-windows-ix86+x86_64 1.2-6.1 118.00 147.00 265.00 OK
r-patched-linux-x86_64 1.2-6.1 30.57 96.73 127.30 OK
r-patched-solaris-x86 1.2-6.1 196.80 OK
r-release-linux-x86_64 1.2-6.1 34.47 95.98 130.45 OK
r-release-windows-ix86+x86_64 1.2-6.1 83.00 177.00 260.00 OK
r-release-osx-x86_64 1.2-6.1 OK
r-oldrel-windows-ix86+x86_64 1.2-6.1 70.00 171.00 241.00 OK
r-oldrel-osx-x86_64 1.2-6.1 OK

Check Details

Version: 1.2-6.1
Check: compiled code
Result: NOTE
    File ‘dti/libs/dti.so’:
     Found no call to: ‘R_useDynamicSymbols’
    
    It is good practice to register native routines and to disable symbol
    search.
    
    See ‘Writing portable packages’ in the ‘Writing R Extensions’ manual.
Flavors: r-devel-linux-x86_64-fedora-clang, r-devel-linux-x86_64-fedora-gcc