CRAN Package Check Results for Package dti

Last updated on 2014-08-22 00:46:44.

Flavor Version Tinstall Tcheck Ttotal Status Flags
r-devel-linux-x86_64-debian-clang 1.2-0 12.60 49.57 62.17 OK
r-devel-linux-x86_64-debian-gcc 1.2-0 14.51 48.02 62.53 OK
r-devel-linux-x86_64-fedora-clang 1.2-0 124.81 NOTE
r-devel-linux-x86_64-fedora-gcc 1.2-0 114.14 NOTE
r-devel-osx-x86_64-clang 1.2-0 105.18 NOTE
r-devel-windows-ix86+x86_64 1.2-0 53.00 87.00 140.00 OK
r-patched-linux-x86_64 1.2-0 14.67 49.28 63.96 OK
r-patched-solaris-sparc 1.2-0 707.60 OK
r-patched-solaris-x86 1.2-0 166.20 OK
r-release-linux-ix86 1.2-0 20.58 63.40 83.99 OK
r-release-linux-x86_64 1.2-0 15.16 50.42 65.58 OK
r-release-osx-x86_64-mavericks 1.2-0 ERROR
r-release-osx-x86_64-snowleopard 1.2-0 OK
r-release-windows-ix86+x86_64 1.2-0 55.00 86.00 141.00 OK
r-oldrel-windows-ix86+x86_64 1.2-0 56.00 87.00 143.00 OK

Check Details

Version: 1.2-0
Check: R code for possible problems
Result: NOTE
    dwi.smooth.testprop: no visible binding for global variable ‘optgrad’
    pdkiQP: no visible global function definition for ‘solve.QP’
    showFAColorScale: no visible binding for global variable ‘colqFA’
Flavors: r-devel-linux-x86_64-fedora-clang, r-devel-linux-x86_64-fedora-gcc

Version: 1.2-0
Check: R code for possible problems
Result: NOTE
    Warning in fun(libname, pkgname) :
     could not determine path to Imagemagick
    
     please set the correct path manually using
    
     'Sys.setenv(ImageMagick='path2imagemagick')'
    dwi.smooth.testprop: no visible binding for global variable ‘optgrad’
    pdkiQP: no visible global function definition for ‘solve.QP’
    showFAColorScale: no visible binding for global variable ‘colqFA’
Flavor: r-devel-osx-x86_64-clang

Version: 1.2-0
Check: package dependencies
Result: ERROR
    Package required but not available: ‘gsl’
    
    See the information on DESCRIPTION files in the chapter ‘Creating R
    packages’ of the ‘Writing R Extensions’ manual.
Flavor: r-release-osx-x86_64-mavericks