CRAN Package Check Results for Package dti

Last updated on 2018-06-24 18:46:34 CEST.

Flavor Version Tinstall Tcheck Ttotal Status Flags
r-devel-linux-x86_64-debian-clang 1.2-6.1 32.22 107.45 139.67 NOTE
r-devel-linux-x86_64-debian-gcc 1.2-6.1 27.45 82.79 110.24 NOTE
r-devel-linux-x86_64-fedora-clang 1.2-6.1 170.69 NOTE
r-devel-linux-x86_64-fedora-gcc 1.2-6.1 156.45 NOTE
r-devel-windows-ix86+x86_64 1.2-6.1 94.00 149.00 243.00 OK
r-patched-linux-x86_64 1.2-6.1 31.25 97.23 128.48 NOTE
r-patched-solaris-x86 1.2-6.1 203.20 OK
r-release-linux-x86_64 1.2-6.1 31.30 96.07 127.37 NOTE
r-release-windows-ix86+x86_64 1.2-6.1 108.00 149.00 257.00 OK
r-release-osx-x86_64 1.2-6.1 OK
r-oldrel-windows-ix86+x86_64 1.2-6.1 92.00 118.00 210.00 OK
r-oldrel-osx-x86_64 1.2-6.1 OK

Check Details

Version: 1.2-6.1
Check: compiled code
Result: NOTE
    File ‘dti/libs/dti.so’:
     Found no call to: ‘R_useDynamicSymbols’
    
    It is good practice to register native routines and to disable symbol
    search.
    
    See ‘Writing portable packages’ in the ‘Writing R Extensions’ manual.
Flavors: r-devel-linux-x86_64-debian-clang, r-devel-linux-x86_64-debian-gcc, r-devel-linux-x86_64-fedora-clang, r-devel-linux-x86_64-fedora-gcc, r-patched-linux-x86_64, r-release-linux-x86_64