CRAN Package Check Results for Package dti

Last updated on 2018-12-11 05:49:19 CET.

Flavor Version Tinstall Tcheck Ttotal Status Flags
r-devel-linux-x86_64-debian-clang 1.2-6.1 34.46 99.40 133.86 NOTE
r-devel-linux-x86_64-debian-gcc 1.2-6.1 25.45 78.08 103.53 NOTE
r-devel-linux-x86_64-fedora-clang 1.2-6.1 165.17 NOTE
r-devel-linux-x86_64-fedora-gcc 1.2-6.1 154.56 NOTE
r-devel-windows-ix86+x86_64 1.2-6.1 114.00 135.00 249.00 OK
r-patched-linux-x86_64 1.2-6.1 36.39 96.23 132.62 OK
r-patched-solaris-x86 1.2-6.1 216.70 OK
r-release-linux-x86_64 1.2-6.1 33.18 95.68 128.86 OK
r-release-windows-ix86+x86_64 1.2-6.1 72.00 131.00 203.00 OK
r-release-osx-x86_64 1.2-6.1 OK
r-oldrel-windows-ix86+x86_64 1.2-6.1 63.00 189.00 252.00 OK
r-oldrel-osx-x86_64 1.2-6.1 OK

Check Details

Version: 1.2-6.1
Check: use of SHLIB_OPENMP_*FLAGS in Makefiles
Result: NOTE
     src/Makevars: SHLIB_OPENMP_FFLAGS is included in PKG_FFLAGS but not SHLIB_OPENMP_CXXFLAGS in PKG_LIBS
     src/Makevars: SHLIB_OPENMP_CFLAGS is included in PKG_LIBS but linking is by C++
    Use of these macros is discussed in sect 1.2.1.1 of ‘Writing R
    Extensions’. The macros for different languages may differ so the
    matching macro must be used in PKG_CXXFLAGS (etc) and match that used
    in PKG_LIBS (except for Fortran: see the manual).
Flavors: r-devel-linux-x86_64-debian-clang, r-devel-linux-x86_64-debian-gcc, r-devel-linux-x86_64-fedora-clang, r-devel-linux-x86_64-fedora-gcc

Version: 1.2-6.1
Check: compiled code
Result: NOTE
    File ‘dti/libs/dti.so’:
     Found no call to: ‘R_useDynamicSymbols’
    
    It is good practice to register native routines and to disable symbol
    search.
    
    See ‘Writing portable packages’ in the ‘Writing R Extensions’ manual.
Flavors: r-devel-linux-x86_64-fedora-clang, r-devel-linux-x86_64-fedora-gcc