CRAN Package Check Results for Package dti

Last updated on 2017-08-17 20:46:36.

Flavor Version Tinstall Tcheck Ttotal Status Flags
r-devel-linux-x86_64-debian-clang 1.2-6.1 15.25 60.06 75.30 NOTE
r-devel-linux-x86_64-debian-gcc 1.2-6.1 15.69 57.02 72.71 NOTE
r-devel-linux-x86_64-fedora-clang 1.2-6.1 136.44 NOTE
r-devel-linux-x86_64-fedora-gcc 1.2-6.1 137.70 NOTE
r-devel-windows-ix86+x86_64 1.2-6.1 77.00 128.00 205.00 OK
r-patched-linux-x86_64 1.2-6.1 16.28 58.36 74.63 NOTE
r-patched-solaris-x86 1.2-6.1 174.30 OK
r-release-linux-x86_64 1.2-6.1 15.71 59.66 75.37 NOTE
r-release-windows-ix86+x86_64 1.2-6.1 64.00 129.00 193.00 OK
r-release-osx-x86_64 1.2-6.1 OK
r-oldrel-windows-ix86+x86_64 1.2-6.1 66.00 116.00 182.00 OK
r-oldrel-osx-x86_64 1.2-6.1 OK

Check Details

Version: 1.2-6.1
Check: compiled code
Result: NOTE
    File ‘dti/libs/dti.so’:
     Found no call to: ‘R_useDynamicSymbols’
    
    It is good practice to register native routines and to disable symbol
    search.
    
    See ‘Writing portable packages’ in the ‘Writing R Extensions’ manual.
Flavors: r-devel-linux-x86_64-debian-clang, r-devel-linux-x86_64-debian-gcc, r-devel-linux-x86_64-fedora-clang, r-devel-linux-x86_64-fedora-gcc, r-patched-linux-x86_64, r-release-linux-x86_64