CRAN Package Check Results for Package dti

Last updated on 2014-09-01 11:48:53.

Flavor Version Tinstall Tcheck Ttotal Status Flags
r-devel-linux-x86_64-debian-clang 1.2-0 12.78 48.07 60.85 NOTE
r-devel-linux-x86_64-debian-gcc 1.2-0 14.80 46.68 61.48 NOTE
r-devel-linux-x86_64-fedora-clang 1.2-0 127.55 NOTE
r-devel-linux-x86_64-fedora-gcc 1.2-0 115.73 NOTE
r-devel-osx-x86_64-clang 1.2-0 102.66 NOTE
r-devel-windows-ix86+x86_64 1.2-0 55.00 87.00 142.00 NOTE
r-patched-linux-x86_64 1.2-0 14.61 49.95 64.56 OK
r-patched-solaris-sparc 1.2-0 707.60 OK
r-patched-solaris-x86 1.2-0 173.30 OK
r-release-linux-ix86 1.2-0 20.63 63.39 84.02 OK
r-release-linux-x86_64 1.2-0 14.48 50.06 64.54 OK
r-release-osx-x86_64-mavericks 1.2-0 ERROR
r-release-osx-x86_64-snowleopard 1.2-0 OK
r-release-windows-ix86+x86_64 1.2-0 54.00 94.00 148.00 OK
r-oldrel-windows-ix86+x86_64 1.2-0 70.00 89.00 159.00 OK

Check Details

Version: 1.2-0
Check: R code for possible problems
Result: NOTE
    dwi.smooth.testprop: no visible binding for global variable ‘optgrad’
    pdkiQP: no visible global function definition for ‘solve.QP’
    showFAColorScale: no visible binding for global variable ‘colqFA’
Flavors: r-devel-linux-x86_64-debian-clang, r-devel-linux-x86_64-debian-gcc, r-devel-linux-x86_64-fedora-clang, r-devel-linux-x86_64-fedora-gcc, r-devel-windows-ix86+x86_64

Version: 1.2-0
Check: R code for possible problems
Result: NOTE
    Warning in fun(libname, pkgname) :
     could not determine path to Imagemagick
    
     please set the correct path manually using
    
     'Sys.setenv(ImageMagick='path2imagemagick')'
    dwi.smooth.testprop: no visible binding for global variable ‘optgrad’
    pdkiQP: no visible global function definition for ‘solve.QP’
    showFAColorScale: no visible binding for global variable ‘colqFA’
Flavor: r-devel-osx-x86_64-clang

Version: 1.2-0
Check: package dependencies
Result: ERROR
    Package required but not available: ‘gsl’
    
    See the information on DESCRIPTION files in the chapter ‘Creating R
    packages’ of the ‘Writing R Extensions’ manual.
Flavor: r-release-osx-x86_64-mavericks