CRAN Package Check Results for Package dti

Last updated on 2015-03-02 19:52:12.

Flavor Version Tinstall Tcheck Ttotal Status Flags
r-devel-linux-x86_64-debian-clang 1.2-0.1 12.03 42.67 54.70 OK
r-devel-linux-x86_64-debian-gcc 1.2-0.1 13.75 40.83 54.58 OK
r-devel-linux-x86_64-fedora-clang 1.2-0.1 102.96 OK
r-devel-linux-x86_64-fedora-gcc 1.2-0.1 97.72 OK
r-devel-osx-x86_64-clang 1.2-0.1 94.89 OK
r-devel-windows-ix86+x86_64 1.2-0.1 86.00 94.00 180.00 OK
r-patched-linux-x86_64 1.2-0.1 15.15 52.89 68.04 OK
r-patched-solaris-sparc 1.2-0.1 736.00 OK
r-patched-solaris-x86 1.2-0.1 173.50 OK
r-release-linux-ix86 1.2-0.1 21.01 63.07 84.08 OK
r-release-linux-x86_64 1.2-0.1 14.79 51.68 66.47 OK
r-release-osx-x86_64-mavericks 1.2-0.1 OK
r-release-osx-x86_64-snowleopard 1.2-0.1 OK
r-release-windows-ix86+x86_64 1.2-0.1 84.00 96.00 180.00 OK
r-oldrel-windows-ix86+x86_64 1.2-0.1 55.00 92.00 147.00 NOTE

Check Details

Version: 1.2-0.1
Check: dependencies in R code
Result: NOTE
    Missing or unexported objects:
     'dti::colqFA' 'dti::optgrad'
    See the information on DESCRIPTION files in the chapter 'Creating R
    packages' of the 'Writing R Extensions' manual.
Flavor: r-oldrel-windows-ix86+x86_64