CRAN Package Check Results for Package dtp

Last updated on 2024-02-21 18:51:02 CET.

Flavor Version Tinstall Tcheck Ttotal Status Flags
r-devel-linux-x86_64-debian-clang 0.1.0 NOTE
r-devel-linux-x86_64-debian-gcc 0.1.0 3.05 29.15 32.20 NOTE
r-devel-linux-x86_64-fedora-clang 0.1.0 51.25 OK
r-devel-linux-x86_64-fedora-gcc 0.1.0 49.23 OK
r-devel-windows-x86_64 0.1.0 4.00 53.00 57.00 OK
r-patched-linux-x86_64 0.1.0 3.97 37.58 41.55 OK
r-release-linux-x86_64 0.1.0 3.08 38.26 41.34 OK
r-release-macos-arm64 0.1.0 21.00 OK
r-release-macos-x86_64 0.1.0 28.00 OK
r-release-windows-x86_64 0.1.0 5.00 56.00 61.00 OK
r-oldrel-macos-arm64 0.1.0 22.00 OK
r-oldrel-windows-x86_64 0.1.0 5.00 61.00 66.00 OK

Check Details

Version: 0.1.0
Check: Rd files
Result: NOTE checkRd: (-1) Mena.Rd:14: Lost braces in \itemize; meant \describe ? checkRd: (-1) Mena.Rd:15: Lost braces in \itemize; meant \describe ? checkRd: (-1) Mena.Rd:16: Lost braces in \itemize; meant \describe ? checkRd: (-1) Mena.Rd:17: Lost braces in \itemize; meant \describe ? checkRd: (-1) Mena.Rd:18: Lost braces in \itemize; meant \describe ? checkRd: (-1) Mena.Rd:19: Lost braces in \itemize; meant \describe ? Flavors: r-devel-linux-x86_64-debian-clang, r-devel-linux-x86_64-debian-gcc