CRAN Package Check Results for Package dtw

Last updated on 2014-11-23 19:47:44.

Flavor Version Tinstall Tcheck Ttotal Status Flags
r-devel-linux-x86_64-debian-clang 1.17-1 1.82 26.76 28.58 OK
r-devel-linux-x86_64-debian-gcc 1.17-1 1.82 26.93 28.75 OK
r-devel-linux-x86_64-fedora-clang 1.17-1 56.61 OK
r-devel-linux-x86_64-fedora-gcc 1.17-1 54.34 OK
r-devel-osx-x86_64-clang 1.17-1 60.59 OK
r-devel-windows-ix86+x86_64 1.17-1 9.00 50.00 59.00 OK
r-patched-linux-x86_64 1.17-1 2.02 27.21 29.22 OK
r-patched-solaris-sparc 1.17-1 360.90 OK
r-patched-solaris-x86 1.17-1 75.70 OK
r-release-linux-ix86 1.17-1 2.49 37.36 39.85 OK
r-release-linux-x86_64 1.17-1 1.91 27.34 29.25 OK
r-release-osx-x86_64-mavericks 1.17-1 OK
r-release-osx-x86_64-snowleopard 1.17-1 NOTE
r-release-windows-ix86+x86_64 1.17-1 11.00 51.00 62.00 OK
r-oldrel-windows-ix86+x86_64 1.17-1 11.00 49.00 60.00 OK

Check Details

Version: 1.17-1
Check: re-building of vignette outputs
Result: NOTE
    Error in re-building vignettes:
     ...
    Loading required package: proxy
    
    Attaching package: 'proxy'
    
    The following objects are masked from 'package:stats':
    
     as.dist, dist
    
    Loaded dtw v1.17-1. See ?dtw for help, citation("dtw") for use in publication.
    
    Error in texi2dvi(file = file, pdf = TRUE, clean = clean, quiet = quiet, :
     Running 'texi2dvi' on 'dtw.tex' failed.
    Messages:
    sh: gs: command not found
    !!! Error: Closing Ghostscript (exit status: 127)!
    /usr/bin/texi2dvi: thumbpdf exited with bad status, quitting.
    Calls: buildVignettes -> texi2pdf -> texi2dvi
    Execution halted
Flavor: r-release-osx-x86_64-snowleopard