CRAN Package Check Results for Package dtw

Last updated on 2015-07-07 03:47:35.

Flavor Version Tinstall Tcheck Ttotal Status Flags
r-devel-linux-x86_64-debian-clang 1.17-1 1.70 24.58 26.28 NOTE
r-devel-linux-x86_64-debian-gcc 1.17-1 1.69 24.21 25.90 NOTE
r-devel-linux-x86_64-fedora-clang 1.17-1 52.12 NOTE
r-devel-linux-x86_64-fedora-gcc 1.17-1 50.63 NOTE
r-devel-osx-x86_64-clang 1.17-1 48.70 OK
r-devel-windows-ix86+x86_64 1.17-1 15.00 74.00 89.00 NOTE
r-patched-linux-x86_64 1.17-1 1.67 25.17 26.84 OK
r-patched-solaris-sparc 1.17-1 352.20 OK
r-patched-solaris-x86 1.17-1 68.00 OK
r-release-linux-x86_64 1.17-1 1.74 24.48 26.22 OK
r-release-osx-x86_64-mavericks 1.17-1 NOTE
r-release-windows-ix86+x86_64 1.17-1 16.00 46.00 62.00 OK
r-oldrel-windows-ix86+x86_64 1.17-1 18.00 72.00 90.00 OK

Check Details

Version: 1.17-1
Check: R code for possible problems
Result: NOTE
    dtwPlotAlignment: no visible global function definition for ‘plot’
    dtwPlotDensity: no visible global function definition for ‘image’
    dtwPlotDensity: no visible global function definition for
     ‘terrain.colors’
    dtwPlotDensity: no visible global function definition for ‘contour’
    dtwPlotDensity: no visible global function definition for ‘lines’
    dtwPlotThreeWay: no visible global function definition for ‘par’
    dtwPlotThreeWay: no visible global function definition for ‘layout’
    dtwPlotThreeWay: no visible global function definition for ‘plot’
    dtwPlotThreeWay: no visible global function definition for ‘segments’
    dtwPlotThreeWay: no visible global function definition for ‘box’
    dtwPlotThreeWay: no visible global function definition for ‘axis’
    dtwPlotTwoWay: no visible global function definition for ‘par’
    dtwPlotTwoWay: no visible global function definition for ‘matplot’
    dtwPlotTwoWay: no visible global function definition for ‘box’
    dtwPlotTwoWay: no visible global function definition for ‘axis’
    dtwPlotTwoWay: no visible global function definition for ‘segments’
    dtwWindow.plot: no visible global function definition for ‘image’
    plot.stepPattern: no visible global function definition for ‘plot’
    plot.stepPattern: no visible global function definition for ‘lines’
    plot.stepPattern: no visible global function definition for ‘head’
    plot.stepPattern: no visible global function definition for ‘text’
    plot.stepPattern: no visible global function definition for ‘axis’
    plot.stepPattern: no visible global function definition for ‘points’
    warp: no visible global function definition for ‘approx’
    warpArea: no visible global function definition for ‘approx’
    Undefined global functions or variables:
     approx axis box contour head image layout lines matplot par plot
     points segments terrain.colors text
Flavors: r-devel-linux-x86_64-debian-clang, r-devel-linux-x86_64-debian-gcc, r-devel-linux-x86_64-fedora-clang, r-devel-linux-x86_64-fedora-gcc, r-devel-windows-ix86+x86_64

Version: 1.17-1
Check: re-building of vignette outputs
Result: NOTE
    Error in re-building vignettes:
     ...
    
    Loaded dtw v1.17-1. See ?dtw for help, citation("dtw") for use in publication.
    
    Error in texi2dvi(file = file, pdf = TRUE, clean = clean, quiet = quiet, :
     Running 'texi2dvi' on 'dtw.tex' failed.
    LaTeX errors:
    ! LaTeX Error: Missing \begin{document}.
    
    See the LaTeX manual or LaTeX Companion for explanation.
    Type H <return> for immediate help.
     ...
    ! Missing $ inserted.
    <inserted text>
     $
    l.15 ...4?<fa><e8><a3>w<de>y<87><88>T^^?)<e5><ec><ec>,<98><8f><c7><e3>[[[<bf><fc><f2>˗_~)<84>x>^^C<ed>^
     <e8><c1><83>^^G<fb>Z<ee>޽[<af><d7>{<9a>$<<e4><d9> {<dd><c9><e1>^...
    ! Please use \mathaccent for accents in math mode.
    \add@accent ...@spacefactor \spacefactor }\accent
     #1 #2\egroup \spacefactor ...
    l.15 ...<bf><93>^^?<a1><f6><b1> z><93>^^O<b4><fb><c1><88><cb>KW<9c><bd><93><8a><96><a3>^^P<84><87>^^P²<ac>\.<f7>
     <e8>ѣ^^O><f8> <97>˽<fa>꫻<bb><bb><b3><b3><b3>g<b7><f4><0b><bb>...
    ! You can't use `\spacefactor' in math mode.
    \add@accen
    Calls: buildVignettes -> texi2pdf -> texi2dvi
    Execution halted
Flavor: r-release-osx-x86_64-mavericks