CRAN Package Check Results for Package dtw

Last updated on 2016-08-26 09:53:39.

Flavor Version Tinstall Tcheck Ttotal Status Flags
r-devel-linux-x86_64-debian-clang 1.18-1 1.75 23.83 25.58 OK
r-devel-linux-x86_64-debian-gcc 1.18-1 2.32 29.99 32.31 OK
r-devel-linux-x86_64-fedora-clang 1.18-1 47.23 OK
r-devel-linux-x86_64-fedora-gcc 1.18-1 44.24 OK
r-devel-osx-x86_64-clang 1.18-1 38.76 OK
r-devel-windows-ix86+x86_64 1.18-1 16.00 56.00 72.00 OK
r-patched-linux-x86_64 1.18-1 1.64 23.02 24.65 OK
r-patched-solaris-sparc 1.18-1 258.00 OK
r-patched-solaris-x86 1.18-1 54.90 OK
r-release-linux-x86_64 1.18-1 1.69 23.42 25.12 OK
r-release-osx-x86_64-mavericks 1.18-1 NOTE
r-release-windows-ix86+x86_64 1.18-1 8.00 52.00 60.00 OK
r-oldrel-windows-ix86+x86_64 1.18-1 9.00 78.00 87.00 OK

Check Details

Version: 1.18-1
Check: re-building of vignette outputs
Result: NOTE
    Error in re-building vignettes:
     ...
     input string 371 is invalid in this locale
    Warning in grepl("(Rerun to get|biblatex.*\\(re\\)run)", readLines(log, :
     input string 387 is invalid in this locale
    Error in texi2dvi(file = file, pdf = TRUE, clean = clean, quiet = quiet, :
     Running 'texi2dvi' on 'dtw.tex' failed.
    LaTeX errors:
    ! LaTeX Error: Missing \begin{document}.
    
    See the LaTeX manual or LaTeX Companion for explanation.
    Type H <return> for immediate help.
     ...
    ! Missing $ inserted.
    <inserted text>
     $
    l.15 ...4?<fa><e8><a3>w<de>y<87><88>T^^?)<e5><ec><ec>,<98><8f><c7><e3>[[[<bf><fc><f2>˗_~)<84>x>^^C<ed>^
     <e8><c1><83>^^G<fb>Z<ee>޽[<af><d7>{<9a>$<<e4><d9> {<dd><c9><e1>^...
    ! Please use \mathaccent for accents in math mode.
    \add@accent ...@spacefactor \spacefactor }\accent
     #1 #2\egroup \spacefactor ...
    l.15 ...<bf><93>^^?<a1><f6><b1> z><93>^^O<b4><fb><c1><88><cb>KW<9c><bd><93><8a><96><a3>^^P<84><87>^^P²<ac>\.<f7>
     <e8>ѣ^^O><f8> <97>˽<fa>꫻<bb><bb><b3><b3><b3>g<b7><f4><0b><bb>...
    ! You can't use `\spacefactor' in math mode.
    \add@accen
    Calls: buildVignettes -> texi2pdf -> texi2dvi
    Execution halted
Flavor: r-release-osx-x86_64-mavericks