CRAN Package Check Results for Package dtw

Last updated on 2014-04-23 12:48:17.

Flavor Version Tinstall Tcheck Ttotal Status Flags
r-devel-linux-x86_64-debian-clang 1.17-1 1.94 26.08 28.03 OK
r-devel-linux-x86_64-debian-gcc 1.17-1 1.90 25.62 27.52 OK
r-devel-linux-x86_64-fedora-clang 1.17-1 63.47 OK
r-devel-linux-x86_64-fedora-gcc 1.17-1 63.46 OK
r-devel-osx-x86_64-clang 1.17-1 56.87 OK
r-devel-osx-x86_64-gcc 1.17-1 ERROR
r-devel-windows-ix86+x86_64 1.17-1 10.00 49.00 59.00 OK
r-patched-linux-x86_64 1.17-1 1.89 25.71 27.60 OK
r-patched-solaris-sparc 1.17-1 313.20 OK
r-patched-solaris-x86 1.17-1 73.20 OK
r-release-linux-ix86 1.17-1 4.00 54.00 58.00 OK
r-release-linux-x86_64 1.17-1 1.99 25.27 27.26 OK
r-release-osx-x86_64-mavericks 1.17-1 WARN
r-release-osx-x86_64-snowleopard 1.17-1 NOTE
r-release-windows-ix86+x86_64 1.17-1 10.00 46.00 56.00 OK
r-oldrel-windows-ix86+x86_64 1.17-1 10.00 48.00 58.00 OK

Check Details

Version: 1.17-1
Check: package dependencies
Result: ERROR
    Package required but not available: ‘proxy’
    
    See the information on DESCRIPTION files in the chapter ‘Creating R
    packages’ of the ‘Writing R Extensions’ manual.
Flavor: r-devel-osx-x86_64-gcc

Version: 1.17-1
Check: Rd cross-references
Result: NOTE
    Package unavailable to check Rd xrefs: ‘analogue’
Flavor: r-release-osx-x86_64-mavericks

Version: 1.17-1
Check: PDF version of manual
Result: WARNING
    LaTeX errors when creating PDF version.
    This typically indicates Rd problems.
    LaTeX errors found:
    ! LaTeX Error: File `upquote.sty' not found.
    
    Type X to quit or <RETURN> to proceed,
    or enter new name. (Default extension: sty)
    
    d78968/Rd2.tex:8: ==> Fatal error occurred, no output PDF file produced!
Flavor: r-release-osx-x86_64-mavericks

Version: 1.17-1
Check: re-building of vignette outputs
Result: NOTE
    Error in re-building vignettes:
     ...
    Loading required package: proxy
    
    Attaching package: 'proxy'
    
    The following objects are masked from 'package:stats':
    
     as.dist, dist
    
    Loaded dtw v1.17-1. See ?dtw for help, citation("dtw") for use in publication.
    
    Error in texi2dvi(file = file, pdf = TRUE, clean = clean, quiet = quiet, :
     Running 'texi2dvi' on 'dtw.tex' failed.
    Messages:
    sh: gs: command not found
    !!! Error: Closing Ghostscript (exit status: 127)!
    /usr/bin/texi2dvi: thumbpdf exited with bad status, quitting.
    Calls: buildVignettes -> texi2pdf -> texi2dvi
    Execution halted
Flavor: r-release-osx-x86_64-snowleopard