CRAN Package Check Results for Package dtw

Last updated on 2014-07-22 11:51:17.

Flavor Version Tinstall Tcheck Ttotal Status Flags
r-devel-linux-x86_64-debian-clang 1.17-1 1.83 24.76 26.58 OK
r-devel-linux-x86_64-debian-gcc 1.17-1 1.83 24.38 26.21 OK
r-devel-linux-x86_64-fedora-clang 1.17-1 64.36 OK
r-devel-linux-x86_64-fedora-gcc 1.17-1 61.97 OK
r-devel-osx-x86_64-clang 1.17-1 62.73 OK
r-devel-windows-ix86+x86_64 1.17-1 10.00 48.00 58.00 OK
r-patched-linux-x86_64 1.17-1 1.94 24.25 26.19 OK
r-patched-solaris-sparc 1.17-1 313.20 OK
r-patched-solaris-x86 1.17-1 84.20 OK
r-release-linux-ix86 1.17-1 2.58 39.04 41.62 OK
r-release-linux-x86_64 1.17-1 1.87 24.98 26.85 OK
r-release-osx-x86_64-mavericks 1.17-1 OK
r-release-osx-x86_64-snowleopard 1.17-1 NOTE
r-release-windows-ix86+x86_64 1.17-1 11.00 51.00 62.00 OK
r-oldrel-windows-ix86+x86_64 1.17-1 11.00 50.00 61.00 OK

Check Details

Version: 1.17-1
Check: re-building of vignette outputs
Result: NOTE
    Error in re-building vignettes:
     ...
    Loading required package: proxy
    
    Attaching package: 'proxy'
    
    The following objects are masked from 'package:stats':
    
     as.dist, dist
    
    Loaded dtw v1.17-1. See ?dtw for help, citation("dtw") for use in publication.
    
    Error in texi2dvi(file = file, pdf = TRUE, clean = clean, quiet = quiet, :
     Running 'texi2dvi' on 'dtw.tex' failed.
    Messages:
    sh: gs: command not found
    !!! Error: Closing Ghostscript (exit status: 127)!
    /usr/bin/texi2dvi: thumbpdf exited with bad status, quitting.
    Calls: buildVignettes -> texi2pdf -> texi2dvi
    Execution halted
Flavor: r-release-osx-x86_64-snowleopard