CRAN Package Check Results for Package dtw

Last updated on 2014-09-01 08:47:05.

Flavor Version Tinstall Tcheck Ttotal Status Flags
r-devel-linux-x86_64-debian-clang 1.17-1 1.85 24.05 25.90 OK
r-devel-linux-x86_64-debian-gcc 1.17-1 1.75 23.58 25.33 OK
r-devel-linux-x86_64-fedora-clang 1.17-1 63.53 OK
r-devel-linux-x86_64-fedora-gcc 1.17-1 59.88 OK
r-devel-osx-x86_64-clang 1.17-1 59.74 OK
r-devel-windows-ix86+x86_64 1.17-1 10.00 51.00 61.00 OK
r-patched-linux-x86_64 1.17-1 1.87 24.49 26.36 OK
r-patched-solaris-sparc 1.17-1 360.90 OK
r-patched-solaris-x86 1.17-1 83.30 OK
r-release-linux-ix86 1.17-1 2.62 39.61 42.23 OK
r-release-linux-x86_64 1.17-1 1.91 25.20 27.11 OK
r-release-osx-x86_64-mavericks 1.17-1 OK
r-release-osx-x86_64-snowleopard 1.17-1 NOTE
r-release-windows-ix86+x86_64 1.17-1 10.00 77.00 87.00 OK
r-oldrel-windows-ix86+x86_64 1.17-1 15.00 51.00 66.00 OK

Check Details

Version: 1.17-1
Check: re-building of vignette outputs
Result: NOTE
    Error in re-building vignettes:
     ...
    Loading required package: proxy
    
    Attaching package: 'proxy'
    
    The following objects are masked from 'package:stats':
    
     as.dist, dist
    
    Loaded dtw v1.17-1. See ?dtw for help, citation("dtw") for use in publication.
    
    Error in texi2dvi(file = file, pdf = TRUE, clean = clean, quiet = quiet, :
     Running 'texi2dvi' on 'dtw.tex' failed.
    Messages:
    sh: gs: command not found
    !!! Error: Closing Ghostscript (exit status: 127)!
    /usr/bin/texi2dvi: thumbpdf exited with bad status, quitting.
    Calls: buildVignettes -> texi2pdf -> texi2dvi
    Execution halted
Flavor: r-release-osx-x86_64-snowleopard