Last updated on 2023-02-01 11:50:21 CET.
Flavor | Version | Tinstall | Tcheck | Ttotal | Status | Flags |
---|---|---|---|---|---|---|
r-devel-linux-x86_64-debian-clang | 5.5.11 | 174.71 | 416.47 | 591.18 | NOTE | |
r-devel-linux-x86_64-debian-gcc | 5.5.11 | 138.08 | 306.34 | 444.42 | NOTE | |
r-devel-linux-x86_64-fedora-clang | 5.5.11 | 869.16 | NOTE | |||
r-devel-linux-x86_64-fedora-gcc | 5.5.11 | 817.70 | NOTE | |||
r-devel-windows-x86_64 | 5.5.11 | 213.00 | 523.00 | 736.00 | NOTE | |
r-patched-linux-x86_64 | 5.5.11 | 132.77 | 394.77 | 527.54 | NOTE | |
r-release-linux-x86_64 | 5.5.11 | 148.67 | 382.69 | 531.36 | NOTE | |
r-release-macos-arm64 | 5.5.11 | 197.00 | NOTE | |||
r-release-macos-x86_64 | 5.5.11 | 268.00 | NOTE | |||
r-release-windows-x86_64 | 5.5.11 | 207.00 | 495.00 | 702.00 | NOTE | |
r-oldrel-macos-arm64 | 5.5.11 | 193.00 | NOTE | |||
r-oldrel-macos-x86_64 | 5.5.11 | 275.00 | NOTE | |||
r-oldrel-windows-ix86+x86_64 | 5.5.11 | 436.00 | 626.00 | 1062.00 | NOTE |
Version: 5.5.11
Check: C++ specification
Result: NOTE
Specified C++11: please update to current default of C++17
Flavors: r-devel-linux-x86_64-debian-clang, r-devel-linux-x86_64-debian-gcc, r-devel-linux-x86_64-fedora-clang, r-devel-linux-x86_64-fedora-gcc, r-devel-windows-x86_64
Version: 5.5.11
Check: for GNU extensions in Makefiles
Result: NOTE
GNU make is a SystemRequirements.
Flavors: r-devel-linux-x86_64-debian-clang, r-devel-linux-x86_64-debian-gcc, r-devel-linux-x86_64-fedora-clang, r-devel-linux-x86_64-fedora-gcc, r-devel-windows-x86_64, r-patched-linux-x86_64, r-release-linux-x86_64, r-release-macos-arm64, r-release-macos-x86_64, r-release-windows-x86_64, r-oldrel-macos-arm64, r-oldrel-macos-x86_64, r-oldrel-windows-ix86+x86_64
Version: 5.5.11
Check: installed package size
Result: NOTE
installed size is 9.1Mb
sub-directories of 1Mb or more:
doc 2.4Mb
libs 5.4Mb
Flavors: r-release-macos-arm64, r-release-macos-x86_64, r-oldrel-macos-arm64, r-oldrel-macos-x86_64, r-oldrel-windows-ix86+x86_64