CRAN Package Check Results for Package dupree

Last updated on 2022-08-13 07:55:19 CEST.

Flavor Version Tinstall Tcheck Ttotal Status Flags
r-devel-linux-x86_64-debian-clang 0.3.0 6.87 61.49 68.36 NOTE
r-devel-linux-x86_64-debian-gcc 0.3.0 5.53 45.70 51.23 NOTE
r-devel-linux-x86_64-fedora-clang 0.3.0 93.15 NOTE
r-devel-linux-x86_64-fedora-gcc 0.3.0 95.01 NOTE
r-devel-windows-x86_64 0.3.0 26.00 90.00 116.00 NOTE
r-patched-linux-x86_64 0.3.0 7.17 56.87 64.04 NOTE
r-release-linux-x86_64 0.3.0 5.80 56.32 62.12 NOTE
r-release-macos-arm64 0.3.0 28.00 NOTE
r-release-macos-x86_64 0.3.0 51.00 NOTE
r-release-windows-x86_64 0.3.0 22.00 86.00 108.00 NOTE
r-oldrel-macos-arm64 0.3.0 29.00 NOTE
r-oldrel-macos-x86_64 0.3.0 44.00 NOTE
r-oldrel-windows-ix86+x86_64 0.3.0 19.00 83.00 102.00 NOTE

Check Details

Version: 0.3.0
Check: LazyData
Result: NOTE
     'LazyData' is specified without a 'data' directory
Flavors: r-devel-linux-x86_64-debian-clang, r-devel-linux-x86_64-debian-gcc, r-devel-linux-x86_64-fedora-clang, r-devel-linux-x86_64-fedora-gcc, r-devel-windows-x86_64, r-patched-linux-x86_64, r-release-linux-x86_64, r-release-macos-arm64, r-release-macos-x86_64, r-release-windows-x86_64, r-oldrel-macos-arm64, r-oldrel-macos-x86_64, r-oldrel-windows-ix86+x86_64