CRAN Package Check Results for Package dvfBm

Last updated on 2014-11-01 08:48:14.

Flavor Version Tinstall Tcheck Ttotal Status Flags
r-devel-linux-x86_64-debian-clang 1.0 1.83 22.40 24.23 NOTE
r-devel-linux-x86_64-debian-gcc 1.0 1.66 21.61 23.27 NOTE
r-devel-linux-x86_64-fedora-clang 1.0 48.61 NOTE
r-devel-linux-x86_64-fedora-gcc 1.0 45.14 NOTE
r-devel-osx-x86_64-clang 1.0 45.73 NOTE
r-devel-windows-ix86+x86_64 1.0 5.00 32.00 37.00 NOTE
r-patched-linux-x86_64 1.0 1.92 22.56 24.48 NOTE
r-patched-solaris-sparc 1.0 280.50 NOTE
r-patched-solaris-x86 1.0 60.10 NOTE
r-release-linux-ix86 1.0 2.26 33.18 35.44 NOTE
r-release-linux-x86_64 1.0 1.85 24.56 26.42 NOTE
r-release-osx-x86_64-mavericks 1.0 NOTE
r-release-osx-x86_64-snowleopard 1.0 NOTE
r-release-windows-ix86+x86_64 1.0 6.00 36.00 42.00 NOTE
r-oldrel-windows-ix86+x86_64 1.0 5.00 38.00 43.00 NOTE

Check Details

Version: 1.0
Check: top-level files
Result: NOTE
    Non-standard file/directory found at top level:
     ‘Read-and-delete-me’
Flavors: r-devel-linux-x86_64-debian-clang, r-devel-linux-x86_64-debian-gcc, r-devel-linux-x86_64-fedora-clang, r-devel-linux-x86_64-fedora-gcc, r-patched-linux-x86_64, r-release-linux-x86_64

Version: 1.0
Check: dependencies in R code
Result: NOTE
    'library' or 'require' call to ‘wmtsa’ which was already attached by Depends.
     Please remove these calls from your code.
    Package in Depends field not imported from: ‘wmtsa’
     These packages need to be imported from (in the NAMESPACE file)
     for when this namespace is loaded but not attached.
    See the information on DESCRIPTION files in the chapter ‘Creating R
    packages’ of the ‘Writing R Extensions’ manual.
Flavors: r-devel-linux-x86_64-debian-clang, r-devel-linux-x86_64-debian-gcc, r-devel-linux-x86_64-fedora-clang, r-devel-linux-x86_64-fedora-gcc, r-devel-osx-x86_64-clang, r-devel-windows-ix86+x86_64, r-patched-linux-x86_64, r-patched-solaris-sparc, r-patched-solaris-x86, r-release-linux-ix86, r-release-linux-x86_64, r-release-osx-x86_64-mavericks, r-release-windows-ix86+x86_64, r-oldrel-windows-ix86+x86_64

Version: 1.0
Check: R code for possible problems
Result: NOTE
    perturbFBM: warning in circFBM(n, H, plot = FALSE): partial argument
     match of ‘plot’ to ‘plotfBm’
    filt: no visible global function definition for ‘wavDaubechies’
Flavors: r-devel-linux-x86_64-debian-clang, r-devel-linux-x86_64-debian-gcc, r-devel-linux-x86_64-fedora-clang, r-devel-linux-x86_64-fedora-gcc, r-devel-osx-x86_64-clang, r-devel-windows-ix86+x86_64, r-patched-linux-x86_64, r-patched-solaris-sparc, r-patched-solaris-x86

Version: 1.0
Check: R code for possible problems
Result: NOTE
    perturbFBM: warning in circFBM(n, H, plot = FALSE): partial argument
     match of 'plot' to 'plotfBm'
Flavors: r-release-linux-ix86, r-release-linux-x86_64, r-release-osx-x86_64-mavericks, r-release-osx-x86_64-snowleopard, r-release-windows-ix86+x86_64, r-oldrel-windows-ix86+x86_64

Version: 1.0
Check: dependencies in R code
Result: NOTE
    'library' or 'require' call to 'wmtsa' which was already attached by Depends.
     Please remove these calls from your code.
    See the information on DESCRIPTION files in the chapter 'Creating R
    packages' of the 'Writing R Extensions' manual.
Flavor: r-release-osx-x86_64-snowleopard