CRAN Package Check Results for Package dvfBm

Last updated on 2014-04-23 12:48:17.

Flavor Version Tinstall Tcheck Ttotal Status Flags
r-devel-linux-x86_64-debian-clang 1.0 1.90 24.29 26.19 NOTE
r-devel-linux-x86_64-debian-gcc 1.0 1.88 23.85 25.73 NOTE
r-devel-linux-x86_64-fedora-clang 1.0 51.48 NOTE
r-devel-linux-x86_64-fedora-gcc 1.0 48.67 NOTE
r-devel-osx-x86_64-clang 1.0 45.28 NOTE
r-devel-osx-x86_64-gcc 1.0 NOTE
r-devel-windows-ix86+x86_64 1.0 6.00 37.00 43.00 NOTE
r-patched-linux-x86_64 1.0 1.83 24.58 26.42 NOTE
r-patched-solaris-sparc 1.0 295.80 NOTE
r-patched-solaris-x86 1.0 63.80 NOTE
r-release-linux-ix86 1.0 3.00 42.00 45.00 NOTE
r-release-linux-x86_64 1.0 2.05 24.04 26.09 NOTE
r-release-osx-x86_64-mavericks 1.0 WARN
r-release-osx-x86_64-snowleopard 1.0 NOTE
r-release-windows-ix86+x86_64 1.0 7.00 34.00 41.00 NOTE
r-oldrel-windows-ix86+x86_64 1.0 6.00 37.00 43.00 NOTE

Check Details

Version: 1.0
Check: dependencies in R code
Result: NOTE
    'library' or 'require' call to ‘wmtsa’ which was already attached by Depends.
     Please remove these calls from your code.
    Package in Depends field not imported from: ‘wmtsa’
     These packages need to be imported from (in the NAMESPACE file)
     for when this namespace is loaded but not attached.
    See the information on DESCRIPTION files in the chapter ‘Creating R
    packages’ of the ‘Writing R Extensions’ manual.
Flavors: r-devel-linux-x86_64-debian-clang, r-devel-linux-x86_64-debian-gcc, r-devel-linux-x86_64-fedora-clang, r-devel-linux-x86_64-fedora-gcc, r-devel-osx-x86_64-clang, r-devel-osx-x86_64-gcc, r-devel-windows-ix86+x86_64, r-patched-linux-x86_64, r-patched-solaris-sparc, r-patched-solaris-x86, r-release-linux-ix86, r-release-linux-x86_64, r-release-osx-x86_64-mavericks, r-release-windows-ix86+x86_64, r-oldrel-windows-ix86+x86_64

Version: 1.0
Check: R code for possible problems
Result: NOTE
    perturbFBM: warning in circFBM(n, H, plot = FALSE): partial argument
     match of 'plot' to 'plotfBm'
Flavors: r-devel-linux-x86_64-debian-clang, r-devel-linux-x86_64-debian-gcc, r-devel-linux-x86_64-fedora-clang, r-devel-linux-x86_64-fedora-gcc, r-devel-osx-x86_64-clang, r-devel-osx-x86_64-gcc, r-devel-windows-ix86+x86_64, r-patched-linux-x86_64, r-patched-solaris-sparc, r-patched-solaris-x86, r-release-linux-ix86, r-release-linux-x86_64, r-release-osx-x86_64-mavericks, r-release-osx-x86_64-snowleopard, r-release-windows-ix86+x86_64, r-oldrel-windows-ix86+x86_64

Version: 1.0
Check: top-level files
Result: NOTE
    Non-standard file/directory found at top level:
     ‘Read-and-delete-me’
Flavors: r-devel-linux-x86_64-fedora-clang, r-devel-linux-x86_64-fedora-gcc

Version: 1.0
Check: PDF version of manual
Result: WARNING
    LaTeX errors when creating PDF version.
    This typically indicates Rd problems.
    LaTeX errors found:
    ! LaTeX Error: File `upquote.sty' not found.
    
    Type X to quit or <RETURN> to proceed,
    or enter new name. (Default extension: sty)
    
    870c458/Rd2.tex:8: ==> Fatal error occurred, no output PDF file produced!
Flavor: r-release-osx-x86_64-mavericks

Version: 1.0
Check: dependencies in R code
Result: NOTE
    'library' or 'require' call to 'wmtsa' which was already attached by Depends.
     Please remove these calls from your code.
    See the information on DESCRIPTION files in the chapter 'Creating R
    packages' of the 'Writing R Extensions' manual.
Flavor: r-release-osx-x86_64-snowleopard