CRAN Package Check Results for Package dvfBm

Last updated on 2015-04-27 23:47:22.

Flavor Version Tinstall Tcheck Ttotal Status Flags
r-devel-linux-x86_64-debian-clang 1.0 1.19 16.60 17.79 NOTE
r-devel-linux-x86_64-debian-gcc 1.0 1.25 16.74 17.99 NOTE
r-devel-linux-x86_64-fedora-clang 1.0 35.84 NOTE
r-devel-linux-x86_64-fedora-gcc 1.0 33.76 NOTE
r-devel-osx-x86_64-clang 1.0 35.43 NOTE
r-devel-windows-ix86+x86_64 1.0 5.00 41.00 46.00 NOTE
r-patched-linux-x86_64 1.0 1.26 17.16 18.42 NOTE
r-patched-solaris-sparc 1.0 241.30 NOTE
r-patched-solaris-x86 1.0 46.90 NOTE
r-release-linux-x86_64 1.0 1.20 16.72 17.92 NOTE
r-release-osx-x86_64-mavericks 1.0 NOTE
r-release-osx-x86_64-snowleopard 1.0 NOTE
r-release-windows-ix86+x86_64 1.0 6.00 39.00 45.00 NOTE
r-oldrel-windows-ix86+x86_64 1.0 5.00 47.00 52.00 NOTE

Check Details

Version: 1.0
Check: DESCRIPTION meta-information
Result: NOTE
    Malformed Description field: should contain one or more complete sentences.
Flavors: r-devel-linux-x86_64-debian-clang, r-devel-linux-x86_64-debian-gcc, r-devel-linux-x86_64-fedora-clang, r-devel-linux-x86_64-fedora-gcc, r-devel-osx-x86_64-clang, r-devel-windows-ix86+x86_64, r-patched-solaris-sparc, r-patched-solaris-x86, r-release-linux-x86_64, r-release-osx-x86_64-mavericks, r-release-osx-x86_64-snowleopard, r-release-windows-ix86+x86_64

Version: 1.0
Check: top-level files
Result: NOTE
    Non-standard file/directory found at top level:
     ‘Read-and-delete-me’
Flavors: r-devel-linux-x86_64-debian-clang, r-devel-linux-x86_64-debian-gcc, r-devel-linux-x86_64-fedora-clang, r-devel-linux-x86_64-fedora-gcc, r-release-linux-x86_64

Version: 1.0
Check: dependencies in R code
Result: NOTE
    'library' or 'require' call to ‘wmtsa’ which was already attached by Depends.
     Please remove these calls from your code.
    Package in Depends field not imported from: ‘wmtsa’
     These packages need to be imported from (in the NAMESPACE file)
     for when this namespace is loaded but not attached.
Flavors: r-devel-linux-x86_64-debian-clang, r-devel-linux-x86_64-debian-gcc, r-devel-linux-x86_64-fedora-clang, r-devel-linux-x86_64-fedora-gcc, r-devel-osx-x86_64-clang, r-devel-windows-ix86+x86_64, r-patched-solaris-sparc, r-patched-solaris-x86, r-release-linux-x86_64, r-release-osx-x86_64-mavericks, r-release-osx-x86_64-snowleopard, r-release-windows-ix86+x86_64, r-oldrel-windows-ix86+x86_64

Version: 1.0
Check: R code for possible problems
Result: NOTE
    perturbFBM: warning in circFBM(n, H, plot = FALSE): partial argument
     match of ‘plot’ to ‘plotfBm’
    filt: no visible global function definition for ‘wavDaubechies’
Flavors: r-devel-linux-x86_64-debian-clang, r-devel-linux-x86_64-debian-gcc, r-devel-linux-x86_64-fedora-clang, r-devel-linux-x86_64-fedora-gcc, r-devel-osx-x86_64-clang, r-devel-windows-ix86+x86_64, r-patched-solaris-sparc, r-patched-solaris-x86, r-release-linux-x86_64, r-release-osx-x86_64-mavericks, r-release-osx-x86_64-snowleopard, r-release-windows-ix86+x86_64, r-oldrel-windows-ix86+x86_64