CRAN Package Check Results for Package dvfBm

Last updated on 2015-06-30 15:47:02.

Flavor Version Tinstall Tcheck Ttotal Status Flags
r-devel-linux-x86_64-debian-clang 1.0 1.31 16.06 17.37 NOTE
r-devel-linux-x86_64-debian-gcc 1.0 1.25 15.96 17.21 NOTE
r-devel-linux-x86_64-fedora-clang 1.0 34.88 NOTE
r-devel-linux-x86_64-fedora-gcc 1.0 31.47 NOTE
r-devel-osx-x86_64-clang 1.0 34.24 NOTE
r-devel-windows-ix86+x86_64 1.0 4.00 48.00 52.00 NOTE
r-patched-linux-x86_64 1.0 1.17 16.20 17.36 NOTE
r-patched-solaris-sparc 1.0 214.10 NOTE
r-patched-solaris-x86 1.0 47.50 NOTE
r-release-linux-x86_64 1.0 1.20 16.80 18.00 NOTE
r-release-osx-x86_64-mavericks 1.0 NOTE
r-release-windows-ix86+x86_64 1.0 5.00 27.00 32.00 NOTE
r-oldrel-windows-ix86+x86_64 1.0 6.00 56.00 62.00 NOTE

Check Details

Version: 1.0
Check: DESCRIPTION meta-information
Result: NOTE
    Malformed Description field: should contain one or more complete sentences.
Flavors: r-devel-linux-x86_64-debian-clang, r-devel-linux-x86_64-debian-gcc, r-devel-linux-x86_64-fedora-clang, r-devel-linux-x86_64-fedora-gcc, r-devel-osx-x86_64-clang, r-devel-windows-ix86+x86_64, r-patched-linux-x86_64, r-patched-solaris-sparc, r-patched-solaris-x86, r-release-linux-x86_64, r-release-osx-x86_64-mavericks, r-release-windows-ix86+x86_64

Version: 1.0
Check: top-level files
Result: NOTE
    Non-standard file/directory found at top level:
     ‘Read-and-delete-me’
Flavors: r-devel-linux-x86_64-debian-clang, r-devel-linux-x86_64-debian-gcc, r-devel-linux-x86_64-fedora-clang, r-devel-linux-x86_64-fedora-gcc, r-patched-linux-x86_64, r-release-linux-x86_64

Version: 1.0
Check: dependencies in R code
Result: NOTE
    'library' or 'require' call to ‘wmtsa’ which was already attached by Depends.
     Please remove these calls from your code.
    Package in Depends field not imported from: ‘wmtsa’
     These packages need to be imported from (in the NAMESPACE file)
     for when this namespace is loaded but not attached.
Flavors: r-devel-linux-x86_64-debian-clang, r-devel-linux-x86_64-debian-gcc, r-devel-linux-x86_64-fedora-clang, r-devel-linux-x86_64-fedora-gcc, r-devel-osx-x86_64-clang, r-devel-windows-ix86+x86_64, r-patched-linux-x86_64, r-patched-solaris-sparc, r-patched-solaris-x86, r-release-linux-x86_64, r-release-osx-x86_64-mavericks, r-release-windows-ix86+x86_64, r-oldrel-windows-ix86+x86_64

Version: 1.0
Check: R code for possible problems
Result: NOTE
    perturbFBM: warning in circFBM(n, H, plot = FALSE): partial argument
     match of ‘plot’ to ‘plotfBm’
    circFBM: no visible global function definition for ‘fft’
    circFBM: no visible global function definition for ‘rnorm’
    circFBM: no visible global function definition for ‘par’
    circFBM: no visible global function definition for ‘plot’
    dvFBM: no visible global function definition for ‘filter’
    dvFBM: no visible global function definition for ‘quantile’
    dvFBM: no visible global function definition for ‘lm’
    dvFBM: no visible global function definition for ‘plot’
    dvFBM: no visible global function definition for ‘abline’
    filt: no visible global function definition for ‘wavDaubechies’
    perturbFBM: no visible global function definition for ‘rnorm’
    perturbFBM: no visible global function definition for ‘rbinom’
    perturbFBM: no visible global function definition for ‘par’
    perturbFBM: no visible global function definition for ‘segments’
    perturbFBM: no visible global function definition for ‘points’
Flavors: r-devel-linux-x86_64-debian-clang, r-devel-linux-x86_64-debian-gcc, r-devel-linux-x86_64-fedora-clang, r-devel-windows-ix86+x86_64

Version: 1.0
Check: R code for possible problems
Result: NOTE
    perturbFBM: warning in circFBM(n, H, plot = FALSE): partial argument
     match of 'plot' to 'plotfBm'
    filt: no visible global function definition for ‘wavDaubechies’
Flavors: r-devel-linux-x86_64-fedora-gcc, r-devel-osx-x86_64-clang, r-patched-linux-x86_64, r-patched-solaris-sparc, r-patched-solaris-x86, r-release-linux-x86_64, r-release-osx-x86_64-mavericks, r-release-windows-ix86+x86_64, r-oldrel-windows-ix86+x86_64