CRAN Package Check Results for Package dvqcc

Last updated on 2022-06-29 12:54:27 CEST.

Flavor Version Tinstall Tcheck Ttotal Status Flags
r-devel-linux-x86_64-debian-clang 0.1.0 14.95 133.72 148.67 NOTE
r-devel-linux-x86_64-debian-gcc 0.1.0 12.67 99.64 112.31 NOTE
r-devel-linux-x86_64-fedora-clang 0.1.0 186.04 NOTE
r-devel-linux-x86_64-fedora-gcc 0.1.0 194.13 NOTE
r-devel-windows-x86_64 0.1.0 18.00 149.00 167.00 NOTE
r-patched-linux-x86_64 0.1.0 10.01 125.15 135.16 NOTE
r-release-linux-x86_64 0.1.0 10.79 127.71 138.50 NOTE
r-release-macos-arm64 0.1.0 56.00 NOTE
r-release-macos-x86_64 0.1.0 95.00 NOTE
r-release-windows-x86_64 0.1.0 20.00 148.00 168.00 NOTE
r-oldrel-macos-arm64 0.1.0 53.00 NOTE
r-oldrel-macos-x86_64 0.1.0 94.00 NOTE
r-oldrel-windows-ix86+x86_64 0.1.0 33.00 142.00 175.00 NOTE

Check Details

Version: 0.1.0
Check: LazyData
Result: NOTE
     'LazyData' is specified without a 'data' directory
Flavors: r-devel-linux-x86_64-debian-clang, r-devel-linux-x86_64-debian-gcc, r-devel-linux-x86_64-fedora-clang, r-devel-linux-x86_64-fedora-gcc, r-devel-windows-x86_64, r-patched-linux-x86_64, r-release-linux-x86_64, r-release-macos-arm64, r-release-macos-x86_64, r-release-windows-x86_64, r-oldrel-macos-arm64, r-oldrel-macos-x86_64, r-oldrel-windows-ix86+x86_64