CRAN Package Check Results for Package dyn

Last updated on 2017-08-18 23:47:31.

Flavor Version Tinstall Tcheck Ttotal Status Flags
r-devel-linux-x86_64-debian-clang 0.2-9.3 0.96 17.90 18.85 NOTE
r-devel-linux-x86_64-debian-gcc 0.2-9.3 0.84 17.52 18.36 NOTE
r-devel-linux-x86_64-fedora-clang 0.2-9.3 29.78 NOTE
r-devel-linux-x86_64-fedora-gcc 0.2-9.3 29.84 NOTE
r-devel-windows-ix86+x86_64 0.2-9.3 6.00 34.00 40.00 OK
r-patched-linux-x86_64 0.2-9.3 0.87 17.85 18.73 NOTE
r-patched-solaris-x86 0.2-9.3 41.40 NOTE
r-release-linux-x86_64 0.2-9.3 0.95 17.41 18.36 NOTE
r-release-windows-ix86+x86_64 0.2-9.3 4.00 35.00 39.00 OK
r-release-osx-x86_64 0.2-9.3 OK
r-oldrel-windows-ix86+x86_64 0.2-9.3 3.00 33.00 36.00 OK
r-oldrel-osx-x86_64 0.2-9.3 OK

Check Details

Version: 0.2-9.3
Check: S3 generic/method consistency
Result: NOTE
    Found the following apparent S3 methods exported but not registered:
     $.dyn
    See section ‘Registering S3 methods’ in the ‘Writing R Extensions’
    manual.
Flavors: r-devel-linux-x86_64-debian-clang, r-devel-linux-x86_64-debian-gcc, r-devel-linux-x86_64-fedora-clang, r-devel-linux-x86_64-fedora-gcc, r-patched-linux-x86_64, r-patched-solaris-x86, r-release-linux-x86_64