CRAN Package Check Results for Package dyn

Last updated on 2014-04-17 10:47:47.

Flavor Version Tinstall Tcheck Ttotal Status Flags
r-devel-linux-x86_64-debian-clang 0.2-9 0.79 17.39 18.18 NOTE
r-devel-linux-x86_64-debian-gcc 0.2-9 0.77 17.23 18.00 NOTE
r-devel-linux-x86_64-fedora-clang 0.2-9 36.01 NOTE
r-devel-linux-x86_64-fedora-gcc 0.2-9 32.92 NOTE
r-devel-macosx-x86_64-clang 0.2-9 37.38 NOTE
r-devel-macosx-x86_64-gcc 0.2-9 ERROR
r-devel-windows-ix86+x86_64 0.2-9 3.00 28.00 31.00 NOTE
r-patched-linux-x86_64 0.2-9 0.88 17.10 17.98 NOTE
r-patched-solaris-sparc 0.2-9 204.60 NOTE
r-patched-solaris-x86 0.2-9 46.90 NOTE
r-release-linux-ix86 0.2-9 2.00 34.00 36.00 NOTE
r-release-linux-x86_64 0.2-9 0.79 17.25 18.04 NOTE
r-release-windows-ix86+x86_64 0.2-9 3.00 27.00 30.00 NOTE
r-oldrel-windows-ix86+x86_64 0.2-9 3.00 28.00 31.00 NOTE

Check Details

Version: 0.2-9
Check: dependencies in R code
Result: NOTE
    Package in Depends field not imported from: ‘zoo’
     These packages need to be imported from (in the NAMESPACE file)
     for when this namespace is loaded but not attached.
    See the information on DESCRIPTION files in the chapter ‘Creating R
    packages’ of the ‘Writing R Extensions’ manual.
Flavors: r-devel-linux-x86_64-debian-clang, r-devel-linux-x86_64-debian-gcc, r-devel-linux-x86_64-fedora-clang, r-devel-linux-x86_64-fedora-gcc, r-devel-macosx-x86_64-clang, r-devel-windows-ix86+x86_64, r-patched-linux-x86_64, r-patched-solaris-sparc, r-patched-solaris-x86, r-release-linux-ix86, r-release-linux-x86_64, r-release-windows-ix86+x86_64, r-oldrel-windows-ix86+x86_64

Version: 0.2-9
Check: top-level files
Result: NOTE
    Non-standard file/directory found at top level:
     ‘COPYRIGHTS’
    Copyright information should be in file inst/COPYRIGHTS
Flavors: r-devel-linux-x86_64-fedora-clang, r-devel-linux-x86_64-fedora-gcc

Version: 0.2-9
Check: package dependencies
Result: ERROR
    Package required but not available: ‘zoo’
    
    Packages suggested but not available for checking:
     ‘its’ ‘quantreg’ ‘sandwich’ ‘tseries’
    
    See the information on DESCRIPTION files in the chapter ‘Creating R
    packages’ of the ‘Writing R Extensions’ manual.
Flavor: r-devel-macosx-x86_64-gcc