CRAN Package Check Results for Package dyn

Last updated on 2017-10-19 17:48:20.

Flavor Version Tinstall Tcheck Ttotal Status Flags
r-devel-linux-x86_64-debian-clang 0.2-9.3 0.88 18.60 19.48 NOTE
r-devel-linux-x86_64-debian-gcc 0.2-9.3 0.93 18.80 19.74 NOTE
r-devel-linux-x86_64-fedora-clang 0.2-9.3 30.69 NOTE
r-devel-linux-x86_64-fedora-gcc 0.2-9.3 30.08 NOTE
r-devel-windows-ix86+x86_64 0.2-9.3 3.00 36.00 39.00 OK
r-patched-linux-x86_64 0.2-9.3 0.83 17.70 18.53 NOTE
r-patched-solaris-x86 0.2-9.3 42.00 NOTE
r-release-linux-x86_64 0.2-9.3 0.91 17.80 18.71 NOTE
r-release-windows-ix86+x86_64 0.2-9.3 5.00 46.00 51.00 OK
r-release-osx-x86_64 0.2-9.3 OK
r-oldrel-windows-ix86+x86_64 0.2-9.3 5.00 43.00 48.00 OK
r-oldrel-osx-x86_64 0.2-9.3 OK

Check Details

Version: 0.2-9.3
Check: S3 generic/method consistency
Result: NOTE
    Found the following apparent S3 methods exported but not registered:
     $.dyn
    See section ‘Registering S3 methods’ in the ‘Writing R Extensions’
    manual.
Flavors: r-devel-linux-x86_64-debian-clang, r-devel-linux-x86_64-debian-gcc, r-devel-linux-x86_64-fedora-clang, r-devel-linux-x86_64-fedora-gcc, r-patched-linux-x86_64, r-patched-solaris-x86, r-release-linux-x86_64