CRAN Package Check Results for Package dyn

Last updated on 2017-12-13 15:48:17 CET.

Flavor Version Tinstall Tcheck Ttotal Status Flags
r-devel-linux-x86_64-debian-clang 0.2-9.3 0.89 24.83 25.72 NOTE
r-devel-linux-x86_64-debian-gcc 0.2-9.3 0.71 20.30 21.01 NOTE
r-devel-linux-x86_64-fedora-clang 0.2-9.3 28.58 NOTE
r-devel-linux-x86_64-fedora-gcc 0.2-9.3 29.71 NOTE
r-devel-windows-ix86+x86_64 0.2-9.3 7.00 54.00 61.00 OK
r-patched-linux-x86_64 0.2-9.3 1.19 25.42 26.61 NOTE
r-patched-solaris-x86 0.2-9.3 40.90 NOTE
r-release-linux-x86_64 0.2-9.3 1.11 25.53 26.64 NOTE
r-release-windows-ix86+x86_64 0.2-9.3 3.00 36.00 39.00 OK
r-release-osx-x86_64 0.2-9.3 OK
r-oldrel-windows-ix86+x86_64 0.2-9.3 3.00 47.00 50.00 OK
r-oldrel-osx-x86_64 0.2-9.3 OK

Check Details

Version: 0.2-9.3
Check: S3 generic/method consistency
Result: NOTE
    Found the following apparent S3 methods exported but not registered:
     $.dyn
    See section ‘Registering S3 methods’ in the ‘Writing R Extensions’
    manual.
Flavors: r-devel-linux-x86_64-debian-clang, r-devel-linux-x86_64-debian-gcc, r-devel-linux-x86_64-fedora-clang, r-devel-linux-x86_64-fedora-gcc, r-patched-linux-x86_64, r-patched-solaris-x86, r-release-linux-x86_64