CRAN Package Check Results for Package dyn

Last updated on 2014-07-25 03:49:45.

Flavor Version Tinstall Tcheck Ttotal Status Flags
r-devel-linux-x86_64-debian-clang 0.2-9 0.72 17.28 17.99 NOTE
r-devel-linux-x86_64-debian-gcc 0.2-9 0.74 17.02 17.75 NOTE
r-devel-linux-x86_64-fedora-clang 0.2-9 35.95 NOTE
r-devel-linux-x86_64-fedora-gcc 0.2-9 35.09 NOTE
r-devel-osx-x86_64-clang 0.2-9 34.83 NOTE
r-devel-windows-ix86+x86_64 0.2-9 3.00 26.00 29.00 NOTE
r-patched-linux-x86_64 0.2-9 0.94 16.25 17.19 NOTE
r-patched-solaris-sparc 0.2-9 204.60 NOTE
r-patched-solaris-x86 0.2-9 48.00 NOTE
r-release-linux-ix86 0.2-9 1.07 24.28 25.35 NOTE
r-release-linux-x86_64 0.2-9 0.76 16.81 17.57 NOTE
r-release-osx-x86_64-mavericks 0.2-9 NOTE
r-release-windows-ix86+x86_64 0.2-9 3.00 30.00 33.00 NOTE
r-oldrel-windows-ix86+x86_64 0.2-9 3.00 30.00 33.00 NOTE

Check Details

Version: 0.2-9
Check: dependencies in R code
Result: NOTE
    Package in Depends field not imported from: ‘zoo’
     These packages need to be imported from (in the NAMESPACE file)
     for when this namespace is loaded but not attached.
    See the information on DESCRIPTION files in the chapter ‘Creating R
    packages’ of the ‘Writing R Extensions’ manual.
Flavors: r-devel-linux-x86_64-debian-clang, r-devel-linux-x86_64-debian-gcc, r-devel-linux-x86_64-fedora-clang, r-devel-linux-x86_64-fedora-gcc, r-devel-osx-x86_64-clang, r-devel-windows-ix86+x86_64, r-patched-linux-x86_64, r-patched-solaris-sparc, r-patched-solaris-x86, r-release-linux-ix86, r-release-linux-x86_64, r-release-osx-x86_64-mavericks, r-release-windows-ix86+x86_64, r-oldrel-windows-ix86+x86_64

Version: 0.2-9
Check: top-level files
Result: NOTE
    Non-standard file/directory found at top level:
     ‘COPYRIGHTS’
    Copyright information should be in file inst/COPYRIGHTS
Flavors: r-devel-linux-x86_64-fedora-clang, r-devel-linux-x86_64-fedora-gcc