CRAN Package Check Results for Package dyn

Last updated on 2015-07-05 14:46:28.

Flavor Version Tinstall Tcheck Ttotal Status Flags
r-devel-linux-x86_64-debian-clang 0.2-9 0.71 14.24 14.95 NOTE
r-devel-linux-x86_64-debian-gcc 0.2-9 0.80 13.36 14.16 NOTE
r-devel-linux-x86_64-fedora-clang 0.2-9 27.88 NOTE
r-devel-linux-x86_64-fedora-gcc 0.2-9 25.79 NOTE
r-devel-osx-x86_64-clang 0.2-9 27.31 NOTE
r-devel-windows-ix86+x86_64 0.2-9 3.00 23.00 26.00 NOTE
r-patched-linux-x86_64 0.2-9 0.70 14.03 14.72 NOTE
r-patched-solaris-sparc 0.2-9 178.30 NOTE
r-patched-solaris-x86 0.2-9 40.40 NOTE
r-release-linux-x86_64 0.2-9 0.67 14.21 14.88 NOTE
r-release-osx-x86_64-mavericks 0.2-9 NOTE
r-release-windows-ix86+x86_64 0.2-9 4.00 24.00 28.00 NOTE
r-oldrel-windows-ix86+x86_64 0.2-9 6.00 42.00 48.00 NOTE

Check Details

Version: 0.2-9
Check: top-level files
Result: NOTE
    Non-standard file/directory found at top level:
     ‘COPYRIGHTS’
    Copyright information should be in file inst/COPYRIGHTS
Flavors: r-devel-linux-x86_64-debian-clang, r-devel-linux-x86_64-debian-gcc, r-devel-linux-x86_64-fedora-clang, r-devel-linux-x86_64-fedora-gcc, r-patched-linux-x86_64, r-release-linux-x86_64

Version: 0.2-9
Check: dependencies in R code
Result: NOTE
    Package in Depends field not imported from: ‘zoo’
     These packages need to be imported from (in the NAMESPACE file)
     for when this namespace is loaded but not attached.
Flavors: r-devel-linux-x86_64-debian-clang, r-devel-linux-x86_64-debian-gcc, r-devel-linux-x86_64-fedora-clang, r-devel-linux-x86_64-fedora-gcc, r-devel-osx-x86_64-clang, r-devel-windows-ix86+x86_64, r-patched-linux-x86_64, r-patched-solaris-sparc, r-patched-solaris-x86, r-release-linux-x86_64, r-release-osx-x86_64-mavericks, r-release-windows-ix86+x86_64, r-oldrel-windows-ix86+x86_64

Version: 0.2-9
Check: S3 generic/method consistency
Result: NOTE
    Found the following apparent S3 methods exported but not registered:
     anova.dyn fitted.dyn fitted.irts fitted.its fitted.ts fitted.zoo
     fitted.zooreg model.frame.dyn model.frame.irts model.frame.its
     model.frame.ts model.frame.zoo model.frame.zooreg model.matrix.dyn
     predict.dyn predict.irts predict.its predict.ts predict.zoo
     predict.zooreg residuals.dyn residuals.irts residuals.its
     residuals.ts residuals.zoo residuals.zooreg update.dyn
    See section ‘Registering S3 methods’ in the ‘Writing R Extensions’
    manual.
Flavors: r-devel-linux-x86_64-debian-clang, r-devel-linux-x86_64-debian-gcc, r-devel-linux-x86_64-fedora-clang, r-devel-linux-x86_64-fedora-gcc, r-devel-osx-x86_64-clang, r-patched-linux-x86_64, r-patched-solaris-sparc, r-patched-solaris-x86, r-release-linux-x86_64

Version: 0.2-9
Check: R code for possible problems
Result: NOTE
    anova.dyn : series: no visible global function definition for
     ‘model.frame’
    anova.dyn : <anonymous>: no visible global function definition for
     ‘na.omit’
    anova.dyn: no visible global function definition for ‘time’
    anova.dyn: no visible global function definition for ‘na.omit’
    anova.dyn: no visible global function definition for ‘MATCH’
    anova.dyn: no visible binding for global variable ‘anova’
    fitted.dyn: no visible global function definition for ‘model.frame’
    fitted.irts: no visible global function definition for ‘model.frame’
    fitted.irts: no visible global function definition for ‘resid’
    fitted.irts: no visible global function definition for ‘time’
    fitted.irts: no visible global function definition for ‘zoo’
    fitted.irts: no visible global function definition for ‘fitted’
    fitted.irts: no visible global function definition for ‘frequency’
    fitted.its: no visible global function definition for ‘model.frame’
    fitted.its: no visible global function definition for ‘resid’
    fitted.its: no visible global function definition for ‘time’
    fitted.its: no visible global function definition for ‘zoo’
    fitted.its: no visible global function definition for ‘fitted’
    fitted.its: no visible global function definition for ‘frequency’
    fitted.ts: no visible global function definition for ‘model.frame’
    fitted.ts: no visible global function definition for ‘resid’
    fitted.ts: no visible global function definition for ‘time’
    fitted.ts: no visible global function definition for ‘zoo’
    fitted.ts: no visible global function definition for ‘fitted’
    fitted.ts: no visible global function definition for ‘frequency’
    fitted.zoo: no visible global function definition for ‘model.frame’
    fitted.zoo: no visible global function definition for ‘resid’
    fitted.zoo: no visible global function definition for ‘time’
    fitted.zoo: no visible global function definition for ‘zoo’
    fitted.zoo: no visible global function definition for ‘fitted’
    fitted.zoo: no visible global function definition for ‘frequency’
    fitted.zooreg: no visible global function definition for ‘model.frame’
    fitted.zooreg: no visible global function definition for ‘resid’
    fitted.zooreg: no visible global function definition for ‘time’
    fitted.zooreg: no visible global function definition for ‘zoo’
    fitted.zooreg: no visible global function definition for ‘fitted’
    fitted.zooreg: no visible global function definition for ‘frequency’
    model.frame.dyn: no visible global function definition for ‘coredata’
    model.frame.irts: no visible global function definition for ‘terms’
    model.frame.its: no visible global function definition for ‘terms’
    model.frame.ts: no visible global function definition for ‘terms’
    model.frame.zoo: no visible global function definition for ‘terms’
    model.frame.zooreg: no visible global function definition for ‘terms’
    model.matrix.dyn: no visible global function definition for
     ‘model.matrix’
    model.matrix.dyn: no visible global function definition for ‘terms’
    model.matrix.dyn: no visible global function definition for
     ‘model.frame’
    predict.dyn: no visible global function definition for ‘fitted’
    predict.dyn: no visible global function definition for ‘model.frame’
    predict.irts: no visible global function definition for ‘terms’
    predict.irts: no visible binding for global variable ‘merge.zoo’
    predict.irts: no visible global function definition for ‘zoo’
    predict.irts: no visible global function definition for ‘predict’
    predict.irts: no visible global function definition for ‘time’
    predict.irts: no visible global function definition for ‘frequency’
    predict.irts: no visible global function definition for ‘model.frame’
    predict.its: no visible global function definition for ‘terms’
    predict.its: no visible binding for global variable ‘merge.zoo’
    predict.its: no visible global function definition for ‘zoo’
    predict.its: no visible global function definition for ‘predict’
    predict.its: no visible global function definition for ‘time’
    predict.its: no visible global function definition for ‘frequency’
    predict.its: no visible global function definition for ‘model.frame’
    predict.ts: no visible global function definition for ‘terms’
    predict.ts: no visible binding for global variable ‘merge.zoo’
    predict.ts: no visible global function definition for ‘zoo’
    predict.ts: no visible global function definition for ‘predict’
    predict.ts: no visible global function definition for ‘time’
    predict.ts: no visible global function definition for ‘frequency’
    predict.ts: no visible global function definition for ‘model.frame’
    predict.zoo: no visible global function definition for ‘terms’
    predict.zoo: no visible binding for global variable ‘merge.zoo’
    predict.zoo: no visible global function definition for ‘zoo’
    predict.zoo: no visible global function definition for ‘predict’
    predict.zoo: no visible global function definition for ‘time’
    predict.zoo: no visible global function definition for ‘frequency’
    predict.zoo: no visible global function definition for ‘model.frame’
    predict.zooreg: no visible global function definition for ‘terms’
    predict.zooreg: no visible binding for global variable ‘merge.zoo’
    predict.zooreg: no visible global function definition for ‘zoo’
    predict.zooreg: no visible global function definition for ‘predict’
    predict.zooreg: no visible global function definition for ‘time’
    predict.zooreg: no visible global function definition for ‘frequency’
    predict.zooreg: no visible global function definition for ‘model.frame’
    residuals.dyn: no visible global function definition for ‘model.frame’
    residuals.irts: no visible global function definition for ‘model.frame’
    residuals.irts: no visible global function definition for ‘resid’
    residuals.irts: no visible global function definition for ‘time’
    residuals.irts: no visible global function definition for ‘zoo’
    residuals.irts: no visible global function definition for ‘residuals’
    residuals.irts: no visible global function definition for ‘frequency’
    residuals.its: no visible global function definition for ‘model.frame’
    residuals.its: no visible global function definition for ‘resid’
    residuals.its: no visible global function definition for ‘time’
    residuals.its: no visible global function definition for ‘zoo’
    residuals.its: no visible global function definition for ‘residuals’
    residuals.its: no visible global function definition for ‘frequency’
    residuals.ts: no visible global function definition for ‘model.frame’
    residuals.ts: no visible global function definition for ‘resid’
    residuals.ts: no visible global function definition for ‘time’
    residuals.ts: no visible global function definition for ‘zoo’
    residuals.ts: no visible global function definition for ‘residuals’
    residuals.ts: no visible global function definition for ‘frequency’
    residuals.zoo: no visible global function definition for ‘model.frame’
    residuals.zoo: no visible global function definition for ‘resid’
    residuals.zoo: no visible global function definition for ‘time’
    residuals.zoo: no visible global function definition for ‘zoo’
    residuals.zoo: no visible global function definition for ‘residuals’
    residuals.zoo: no visible global function definition for ‘frequency’
    residuals.zooreg: no visible global function definition for
     ‘model.frame’
    residuals.zooreg: no visible global function definition for ‘resid’
    residuals.zooreg: no visible global function definition for ‘time’
    residuals.zooreg: no visible global function definition for ‘zoo’
    residuals.zooreg: no visible global function definition for ‘residuals’
    residuals.zooreg: no visible global function definition for ‘frequency’
    update.dyn: no visible global function definition for ‘formula’
    Undefined global functions or variables:
     MATCH anova coredata fitted formula frequency merge.zoo model.frame
     model.matrix na.omit predict resid residuals terms time zoo
Flavors: r-devel-linux-x86_64-debian-clang, r-devel-linux-x86_64-debian-gcc, r-devel-linux-x86_64-fedora-clang, r-devel-linux-x86_64-fedora-gcc, r-devel-windows-ix86+x86_64

Version: 0.2-9
Check: R code for possible problems
Result: NOTE
    anova.dyn: no visible global function definition for ‘MATCH’
    fitted.irts: no visible global function definition for ‘zoo’
    fitted.its: no visible global function definition for ‘zoo’
    fitted.ts: no visible global function definition for ‘zoo’
    fitted.zoo: no visible global function definition for ‘zoo’
    fitted.zooreg: no visible global function definition for ‘zoo’
    model.frame.dyn: no visible global function definition for ‘coredata’
    predict.irts: no visible binding for global variable ‘merge.zoo’
    predict.irts: no visible global function definition for ‘zoo’
    predict.its: no visible binding for global variable ‘merge.zoo’
    predict.its: no visible global function definition for ‘zoo’
    predict.ts: no visible binding for global variable ‘merge.zoo’
    predict.ts: no visible global function definition for ‘zoo’
    predict.zoo: no visible binding for global variable ‘merge.zoo’
    predict.zoo: no visible global function definition for ‘zoo’
    predict.zooreg: no visible binding for global variable ‘merge.zoo’
    predict.zooreg: no visible global function definition for ‘zoo’
    residuals.irts: no visible global function definition for ‘zoo’
    residuals.its: no visible global function definition for ‘zoo’
    residuals.ts: no visible global function definition for ‘zoo’
    residuals.zoo: no visible global function definition for ‘zoo’
    residuals.zooreg: no visible global function definition for ‘zoo’
    Undefined global functions or variables:
     MATCH coredata merge.zoo zoo
Flavor: r-devel-osx-x86_64-clang

Version: 0.2-9
Check: R code for possible problems
Result: NOTE
    anova.dyn: no visible global function definition for ‘MATCH’
    fitted.irts: no visible global function definition for ‘zoo’
    fitted.its: no visible global function definition for ‘zoo’
    fitted.ts: no visible global function definition for ‘zoo’
    fitted.zoo: no visible global function definition for ‘zoo’
    fitted.zooreg: no visible global function definition for ‘zoo’
    model.frame.dyn: no visible global function definition for ‘coredata’
    predict.irts: no visible binding for global variable ‘merge.zoo’
    predict.irts: no visible global function definition for ‘zoo’
    predict.its: no visible binding for global variable ‘merge.zoo’
    predict.its: no visible global function definition for ‘zoo’
    predict.ts: no visible binding for global variable ‘merge.zoo’
    predict.ts: no visible global function definition for ‘zoo’
    predict.zoo: no visible binding for global variable ‘merge.zoo’
    predict.zoo: no visible global function definition for ‘zoo’
    predict.zooreg: no visible binding for global variable ‘merge.zoo’
    predict.zooreg: no visible global function definition for ‘zoo’
    residuals.irts: no visible global function definition for ‘zoo’
    residuals.its: no visible global function definition for ‘zoo’
    residuals.ts: no visible global function definition for ‘zoo’
    residuals.zoo: no visible global function definition for ‘zoo’
    residuals.zooreg: no visible global function definition for ‘zoo’
Flavors: r-patched-linux-x86_64, r-patched-solaris-sparc, r-patched-solaris-x86, r-release-linux-x86_64, r-release-osx-x86_64-mavericks, r-release-windows-ix86+x86_64, r-oldrel-windows-ix86+x86_64