CRAN Package Check Results for Package dyn

Last updated on 2014-09-01 14:46:27.

Flavor Version Tinstall Tcheck Ttotal Status Flags
r-devel-linux-x86_64-debian-clang 0.2-9 0.70 15.13 15.83 NOTE
r-devel-linux-x86_64-debian-gcc 0.2-9 0.68 14.48 15.15 NOTE
r-devel-linux-x86_64-fedora-clang 0.2-9 32.92 NOTE
r-devel-linux-x86_64-fedora-gcc 0.2-9 29.35 NOTE
r-devel-osx-x86_64-clang 0.2-9 31.85 NOTE
r-devel-windows-ix86+x86_64 0.2-9 3.00 25.00 28.00 NOTE
r-patched-linux-x86_64 0.2-9 0.78 16.54 17.32 NOTE
r-patched-solaris-sparc 0.2-9 202.10 NOTE
r-patched-solaris-x86 0.2-9 47.70 NOTE
r-release-linux-ix86 0.2-9 1.06 24.59 25.66 NOTE
r-release-linux-x86_64 0.2-9 0.77 17.04 17.80 NOTE
r-release-osx-x86_64-mavericks 0.2-9 NOTE
r-release-windows-ix86+x86_64 0.2-9 4.00 29.00 33.00 NOTE
r-oldrel-windows-ix86+x86_64 0.2-9 3.00 29.00 32.00 NOTE

Check Details

Version: 0.2-9
Check: dependencies in R code
Result: NOTE
    Package in Depends field not imported from: ‘zoo’
     These packages need to be imported from (in the NAMESPACE file)
     for when this namespace is loaded but not attached.
    See the information on DESCRIPTION files in the chapter ‘Creating R
    packages’ of the ‘Writing R Extensions’ manual.
Flavors: r-devel-linux-x86_64-debian-clang, r-devel-linux-x86_64-debian-gcc, r-devel-linux-x86_64-fedora-clang, r-devel-linux-x86_64-fedora-gcc, r-devel-osx-x86_64-clang, r-devel-windows-ix86+x86_64, r-patched-linux-x86_64, r-patched-solaris-sparc, r-patched-solaris-x86, r-release-linux-ix86, r-release-linux-x86_64, r-release-osx-x86_64-mavericks, r-release-windows-ix86+x86_64, r-oldrel-windows-ix86+x86_64

Version: 0.2-9
Check: R code for possible problems
Result: NOTE
    anova.dyn: no visible global function definition for ‘MATCH’
    fitted.irts: no visible global function definition for ‘zoo’
    fitted.its: no visible global function definition for ‘zoo’
    fitted.ts: no visible global function definition for ‘zoo’
    fitted.zoo: no visible global function definition for ‘zoo’
    fitted.zooreg: no visible global function definition for ‘zoo’
    model.frame.dyn: no visible global function definition for ‘coredata’
    predict.irts: no visible binding for global variable ‘merge.zoo’
    predict.irts: no visible global function definition for ‘zoo’
    predict.its: no visible binding for global variable ‘merge.zoo’
    predict.its: no visible global function definition for ‘zoo’
    predict.ts: no visible binding for global variable ‘merge.zoo’
    predict.ts: no visible global function definition for ‘zoo’
    predict.zoo: no visible binding for global variable ‘merge.zoo’
    predict.zoo: no visible global function definition for ‘zoo’
    predict.zooreg: no visible binding for global variable ‘merge.zoo’
    predict.zooreg: no visible global function definition for ‘zoo’
    residuals.irts: no visible global function definition for ‘zoo’
    residuals.its: no visible global function definition for ‘zoo’
    residuals.ts: no visible global function definition for ‘zoo’
    residuals.zoo: no visible global function definition for ‘zoo’
    residuals.zooreg: no visible global function definition for ‘zoo’
Flavors: r-devel-linux-x86_64-debian-clang, r-devel-linux-x86_64-debian-gcc, r-devel-linux-x86_64-fedora-clang, r-devel-linux-x86_64-fedora-gcc, r-devel-osx-x86_64-clang, r-devel-windows-ix86+x86_64

Version: 0.2-9
Check: top-level files
Result: NOTE
    Non-standard file/directory found at top level:
     ‘COPYRIGHTS’
    Copyright information should be in file inst/COPYRIGHTS
Flavors: r-devel-linux-x86_64-fedora-clang, r-devel-linux-x86_64-fedora-gcc