CRAN Package Check Results for Package dynaSpec

Last updated on 2021-12-01 22:53:09 CET.

Flavor Version Tinstall Tcheck Ttotal Status Flags
r-devel-linux-x86_64-debian-clang 1.0.1 4.07 29.41 33.48 OK
r-devel-linux-x86_64-debian-gcc 1.0.1 3.49 22.66 26.15 OK
r-devel-linux-x86_64-fedora-clang 1.0.1 54.12 NOTE
r-devel-linux-x86_64-fedora-gcc 1.0.1 44.05 NOTE
r-devel-windows-x86_64-new-UL 1.0.1 10.00 65.00 75.00 OK
r-devel-windows-x86_64-new-TK 1.0.1 NOTE
r-devel-windows-x86_64-old 1.0.1 8.00 38.00 46.00 OK
r-patched-linux-x86_64 1.0.1 4.02 28.18 32.20 OK
r-release-linux-x86_64 1.0.1 4.52 28.48 33.00 OK
r-release-macos-arm64 1.0.1 NOTE
r-release-macos-x86_64 1.0.1 NOTE
r-release-windows-ix86+x86_64 1.0.1 10.00 48.00 58.00 OK
r-oldrel-macos-x86_64 1.0.1 NOTE
r-oldrel-windows-ix86+x86_64 1.0.1 9.00 47.00 56.00 OK

Check Details

Version: 1.0.1
Check: dependencies in R code
Result: NOTE
    Namespaces in Imports field not imported from:
     ‘NatureSounds’ ‘av’ ‘magrittr’ ‘stats’
     All declared Imports should be used.
Flavors: r-devel-linux-x86_64-fedora-clang, r-devel-linux-x86_64-fedora-gcc, r-devel-windows-x86_64-new-TK, r-release-macos-arm64, r-release-macos-x86_64, r-oldrel-macos-x86_64

Version: 1.0.1
Check: Rd cross-references
Result: NOTE
    Undeclared package ‘warbleR’ in Rd xrefs
Flavor: r-devel-linux-x86_64-fedora-clang