CRAN Package Check Results for Package dynaTree

Last updated on 2015-04-25 17:46:48.

Flavor Version Tinstall Tcheck Ttotal Status Flags
r-devel-linux-x86_64-debian-clang 1.2-7 3.84 32.84 36.68 NOTE
r-devel-linux-x86_64-debian-gcc 1.2-7 4.78 33.56 38.34 NOTE
r-devel-linux-x86_64-fedora-clang 1.2-7 73.76 NOTE
r-devel-linux-x86_64-fedora-gcc 1.2-7 71.85 NOTE
r-devel-osx-x86_64-clang 1.2-7 63.82 NOTE
r-devel-windows-ix86+x86_64 1.2-7 20.00 87.00 107.00 NOTE
r-patched-linux-x86_64 1.2-7 4.52 33.60 38.13 NOTE
r-patched-solaris-sparc 1.2-7 527.70 NOTE
r-patched-solaris-x86 1.2-7 110.30 NOTE
r-release-linux-x86_64 1.2-7 4.48 33.57 38.05 NOTE
r-release-osx-x86_64-mavericks 1.2-7 NOTE
r-release-osx-x86_64-snowleopard 1.2-7 NOTE
r-release-windows-ix86+x86_64 1.2-7 21.00 90.00 111.00 NOTE
r-oldrel-windows-ix86+x86_64 1.2-7 17.00 92.00 109.00 OK

Check Details

Version: 1.2-7
Check: DESCRIPTION meta-information
Result: NOTE
    Malformed Description field: should contain one or more complete sentences.
Flavors: r-devel-windows-ix86+x86_64, r-release-windows-ix86+x86_64