CRAN Package Check Results for Package dynaTree

Last updated on 2015-05-29 05:47:00.

Flavor Version Tinstall Tcheck Ttotal Status Flags
r-devel-linux-x86_64-debian-clang 1.2-7 3.81 33.37 37.18 NOTE
r-devel-linux-x86_64-debian-gcc 1.2-7 4.64 33.41 38.05 NOTE
r-devel-linux-x86_64-fedora-clang 1.2-7 73.80 NOTE
r-devel-linux-x86_64-fedora-gcc 1.2-7 72.40 NOTE
r-devel-osx-x86_64-clang 1.2-7 64.20 NOTE
r-devel-windows-ix86+x86_64 1.2-7 22.00 82.00 104.00 NOTE
r-patched-linux-x86_64 1.2-7 4.38 33.14 37.52 NOTE
r-patched-solaris-sparc 1.2-7 513.90 NOTE
r-patched-solaris-x86 1.2-7 110.30 NOTE
r-release-linux-x86_64 1.2-7 4.37 33.46 37.83 NOTE
r-release-osx-x86_64-mavericks 1.2-7 NOTE
r-release-osx-x86_64-snowleopard 1.2-7 NOTE
r-release-windows-ix86+x86_64 1.2-7 21.00 84.00 105.00 NOTE
r-oldrel-windows-ix86+x86_64 1.2-7 21.00 86.00 107.00 OK

Check Details

Version: 1.2-7
Check: DESCRIPTION meta-information
Result: NOTE
    Malformed Description field: should contain one or more complete sentences.
Flavors: r-devel-linux-x86_64-debian-clang, r-devel-linux-x86_64-debian-gcc, r-devel-linux-x86_64-fedora-clang, r-devel-linux-x86_64-fedora-gcc, r-devel-osx-x86_64-clang, r-devel-windows-ix86+x86_64, r-patched-linux-x86_64, r-patched-solaris-sparc, r-patched-solaris-x86, r-release-linux-x86_64, r-release-osx-x86_64-mavericks, r-release-osx-x86_64-snowleopard, r-release-windows-ix86+x86_64