CRAN Package Check Results for Package dynaTree

Last updated on 2015-08-28 08:46:53.

Flavor Version Tinstall Tcheck Ttotal Status Flags
r-devel-linux-x86_64-debian-clang 1.2-7 3.83 33.78 37.61 NOTE
r-devel-linux-x86_64-debian-gcc 1.2-7 4.51 33.69 38.20 NOTE
r-devel-linux-x86_64-fedora-clang 1.2-7 74.85 NOTE
r-devel-linux-x86_64-fedora-gcc 1.2-7 72.37 NOTE
r-devel-osx-x86_64-clang 1.2-7 63.18 NOTE
r-devel-windows-ix86+x86_64 1.2-7 33.00 121.00 154.00 NOTE
r-patched-linux-x86_64 1.2-7 4.60 34.27 38.86 NOTE
r-patched-solaris-sparc 1.2-7 537.10 NOTE
r-patched-solaris-x86 1.2-7 115.10 NOTE
r-release-linux-x86_64 1.2-7 4.52 34.34 38.86 NOTE
r-release-osx-x86_64-mavericks 1.2-7 NOTE
r-release-windows-ix86+x86_64 1.2-7 32.00 101.00 133.00 NOTE
r-oldrel-windows-ix86+x86_64 1.2-7 29.00 91.00 120.00 OK

Check Details

Version: 1.2-7
Check: DESCRIPTION meta-information
Result: NOTE
    Malformed Description field: should contain one or more complete sentences.
Flavors: r-devel-linux-x86_64-debian-clang, r-devel-linux-x86_64-debian-gcc, r-devel-linux-x86_64-fedora-clang, r-devel-linux-x86_64-fedora-gcc, r-devel-osx-x86_64-clang, r-devel-windows-ix86+x86_64, r-patched-linux-x86_64, r-patched-solaris-sparc, r-patched-solaris-x86, r-release-linux-x86_64, r-release-osx-x86_64-mavericks, r-release-windows-ix86+x86_64

Version: 1.2-7
Check: R code for possible problems
Result: NOTE
    coef.dynaTree: no visible global function definition for ‘predict’
    dynaTrees: no visible global function definition for ‘runif’
    dynaTrees: no visible global function definition for ‘predict’
    dynaTrees: no visible global function definition for ‘plot’
    plot.dynaTree: no visible global function definition for ‘plot’
    plot.dynaTree: no visible global function definition for ‘lines’
    plotal: no visible global function definition for ‘lines’
    plotal: no visible global function definition for ‘plot’
    plotprogress: no visible global function definition for ‘par’
    plotprogress: no visible global function definition for ‘plot’
    plotprogress: no visible global function definition for ‘points’
    plotprogress: no visible global function definition for ‘abline’
    plotprogress: no visible global function definition for ‘lines’
    plotprogress: no visible global function definition for ‘hist’
    rejuvenate.dynaTree: no visible global function definition for ‘runif’
    rejuvenate,dynaTree: no visible global function definition for ‘runif’
    Undefined global functions or variables:
     abline hist lines par plot points predict runif
    Consider adding
     importFrom("graphics", "abline", "hist", "lines", "par", "plot",
     "points")
     importFrom("stats", "predict", "runif")
    to your NAMESPACE.
Flavors: r-devel-linux-x86_64-debian-clang, r-devel-linux-x86_64-debian-gcc, r-devel-linux-x86_64-fedora-clang, r-devel-linux-x86_64-fedora-gcc, r-devel-windows-ix86+x86_64