CRAN Package Check Results for Package dynaTree

Last updated on 2015-07-29 21:46:44.

Flavor Version Tinstall Tcheck Ttotal Status Flags
r-devel-linux-x86_64-debian-clang 1.2-7 3.76 34.51 38.27 NOTE
r-devel-linux-x86_64-debian-gcc 1.2-7 4.62 35.95 40.57 NOTE
r-devel-linux-x86_64-fedora-clang 1.2-7 74.71 NOTE
r-devel-linux-x86_64-fedora-gcc 1.2-7 73.26 NOTE
r-devel-osx-x86_64-clang 1.2-7 63.32 NOTE
r-devel-windows-ix86+x86_64 1.2-7 31.00 126.00 157.00 NOTE
r-patched-linux-x86_64 1.2-7 4.48 35.03 39.51 NOTE
r-patched-solaris-sparc 1.2-7 537.10 NOTE
r-patched-solaris-x86 1.2-7 112.30 NOTE
r-release-linux-x86_64 1.2-7 4.44 34.11 38.54 NOTE
r-release-osx-x86_64-mavericks 1.2-7 NOTE
r-release-windows-ix86+x86_64 1.2-7 29.00 124.00 153.00 NOTE
r-oldrel-windows-ix86+x86_64 1.2-7 30.00 125.00 155.00 OK

Check Details

Version: 1.2-7
Check: DESCRIPTION meta-information
Result: NOTE
    Malformed Description field: should contain one or more complete sentences.
Flavors: r-devel-linux-x86_64-debian-clang, r-devel-linux-x86_64-debian-gcc, r-devel-linux-x86_64-fedora-clang, r-devel-linux-x86_64-fedora-gcc, r-devel-osx-x86_64-clang, r-devel-windows-ix86+x86_64, r-patched-linux-x86_64, r-patched-solaris-sparc, r-patched-solaris-x86, r-release-linux-x86_64, r-release-osx-x86_64-mavericks, r-release-windows-ix86+x86_64

Version: 1.2-7
Check: R code for possible problems
Result: NOTE
    coef.dynaTree: no visible global function definition for ‘predict’
    dynaTrees: no visible global function definition for ‘runif’
    dynaTrees: no visible global function definition for ‘predict’
    dynaTrees: no visible global function definition for ‘plot’
    plot.dynaTree: no visible global function definition for ‘plot’
    plot.dynaTree: no visible global function definition for ‘lines’
    plotal: no visible global function definition for ‘lines’
    plotal: no visible global function definition for ‘plot’
    plotprogress: no visible global function definition for ‘par’
    plotprogress: no visible global function definition for ‘plot’
    plotprogress: no visible global function definition for ‘points’
    plotprogress: no visible global function definition for ‘abline’
    plotprogress: no visible global function definition for ‘lines’
    plotprogress: no visible global function definition for ‘hist’
    rejuvenate.dynaTree: no visible global function definition for ‘runif’
    rejuvenate,dynaTree: no visible global function definition for ‘runif’
    Undefined global functions or variables:
     abline hist lines par plot points predict runif
    Consider adding
     importFrom("graphics", "abline", "hist", "lines", "par", "plot",
     "points")
     importFrom("stats", "predict", "runif")
    to your NAMESPACE.
Flavors: r-devel-linux-x86_64-debian-clang, r-devel-linux-x86_64-debian-gcc, r-devel-linux-x86_64-fedora-clang, r-devel-linux-x86_64-fedora-gcc, r-devel-windows-ix86+x86_64