CRAN Package Check Results for Package dynaTree

Last updated on 2015-03-27 08:48:59.

Flavor Version Tinstall Tcheck Ttotal Status Flags
r-devel-linux-x86_64-debian-clang 1.2-7 3.99 34.03 38.02 NOTE
r-devel-linux-x86_64-debian-gcc 1.2-7 4.48 34.31 38.78 NOTE
r-devel-linux-x86_64-fedora-clang 1.2-7 72.88 NOTE
r-devel-linux-x86_64-fedora-gcc 1.2-7 70.77 NOTE
r-devel-osx-x86_64-clang 1.2-7 69.68 NOTE
r-prerel-windows-ix86+x86_64 1.2-7 22.00 81.00 103.00 NOTE
r-prerel-linux-x86_64 1.2-7 4.63 33.49 38.12 NOTE
r-prerel-solaris-sparc 1.2-7 527.70 NOTE
r-prerel-solaris-x86 1.2-7 109.10 NOTE
r-release-linux-x86_64 1.2-7 4.60 34.79 39.39 OK
r-release-osx-x86_64-mavericks 1.2-7 OK
r-release-windows-ix86+x86_64 1.2-7 22.00 84.00 106.00 OK
r-oldrel-windows-ix86+x86_64 1.2-7 21.00 85.00 106.00 OK

Check Details

Version: 1.2-7
Check: DESCRIPTION meta-information
Result: NOTE
    Malformed Description field: should contain one or more complete sentences.
Flavors: r-devel-linux-x86_64-debian-clang, r-devel-linux-x86_64-debian-gcc, r-devel-linux-x86_64-fedora-clang, r-devel-linux-x86_64-fedora-gcc, r-devel-osx-x86_64-clang, r-prerel-windows-ix86+x86_64, r-prerel-linux-x86_64, r-prerel-solaris-sparc, r-prerel-solaris-x86