CRAN Package Check Results for Package dynaTree

Last updated on 2016-04-29 19:49:44.

Flavor Version Tinstall Tcheck Ttotal Status Flags
r-devel-linux-x86_64-debian-gcc 1.2-7 0.40 2.08 2.48 ERROR
r-devel-linux-x86_64-fedora-clang 1.2-7 7.88 ERROR
r-devel-linux-x86_64-fedora-gcc 1.2-7 5.06 ERROR
r-devel-osx-x86_64-clang 1.2-7 8.20 ERROR
r-devel-windows-ix86+x86_64 1.2-7 1.00 4.00 5.00 ERROR
r-patched-linux-x86_64 1.2-7 0.38 1.77 2.16 ERROR
r-patched-solaris-sparc 1.2-7 513.90 NOTE
r-patched-solaris-x86 1.2-7 107.60 NOTE
r-release-linux-x86_64 1.2-7 4.70 35.37 40.06 NOTE
r-release-osx-x86_64-mavericks 1.2-7 NOTE
r-release-windows-ix86+x86_64 1.2-7 23.00 108.00 131.00 NOTE
r-oldrel-windows-ix86+x86_64 1.2-7 29.00 96.00 125.00 OK

Check Details

Version: 1.2-7
Check: whether package can be installed
Result: ERROR
    Installation failed.
Flavors: r-devel-linux-x86_64-debian-gcc, r-devel-linux-x86_64-fedora-clang, r-devel-linux-x86_64-fedora-gcc, r-devel-osx-x86_64-clang, r-devel-windows-ix86+x86_64, r-patched-linux-x86_64

Version: 1.2-7
Check: DESCRIPTION meta-information
Result: NOTE
    Malformed Description field: should contain one or more complete sentences.
Flavors: r-patched-solaris-sparc, r-patched-solaris-x86, r-release-linux-x86_64, r-release-osx-x86_64-mavericks, r-release-windows-ix86+x86_64

Version: 1.2-7
Check: R code for possible problems
Result: NOTE
    coef.dynaTree: no visible global function definition for ‘predict’
    dynaTrees: no visible global function definition for ‘runif’
    dynaTrees: no visible global function definition for ‘predict’
    dynaTrees: no visible global function definition for ‘plot’
    plot.dynaTree: no visible global function definition for ‘plot’
    plot.dynaTree: no visible global function definition for ‘lines’
    plotal: no visible global function definition for ‘lines’
    plotal: no visible global function definition for ‘plot’
    plotprogress: no visible global function definition for ‘par’
    plotprogress: no visible global function definition for ‘plot’
    plotprogress: no visible global function definition for ‘points’
    plotprogress: no visible global function definition for ‘abline’
    plotprogress: no visible global function definition for ‘lines’
    plotprogress: no visible global function definition for ‘hist’
    rejuvenate.dynaTree: no visible global function definition for ‘runif’
    rejuvenate,dynaTree: no visible global function definition for ‘runif’
    Undefined global functions or variables:
     abline hist lines par plot points predict runif
    Consider adding
     importFrom("graphics", "abline", "hist", "lines", "par", "plot",
     "points")
     importFrom("stats", "predict", "runif")
    to your NAMESPACE file.
Flavors: r-patched-solaris-sparc, r-patched-solaris-x86