CRAN Package Check Results for Package dynaTree

Last updated on 2016-02-11 06:50:39.

Flavor Version Tinstall Tcheck Ttotal Status Flags
r-devel-linux-x86_64-debian-gcc 1.2-7 0.35 1.31 1.66 ERROR
r-devel-linux-x86_64-fedora-clang 1.2-7 3.83 ERROR
r-devel-linux-x86_64-fedora-gcc 1.2-7 5.18 ERROR
r-devel-osx-x86_64-clang 1.2-7 6.09 ERROR
r-devel-windows-ix86+x86_64 1.2-7 2.00 5.00 7.00 ERROR
r-patched-linux-x86_64 1.2-7 4.44 34.78 39.22 NOTE
r-patched-solaris-sparc 1.2-7 512.30 NOTE
r-patched-solaris-x86 1.2-7 105.80 NOTE
r-release-linux-x86_64 1.2-7 6.59 36.76 43.35 NOTE
r-release-osx-x86_64-mavericks 1.2-7 NOTE
r-release-windows-ix86+x86_64 1.2-7 27.00 120.00 147.00 NOTE
r-oldrel-windows-ix86+x86_64 1.2-7 27.00 121.00 148.00 OK

Check Details

Version: 1.2-7
Check: whether package can be installed
Result: ERROR
    Installation failed.
Flavors: r-devel-linux-x86_64-debian-gcc, r-devel-linux-x86_64-fedora-clang, r-devel-linux-x86_64-fedora-gcc, r-devel-osx-x86_64-clang, r-devel-windows-ix86+x86_64

Version: 1.2-7
Check: package dependencies
Result: NOTE
    Packages suggested but not available for checking: ‘tgp’ ‘plgp’
Flavor: r-devel-osx-x86_64-clang

Version: 1.2-7
Check: DESCRIPTION meta-information
Result: NOTE
    Malformed Description field: should contain one or more complete sentences.
Flavors: r-patched-linux-x86_64, r-patched-solaris-sparc, r-patched-solaris-x86, r-release-linux-x86_64, r-release-osx-x86_64-mavericks, r-release-windows-ix86+x86_64