CRAN Package Check Results for Package dynamicGraph

Last updated on 2014-07-29 01:47:21.

Flavor Version Tinstall Tcheck Ttotal Status Flags
r-devel-linux-x86_64-debian-clang 0.2.2.6 4.04 61.72 65.76 NOTE
r-devel-linux-x86_64-debian-gcc 0.2.2.6 3.78 59.87 63.66 NOTE
r-devel-linux-x86_64-fedora-clang 0.2.2.6 127.61 NOTE
r-devel-linux-x86_64-fedora-gcc 0.2.2.6 120.06 NOTE
r-devel-osx-x86_64-clang 0.2.2.6 116.74 NOTE
r-devel-windows-ix86+x86_64 0.2.2.6 8.00 88.00 96.00 NOTE
r-patched-linux-x86_64 0.2.2.6 3.88 60.98 64.86 NOTE
r-patched-solaris-sparc 0.2.2.6 829.80 NOTE
r-patched-solaris-x86 0.2.2.6 165.30 NOTE
r-release-linux-ix86 0.2.2.6 4.82 76.27 81.09 NOTE
r-release-linux-x86_64 0.2.2.6 3.93 60.78 64.70 NOTE
r-release-osx-x86_64-mavericks 0.2.2.6 NOTE
r-release-osx-x86_64-snowleopard 0.2.2.6 NOTE
r-release-windows-ix86+x86_64 0.2.2.6 8.00 78.00 86.00 NOTE
r-oldrel-windows-ix86+x86_64 0.2.2.6 9.00 89.00 98.00 NOTE

Check Details

Version: 0.2.2.6
Check: dependencies in R code
Result: NOTE
    'library' or 'require' calls to packages already attached by Depends:
     ggm tcltk
     Please remove these calls from your code.
    Package in Depends field not imported from: ggm
     These packages need to be imported from (in the NAMESPACE file)
     for when this namespace is loaded but not attached.
    See the information on DESCRIPTION files in the chapter Creating R
    packages of the Writing R Extensions manual.
Flavors: r-devel-linux-x86_64-debian-clang, r-devel-linux-x86_64-debian-gcc, r-devel-linux-x86_64-fedora-clang, r-devel-linux-x86_64-fedora-gcc, r-devel-osx-x86_64-clang, r-devel-windows-ix86+x86_64, r-patched-linux-x86_64, r-patched-solaris-sparc, r-patched-solaris-x86, r-release-linux-ix86, r-release-linux-x86_64, r-release-osx-x86_64-mavericks, r-release-osx-x86_64-snowleopard, r-release-windows-ix86+x86_64, r-oldrel-windows-ix86+x86_64

Version: 0.2.2.6
Check: R code for possible problems
Result: NOTE
    NB: .First.lib is obsolete and will not be used in R >= 3.0.0
    File dynamicGraph/R/dynamicGraph-internal.R :
     .onAttach calls:
     require(tcltk)
    
    Package startup functions should not change the search path.
    See section Good practice in '?.onAttach'.
    
    Found the following assignments to the global environment:
    File dynamicGraph/R/dynamicGraphMain.R :
     assign(objectName, R$object, pos = 1)
     assign("x", x, pos = 1)
     assign(ReturnVal, Args(), pos = 1)
     assign(ReturnVal, dgm.frameModels, pos = 1)
     assign(ReturnVal, dm.frameViews, pos = 1)
     assign(ReturnVal, GraphWindow, pos = 1)
     assign(ReturnVal, object, pos = 1)
     assign(ReturnVal, transformation, pos = 1)
     assign(ReturnVal, GW.top, pos = 1)
     assign(ReturnVal, GW.top$env$canvas, pos = 1)
     assign(ReturnVal, GW.top$env$viewLabel, pos = 1)
     assign(ReturnVal, vertexList, pos = 1)
     assign(ReturnVal, edge.List, pos = 1)
     assign(ReturnVal, extra.List, pos = 1)
     assign(ReturnVal, extra.Edge.List, pos = 1)
     assign(ReturnVal, factorVertex.List, pos = 1)
     assign(ReturnVal, factor.Edge.List, pos = 1)
     assign(ReturnVal, block.List, pos = 1)
     assign(ReturnVal, blockTree, pos = 1)
     assign(ReturnVal, blockEdge.List, pos = 1)
Flavors: r-devel-linux-x86_64-debian-clang, r-devel-linux-x86_64-debian-gcc, r-devel-linux-x86_64-fedora-clang, r-devel-osx-x86_64-clang, r-patched-linux-x86_64, r-release-linux-ix86, r-release-linux-x86_64

Version: 0.2.2.6
Check: top-level files
Result: NOTE
    Non-standard file/directory found at top level:
     HISTORY
Flavors: r-devel-linux-x86_64-fedora-clang, r-devel-linux-x86_64-fedora-gcc

Version: 0.2.2.6
Check: R code for possible problems
Result: NOTE
    NB: .First.lib is obsolete and will not be used in R >= 3.0.0
    File dynamicGraph/R/dynamicGraph-internal.R :
     .onAttach calls:
     require(tcltk)
    
    Package startup functions should not change the search path.
    See section Good practice in '?.onAttach'.
Flavors: r-devel-linux-x86_64-fedora-gcc, r-devel-windows-ix86+x86_64, r-patched-solaris-sparc, r-patched-solaris-x86, r-release-osx-x86_64-mavericks, r-release-osx-x86_64-snowleopard, r-release-windows-ix86+x86_64, r-oldrel-windows-ix86+x86_64