CRAN Package Check Results for Package dynamicGraph

Last updated on 2014-04-19 23:49:52.

Flavor Version Tinstall Tcheck Ttotal Status Flags
r-devel-linux-x86_64-debian-clang 0.2.2.6 4.50 63.92 68.42 NOTE
r-devel-linux-x86_64-debian-gcc 0.2.2.6 4.26 65.86 70.12 NOTE
r-devel-linux-x86_64-fedora-clang 0.2.2.6 128.57 NOTE
r-devel-linux-x86_64-fedora-gcc 0.2.2.6 121.36 NOTE
r-devel-macosx-x86_64-clang 0.2.2.6 108.16 NOTE
r-devel-macosx-x86_64-gcc 0.2.2.6 ERROR
r-devel-windows-ix86+x86_64 0.2.2.6 9.00 76.00 85.00 NOTE
r-patched-linux-x86_64 0.2.2.6 4.12 64.51 68.63 NOTE
r-patched-solaris-sparc 0.2.2.6 829.80 NOTE
r-patched-solaris-x86 0.2.2.6 179.50 NOTE
r-release-linux-ix86 NOTE
r-release-linux-x86_64 0.2.2.6 4.16 64.02 68.18 NOTE
r-release-macosx-x86_64 0.2.2.6 NOTE
r-release-windows-ix86+x86_64 0.2.2.6 12.00 88.00 100.00 NOTE
r-oldrel-windows-ix86+x86_64 0.2.2.6 11.00 94.00 105.00 NOTE

Check Details

Version: 0.2.2.6
Check: dependencies in R code
Result: NOTE
    'library' or 'require' calls to packages already attached by Depends:
     ‘ggm’ ‘tcltk’
     Please remove these calls from your code.
    Package in Depends field not imported from: ‘ggm’
     These packages need to be imported from (in the NAMESPACE file)
     for when this namespace is loaded but not attached.
    See the information on DESCRIPTION files in the chapter ‘Creating R
    packages’ of the ‘Writing R Extensions’ manual.
Flavors: r-devel-linux-x86_64-debian-clang, r-devel-linux-x86_64-debian-gcc, r-devel-linux-x86_64-fedora-clang, r-devel-linux-x86_64-fedora-gcc, r-devel-macosx-x86_64-clang, r-devel-windows-ix86+x86_64, r-patched-linux-x86_64, r-patched-solaris-sparc, r-patched-solaris-x86, r-release-linux-ix86, r-release-linux-x86_64, r-release-macosx-x86_64, r-release-windows-ix86+x86_64, r-oldrel-windows-ix86+x86_64

Version: 0.2.2.6
Check: R code for possible problems
Result: NOTE
    NB: .First.lib is obsolete and will not be used in R >= 3.0.0
    File ‘dynamicGraph/R/dynamicGraph-internal.R’:
     .onAttach calls:
     require(tcltk)
    
    Package startup functions should not change the search path.
    See section ‘Good practice’ in '?.onAttach'.
    
    Found the following assignments to the global environment:
    File ‘dynamicGraph/R/dynamicGraphMain.R’:
     assign(objectName, R$object, pos = 1)
     assign("x", x, pos = 1)
     assign(ReturnVal, Args(), pos = 1)
     assign(ReturnVal, dgm.frameModels, pos = 1)
     assign(ReturnVal, dm.frameViews, pos = 1)
     assign(ReturnVal, GraphWindow, pos = 1)
     assign(ReturnVal, object, pos = 1)
     assign(ReturnVal, transformation, pos = 1)
     assign(ReturnVal, GW.top, pos = 1)
     assign(ReturnVal, GW.top$env$canvas, pos = 1)
     assign(ReturnVal, GW.top$env$viewLabel, pos = 1)
     assign(ReturnVal, vertexList, pos = 1)
     assign(ReturnVal, edge.List, pos = 1)
     assign(ReturnVal, extra.List, pos = 1)
     assign(ReturnVal, extra.Edge.List, pos = 1)
     assign(ReturnVal, factorVertex.List, pos = 1)
     assign(ReturnVal, factor.Edge.List, pos = 1)
     assign(ReturnVal, block.List, pos = 1)
     assign(ReturnVal, blockTree, pos = 1)
     assign(ReturnVal, blockEdge.List, pos = 1)
Flavors: r-devel-linux-x86_64-debian-clang, r-devel-linux-x86_64-debian-gcc, r-devel-linux-x86_64-fedora-clang, r-devel-macosx-x86_64-clang, r-patched-linux-x86_64, r-release-linux-ix86, r-release-linux-x86_64

Version: 0.2.2.6
Check: top-level files
Result: NOTE
    Non-standard file/directory found at top level:
     ‘HISTORY’
Flavors: r-devel-linux-x86_64-fedora-clang, r-devel-linux-x86_64-fedora-gcc

Version: 0.2.2.6
Check: R code for possible problems
Result: NOTE
    NB: .First.lib is obsolete and will not be used in R >= 3.0.0
    File ‘dynamicGraph/R/dynamicGraph-internal.R’:
     .onAttach calls:
     require(tcltk)
    
    Package startup functions should not change the search path.
    See section ‘Good practice’ in '?.onAttach'.
Flavors: r-devel-linux-x86_64-fedora-gcc, r-devel-windows-ix86+x86_64, r-patched-solaris-sparc, r-patched-solaris-x86, r-release-macosx-x86_64, r-release-windows-ix86+x86_64, r-oldrel-windows-ix86+x86_64

Version: 0.2.2.6
Check: package dependencies
Result: ERROR
    Package required but not available: ‘ggm’
    
    See the information on DESCRIPTION files in the chapter ‘Creating R
    packages’ of the ‘Writing R Extensions’ manual.
Flavor: r-devel-macosx-x86_64-gcc