CRAN Package Check Results for Package dynamicGraph

Last updated on 2015-08-29 15:47:44.

Flavor Version Tinstall Tcheck Ttotal Status Flags
r-devel-linux-x86_64-debian-clang 0.2.2.6 3.28 54.36 57.65 NOTE
r-devel-linux-x86_64-debian-gcc 0.2.2.6 3.42 54.09 57.50 NOTE
r-devel-linux-x86_64-fedora-clang 0.2.2.6 107.97 NOTE
r-devel-linux-x86_64-fedora-gcc 0.2.2.6 103.46 NOTE
r-devel-osx-x86_64-clang 0.2.2.6 103.46 NOTE
r-devel-windows-ix86+x86_64 0.2.2.6 15.00 83.00 98.00 NOTE
r-patched-linux-x86_64 0.2.2.6 3.47 54.72 58.18 NOTE
r-patched-solaris-sparc 0.2.2.6 692.40 NOTE
r-patched-solaris-x86 0.2.2.6 152.80 NOTE
r-release-linux-x86_64 0.2.2.6 3.56 56.23 59.80 NOTE
r-release-osx-x86_64-mavericks 0.2.2.6 NOTE
r-release-windows-ix86+x86_64 0.2.2.6 17.00 92.00 109.00 NOTE
r-oldrel-windows-ix86+x86_64 0.2.2.6 18.00 98.00 116.00 NOTE

Check Details

Version: 0.2.2.6
Check: DESCRIPTION meta-information
Result: NOTE
    Malformed Description field: should contain one or more complete sentences.
Flavors: r-devel-linux-x86_64-debian-clang, r-devel-linux-x86_64-debian-gcc, r-devel-linux-x86_64-fedora-clang, r-devel-linux-x86_64-fedora-gcc, r-devel-osx-x86_64-clang, r-devel-windows-ix86+x86_64, r-patched-linux-x86_64, r-patched-solaris-sparc, r-patched-solaris-x86, r-release-linux-x86_64, r-release-osx-x86_64-mavericks, r-release-windows-ix86+x86_64

Version: 0.2.2.6
Check: top-level files
Result: NOTE
    Non-standard file/directory found at top level:
     ‘HISTORY’
Flavors: r-devel-linux-x86_64-debian-clang, r-devel-linux-x86_64-debian-gcc, r-devel-linux-x86_64-fedora-clang, r-devel-linux-x86_64-fedora-gcc, r-patched-linux-x86_64, r-release-linux-x86_64

Version: 0.2.2.6
Check: dependencies in R code
Result: NOTE
    'library' or 'require' calls to packages already attached by Depends:
     ‘ggm’ ‘tcltk’
     Please remove these calls from your code.
    Packages in Depends field not imported from:
     ‘ggm’ ‘tcltk’
     These packages need to be imported from (in the NAMESPACE file)
     for when this namespace is loaded but not attached.
Flavors: r-devel-linux-x86_64-debian-clang, r-devel-linux-x86_64-debian-gcc, r-devel-linux-x86_64-fedora-clang, r-devel-linux-x86_64-fedora-gcc, r-devel-osx-x86_64-clang, r-devel-windows-ix86+x86_64, r-patched-linux-x86_64, r-patched-solaris-sparc, r-patched-solaris-x86, r-release-linux-x86_64, r-release-osx-x86_64-mavericks, r-release-windows-ix86+x86_64, r-oldrel-windows-ix86+x86_64

Version: 0.2.2.6
Check: R code for possible problems
Result: NOTE
    NB: .First.lib is obsolete and will not be used in R >= 3.0.0
    File ‘dynamicGraph/R/dynamicGraph-internal.R’:
     .onAttach calls:
     require(tcltk)
    
    Package startup functions should not change the search path.
    See section ‘Good practice’ in '?.onAttach'.
    
    .cliquesFromEdges: no visible global function definition for ‘cliques’
    .propertyDialog : subSelectDialog: no visible global function
     definition for ‘tkscrollbar’
    .propertyDialog : subSelectDialog : <anonymous>: no visible global
     function definition for ‘tkyview’
    .propertyDialog : subSelectDialog: no visible global function
     definition for ‘tklistbox’
    .propertyDialog : subSelectDialog : <anonymous>: no visible global
     function definition for ‘tkset’
    .propertyDialog : subSelectDialog: no visible global function
     definition for ‘tkgrid’
    .propertyDialog : subSelectDialog: no visible global function
     definition for ‘tklabel’
    .propertyDialog : subSelectDialog: no visible global function
     definition for ‘tkgrid.configure’
    .propertyDialog : subSelectDialog: no visible global function
     definition for ‘tkinsert’
    .propertyDialog : subSelectDialog: no visible global function
     definition for ‘tkselection.set’
    .propertyDialog : subTextDialog: no visible global function definition
     for ‘tclVar’
    .propertyDialog : subTextDialog: no visible global function definition
     for ‘tkentry’
    .propertyDialog : subTextDialog: no visible global function definition
     for ‘tkgrid’
    .propertyDialog : subTextDialog: no visible global function definition
     for ‘tklabel’
    .propertyDialog : onCancel: no visible global function definition for
     ‘tkgrab.release’
    .propertyDialog : onCancel: no visible global function definition for
     ‘tkdestroy’
    .propertyDialog : onCancel: no visible global function definition for
     ‘tkfocus’
    .propertyDialog : onOK : getList: no visible global function definition
     for ‘tclvalue’
    .propertyDialog : onOK : <anonymous>: no visible global function
     definition for ‘tclvalue’
    .propertyDialog : onOK: no visible global function definition for
     ‘tkcurselection’
    .propertyDialog : onOK: no visible global function definition for
     ‘tkgrab.release’
    .propertyDialog : onOK: no visible global function definition for
     ‘tkdestroy’
    .propertyDialog : onOK: no visible global function definition for
     ‘tkfocus’
    .propertyDialog: no visible global function definition for ‘tktoplevel’
    .propertyDialog: no visible global function definition for
     ‘tkwm.deiconify’
    .propertyDialog: no visible global function definition for ‘tkgrab.set’
    .propertyDialog: no visible global function definition for ‘tkfocus’
    .propertyDialog: no visible global function definition for ‘tkwm.title’
    .propertyDialog: no visible global function definition for ‘tkgrid’
    .propertyDialog: no visible global function definition for ‘tklabel’
    .propertyDialog: no visible global function definition for ‘tkbutton’
    .propertyDialog: no visible global function definition for ‘tkbind’
    .propertyDialog : <anonymous>: no visible global function definition
     for ‘tkgrab.release’
    .propertyDialog : <anonymous>: no visible global function definition
     for ‘tkfocus’
    .propertyDialog: no visible global function definition for
     ‘tkwait.window’
    dynamicGraphMain : drawModel : redrawView : setSrcLabel: no visible
     global function definition for ‘tkxview’
    dynamicGraphMain : drawModel : redrawView : setSrcLabel: no visible
     global function definition for ‘tkyview’
    dynamicGraphMain : drawModel : redrawView : setSrcLabel: no visible
     global function definition for ‘tkconfigure’
    dynamicGraphMain : drawModel : redrawView : tkinsert.blockVertices: no
     visible global function definition for ‘tkdelete’
    dynamicGraphMain : drawModel : redrawView : tkinsert.blockVertices: no
     visible global function definition for ‘tkinsert’
    dynamicGraphMain : drawModel : redrawView : tkinsert.block: no visible
     global function definition for ‘tkdelete’
    dynamicGraphMain : drawModel : redrawView : tkinsert.block: no visible
     global function definition for ‘tkinsert’
    dynamicGraphMain : drawModel : redrawView : popupSelectedInPanel: no
     visible global function definition for ‘tkcurselection’
    dynamicGraphMain : drawModel : redrawView : popupSelectedInPanel: no
     visible global function definition for ‘tclvalue’
    dynamicGraphMain : drawModel : redrawView : popupSelectedInPanel: no
     visible global function definition for ‘tcl’
    dynamicGraphMain : drawModel : redrawView : bindBox: no visible global
     function definition for ‘tcl’
    dynamicGraphMain : drawModel : redrawView : bindBox: no visible global
     function definition for ‘tkbind’
    dynamicGraphMain : drawModel : redrawView : bindBox : <anonymous>: no
     visible global function definition for ‘tclvalue’
    dynamicGraphMain : drawModel : redrawView : bindBox : <anonymous>: no
     visible global function definition for ‘tcl’
    dynamicGraphMain : drawModel : redrawView : bindBox : <anonymous>: no
     visible global function definition for ‘tkcurselection’
    dynamicGraphMain : drawModel : redrawView : bindBox : <anonymous>: no
     visible global function definition for ‘tkselection.clear’
    dynamicGraphMain : drawModel : redrawView : bindBox : <anonymous>: no
     visible global function definition for ‘tkselection.set’
    dynamicGraphMain : drawModel : redrawView : moveCanvas : <anonymous>:
     no visible global function definition for ‘tkxview’
    dynamicGraphMain : drawModel : redrawView : moveCanvas : <anonymous>:
     no visible global function definition for ‘tkyview’
    dynamicGraphMain : drawModel : redrawView : moveCanvas : <anonymous>:
     no visible global function definition for ‘tkxview.moveto’
    dynamicGraphMain : drawModel : redrawView : moveCanvas : <anonymous>:
     no visible global function definition for ‘tkyview.moveto’
    dynamicGraphMain : drawModel : redrawView : newGraph: no visible global
     function definition for ‘tktoplevel’
    dynamicGraphMain : drawModel : redrawView : newGraph: no visible global
     function definition for ‘tkframe’
    dynamicGraphMain : drawModel : redrawView : newGraph: no visible global
     function definition for ‘tkpack’
    dynamicGraphMain : drawModel : redrawView : newGraph: no visible global
     function definition for ‘tcl’
    dynamicGraphMain : drawModel : redrawView : newGraph: no visible global
     function definition for ‘.Tk.subwin’
    dynamicGraphMain : drawModel : redrawView : newGraph : myTclRequire: no
     visible global function definition for ‘tclvalue’
    dynamicGraphMain : drawModel : redrawView : newGraph : myTclRequire: no
     visible global function definition for ‘.Tcl’
    dynamicGraphMain : drawModel : redrawView : newGraph : selectcommand:
     no visible global function definition for ‘tkcurselection’
    dynamicGraphMain : drawModel : redrawView : newGraph : selectcommand:
     no visible global function definition for ‘tclvalue’
    dynamicGraphMain : drawModel : redrawView : newGraph : selectcommand:
     no visible global function definition for ‘tcl’
    dynamicGraphMain : drawModel : redrawView : newGraph : dropcmd: no
     visible global function definition for ‘tkmove’
    dynamicGraphMain : drawModel : redrawView : newGraph: no visible global
     function definition for ‘tkwidget’
    dynamicGraphMain : drawModel : redrawView : newGraph : <anonymous>: no
     visible global function definition for ‘tkset’
    dynamicGraphMain : drawModel : redrawView : newGraph: no visible global
     function definition for ‘tklistbox’
    dynamicGraphMain : drawModel : redrawView : newGraph: no visible global
     function definition for ‘tkinsert’
    dynamicGraphMain : drawModel : redrawView : newGraph: no visible global
     function definition for ‘tkselection.set’
    dynamicGraphMain : drawModel : redrawView : newGraph: no visible global
     function definition for ‘tkscrollbar’
    dynamicGraphMain : drawModel : redrawView : newGraph : <anonymous>: no
     visible global function definition for ‘tkyview’
    dynamicGraphMain : drawModel : redrawView : newGraph: no visible global
     function definition for ‘tkgrid’
    dynamicGraphMain : drawModel : redrawView : newGraph: no visible global
     function definition for ‘tkgrid.columnconfigure’
    dynamicGraphMain : drawModel : redrawView : newGraph: no visible global
     function definition for ‘tkgrid.rowconfigure’
    dynamicGraphMain : drawModel : redrawView : newGraph: no visible global
     function definition for ‘tklabel’
    dynamicGraphMain : drawModel : redrawView : newGraph : <anonymous>: no
     visible global function definition for ‘tkxview’
    dynamicGraphMain : drawModel : redrawView : newGraph: no visible global
     function definition for ‘tkcanvas’
    dynamicGraphMain : drawModel : redrawView : newGraph: no visible global
     function definition for ‘tkadd’
    dynamicGraphMain : drawModel : redrawView : newGraph: no visible global
     function definition for ‘tkfocus’
    dynamicGraphMain : drawModel : redrawView : newGraph: no visible global
     function definition for ‘tktitle<-’
    dynamicGraphMain : drawModel : redrawView : Args: no visible binding
     for global variable ‘title’
    dynamicGraphMain : drawModel : redrawView : replaceXY: no visible
     global function definition for ‘tkxview’
    dynamicGraphMain : drawModel : redrawView : replaceXY: no visible
     global function definition for ‘tkyview’
    dynamicGraphMain : drawModel : redrawView : callPopup : <anonymous>: no
     visible global function definition for ‘tkwinfo’
    dynamicGraphMain : drawModel : redrawView : callPopup : <anonymous>: no
     visible global function definition for ‘.Tcl’
    dynamicGraphMain : drawModel : redrawView : callPopup : <anonymous>: no
     visible global function definition for ‘.Tcl.args’
    dynamicGraphMain : drawModel : redrawView : callPopupInBox :
     <anonymous>: no visible global function definition for ‘tkmenu’
    dynamicGraphMain : drawModel : redrawView : callPopupInBox :
     <anonymous>: no visible global function definition for ‘tkwinfo’
    dynamicGraphMain : drawModel : redrawView : callPopupInBox :
     <anonymous>: no visible global function definition for ‘.Tcl’
    dynamicGraphMain : drawModel : redrawView : callPopupInBox :
     <anonymous>: no visible global function definition for ‘.Tcl.args’
    dynamicGraphMain : drawModel : redrawView : callPopupNode :
     <anonymous>: no visible global function definition for ‘tkmenu’
    dynamicGraphMain : drawModel : redrawView : callPopupNode :
     <anonymous>: no visible global function definition for ‘tkwinfo’
    dynamicGraphMain : drawModel : redrawView : callPopupNode :
     <anonymous>: no visible global function definition for ‘.Tcl’
    dynamicGraphMain : drawModel : redrawView : callPopupNode :
     <anonymous>: no visible global function definition for ‘.Tcl.args’
    dynamicGraphMain : drawModel : redrawView : callPopupEdge :
     <anonymous>: no visible global function definition for ‘tkmenu’
    dynamicGraphMain : drawModel : redrawView : callPopupEdge :
     <anonymous>: no visible global function definition for ‘tkwinfo’
    dynamicGraphMain : drawModel : redrawView : callPopupEdge :
     <anonymous>: no visible global function definition for ‘.Tcl’
    dynamicGraphMain : drawModel : redrawView : callPopupEdge :
     <anonymous>: no visible global function definition for ‘.Tcl.args’
    dynamicGraphMain : drawModel : redrawView : deleteTags: no visible
     global function definition for ‘tkdelete’
    dynamicGraphMain : drawModel : redrawView : deleteTags: no visible
     global function definition for ‘tkgettags’
    dynamicGraphMain : drawModel : redrawView : destroyView : <anonymous>:
     no visible global function definition for ‘tkdestroy’
    dynamicGraphMain : drawModel : redrawView : updateModel: no visible
     global function definition for ‘tkconfigure’
    dynamicGraphMain : drawModel : redrawView : updateModel: no visible
     global function definition for ‘tkfocus’
    dynamicGraphMain : drawModel : redrawView : sphereRand: no visible
     global function definition for ‘runif’
    dynamicGraphMain : drawModel : redrawView : doHandRotate : <anonymous>:
     no visible global function definition for ‘tkconfigure’
    dynamicGraphMain : drawModel : redrawView : doHandRotate : <anonymous>:
     no visible global function definition for ‘tkfocus’
    dynamicGraphMain : drawModel : redrawView : rockPlot : <anonymous>: no
     visible global function definition for ‘tkconfigure’
    dynamicGraphMain : drawModel : redrawView : rockPlot : <anonymous>: no
     visible global function definition for ‘tkfocus’
    dynamicGraphMain : drawModel : redrawView : setCloseVertex: no visible
     global function definition for ‘tkdelete’
    dynamicGraphMain : drawModel : redrawView : setClosedBlock: no visible
     global function definition for ‘tkdelete’
    dynamicGraphMain : drawModel : redrawView : setHiddenBlock: no visible
     global function definition for ‘tkdelete’
    dynamicGraphMain : drawModel : redrawView : updateVertexInBlock: no
     visible global function definition for ‘tkdelete’
    dynamicGraphMain : drawModel : redrawView : updateVertexInBlock: no
     visible global function definition for ‘tkinsert’
    dynamicGraphMain : drawModel : redrawView : setEdgeColor : setEdge: no
     visible global function definition for ‘tkitemconfigure’
    dynamicGraphMain : drawModel : redrawView : setEdgeDash : setEdge: no
     visible global function definition for ‘tkitemconfigure’
    dynamicGraphMain : drawModel : redrawView : setVertexColor: no visible
     global function definition for ‘tkitemconfigure’
    dynamicGraphMain : drawModel : redrawView : setVertexLabel: no visible
     global function definition for ‘tkitemconfigure’
    dynamicGraphMain : drawModel : redrawView : setEdgeLabel: no visible
     global function definition for ‘tkitemconfigure’
    dynamicGraphMain : drawModel : redrawView : setEdgeWidth: no visible
     global function definition for ‘tkitemconfigure’
    dynamicGraphMain : drawModel : redrawView : setEdgeCoords: no visible
     global function definition for ‘tkitemraise’
    dynamicGraphMain : drawModel : redrawView : setEdgeCoords: no visible
     global function definition for ‘tkcoords’
    dynamicGraphMain : drawModel : redrawView : subSetEdgeCoords: no
     visible global function definition for ‘tkitemconfigure’
    dynamicGraphMain : drawModel : redrawView : subSetEdgeCoords : g: no
     visible global function definition for ‘tkcoords’
    dynamicGraphMain : drawModel : redrawView : subSetEdgeCoords : g: no
     visible global function definition for ‘tkmove’
    dynamicGraphMain : drawModel : redrawView : subSetEdgeCoords : ff: no
     visible global function definition for ‘tkcoords’
    dynamicGraphMain : drawModel : redrawView : addEdgePopups: no visible
     global function definition for ‘tkadd’
    dynamicGraphMain : drawModel : redrawView : addEdgePopups: no visible
     global function definition for ‘tkmenu’
    dynamicGraphMain : drawModel : redrawView : setBindEdge: no visible
     global function definition for ‘tkmenu’
    dynamicGraphMain : drawModel : redrawView : setBindEdge: no visible
     global function definition for ‘tkitembind’
    dynamicGraphMain : drawModel : redrawView : setBindEdge : <anonymous>:
     no visible global function definition for ‘tkconfigure’
    dynamicGraphMain : drawModel : redrawView : subDrawEdge: no visible
     global function definition for ‘tkcreate’
    dynamicGraphMain : drawModel : redrawView : insertEdgeItems: no visible
     global function definition for ‘tkaddtag’
    dynamicGraphMain : drawModel : redrawView : insertEdgeItems: no visible
     global function definition for ‘tkitemconfigure’
    dynamicGraphMain : drawModel : redrawView : tkcoordsBlock :
     tkcoordsRectangleLine: no visible global function definition for
     ‘tkcoords’
    dynamicGraphMain : drawModel : redrawView : tkcoordsBlock :
     tkcoordsCornerLine: no visible global function definition for
     ‘tkcoords’
    dynamicGraphMain : drawModel : redrawView : tkcoordsBlock: no visible
     global function definition for ‘tkcoords’
    dynamicGraphMain : drawModel : redrawView : drawBlock :
     drawRectangleLine: no visible global function definition for
     ‘tkcreate’
    dynamicGraphMain : drawModel : redrawView : drawBlock :
     drawRectangleLine: no visible global function definition for
     ‘tkaddtag’
    dynamicGraphMain : drawModel : redrawView : drawBlock :
     drawRectangleLine: no visible global function definition for
     ‘tkitembind’
    dynamicGraphMain : drawModel : redrawView : drawBlock :
     drawRectangleLine : <anonymous>: no visible global function
     definition for ‘tkconfigure’
    dynamicGraphMain : drawModel : redrawView : drawBlock : drawCornerLine:
     no visible global function definition for ‘tkcreate’
    dynamicGraphMain : drawModel : redrawView : drawBlock : drawCornerLine:
     no visible global function definition for ‘tkaddtag’
    dynamicGraphMain : drawModel : redrawView : drawBlock : drawCornerLine:
     no visible global function definition for ‘tkitembind’
    dynamicGraphMain : drawModel : redrawView : drawBlock : drawCornerLine
     : <anonymous>: no visible global function definition for
     ‘tkconfigure’
    dynamicGraphMain : drawModel : redrawView : drawBlock: no visible
     global function definition for ‘tkcreate’
    dynamicGraphMain : drawModel : redrawView : drawBlock: no visible
     global function definition for ‘tkaddtag’
    dynamicGraphMain : drawModel : redrawView : addNodePopups: no visible
     global function definition for ‘tkadd’
    dynamicGraphMain : drawModel : redrawView : addNodePopups: no visible
     global function definition for ‘tkmenu’
    dynamicGraphMain : drawModel : redrawView : setBindNode : f: no visible
     global function definition for ‘tkitembind’
    dynamicGraphMain : drawModel : redrawView : setBindNode : f :
     <anonymous>: no visible global function definition for ‘tkconfigure’
    dynamicGraphMain : drawModel : redrawView : setBindNode : f: no visible
     global function definition for ‘tkaddtag’
    dynamicGraphMain : drawModel : redrawView : setBindNode :
     blockitembind: no visible global function definition for ‘tkitembind’
    dynamicGraphMain : drawModel : redrawView : setBindNode : blockitembind
     : <anonymous>: no visible global function definition for
     ‘tkconfigure’
    dynamicGraphMain : drawModel : redrawView : setBindNode :
     blockitembind: no visible global function definition for ‘tkaddtag’
    dynamicGraphMain : drawModel : redrawView : setBindNode: no visible
     global function definition for ‘tkmenu’
    dynamicGraphMain : drawModel : redrawView : subDrawVertex: no visible
     global function definition for ‘tkcreate’
    dynamicGraphMain : drawModel : redrawView : subDrawVertex: no visible
     global function definition for ‘tkaddtag’
    dynamicGraphMain : drawModel : redrawView : drawResult: no visible
     global function definition for ‘tktitle<-’
    dynamicGraphMain : drawModel : redrawView : updateNode: no visible
     global function definition for ‘tkdelete’
    dynamicGraphMain : drawModel : redrawView : updateNode: no visible
     global function definition for ‘tkcoords’
    dynamicGraphMain : drawModel : redrawView : updateNode: no visible
     global function definition for ‘tkmove’
    dynamicGraphMain : drawModel : redrawView : updateNode: no visible
     global function definition for ‘tkitemconfigure’
    dynamicGraphMain : drawModel : redrawView : subUpdateGraphWindow: no
     visible global function definition for ‘tkitemconfigure’
    dynamicGraphMain : drawModel : redrawView : tkdeleteRectangleCorner: no
     visible global function definition for ‘tkdelete’
    dynamicGraphMain : drawModel : redrawView : tkdeleteRectangle: no
     visible global function definition for ‘tkdelete’
    dynamicGraphMain : drawModel : redrawView : tkdeleteBar: no visible
     global function definition for ‘tkdelete’
    dynamicGraphMain : drawModel : redrawView : deleteBlock: no visible
     global function definition for ‘tkdelete’
    dynamicGraphMain : drawModel : redrawView : subSubDeleteEdge : delete:
     no visible global function definition for ‘tkdelete’
    dynamicGraphMain : drawModel : redrawView :
     subSubUndisplayFactorVertex: no visible global function definition
     for ‘tkdelete’
    dynamicGraphMain : drawModel : redrawView : subSubUndisplayVertex: no
     visible global function definition for ‘tkdelete’
    dynamicGraphMain : drawModel : redrawView : moveVerticesInBlock: no
     visible global function definition for ‘tkmove’
    dynamicGraphMain : drawModel : redrawView : subMoveVertex: no visible
     global function definition for ‘tkmove’
    dynamicGraphMain : drawModel : redrawView : subMoveVertex: no visible
     global function definition for ‘tkitemraise’
    dynamicGraphMain : drawModel : redrawView : subMoveVertex: no visible
     global function definition for ‘tkitemconfigure’
    dynamicGraphMain : drawModel : redrawView : moveVertexLabel :
     <anonymous>: no visible global function definition for ‘tkcoords’
    dynamicGraphMain : drawModel : redrawView : moveVertexLabel :
     <anonymous>: no visible global function definition for ‘tkmove’
    dynamicGraphMain : drawModel : redrawView : subDropVertex: no visible
     global function definition for ‘tkconfigure’
    dynamicGraphMain : drawModel : redrawView : subDropVertex: no visible
     global function definition for ‘tkfocus’
    dynamicGraphMain : drawModel : redrawView : subDropVertex: no visible
     global function definition for ‘tktitle<-’
    dynamicGraphMain : drawModel : redrawView : subDropVertex: no visible
     global function definition for ‘tkdelete’
    dynamicGraphMain : drawModel : redrawView : subDropVertex: no visible
     global function definition for ‘tkinsert’
    dynamicGraphMain : drawModel : redrawView : subDropVertex: no visible
     global function definition for ‘tkselection.clear’
    dynamicGraphMain : drawModel : redrawView : subDropVertex: no visible
     global function definition for ‘tkselection.set’
    dynamicGraphMain : drawModel : redrawView : moveEdge : <anonymous> :
     fun: no visible global function definition for ‘tkmove’
    dynamicGraphMain : drawModel : redrawView : moveEdgeLabel :
     <anonymous>: no visible global function definition for ‘tkmove’
    dynamicGraphMain : drawModel : redrawView : subSubAddEdge: no visible
     global function definition for ‘tktitle<-’
    dynamicGraphMain : drawModel : redrawView : subAddEdge: no visible
     global function definition for ‘tkconfigure’
    dynamicGraphMain : drawModel : redrawView : subAddEdge: no visible
     global function definition for ‘tkfocus’
    dynamicGraphMain : drawModel : redrawView : new.Block: no visible
     global function definition for ‘tkconfigure’
    dynamicGraphMain : drawModel : redrawView : subSubDropEdge: no visible
     global function definition for ‘tktitle<-’
    dynamicGraphMain : drawModel : redrawView : subDropEdge: no visible
     global function definition for ‘tkconfigure’
    dynamicGraphMain : drawModel : redrawView : subDropEdge: no visible
     global function definition for ‘tkfocus’
    dynamicGraphMain : drawModel : redrawView : propertyNode : <anonymous>
     : f: no visible global function definition for ‘tkmove’
    dynamicGraphMain : drawModel : redrawView : computeEdgeLabel :
     <anonymous>: no visible global function definition for ‘tkconfigure’
    dynamicGraphMain : drawModel : redrawView : computeEdgeLabel :
     <anonymous>: no visible global function definition for ‘tkfocus’
    dynamicGraphMain : drawModel : redrawView : subNewVertex: no visible
     global function definition for ‘tkinsert’
    dynamicGraphMain : drawModel : redrawView : subNewVertex: no visible
     global function definition for ‘tkselection.set’
    dynamicGraphMain : drawModel : redrawView : subAddVertex: no visible
     global function definition for ‘tkconfigure’
    dynamicGraphMain : drawModel : redrawView : subAddVertex: no visible
     global function definition for ‘tkfocus’
    dynamicGraphMain : drawModel : redrawView : subAddVertex: no visible
     global function definition for ‘tktitle<-’
    dynamicGraphMain : drawModel : redrawView : subAddVertex: no visible
     global function definition for ‘tkdelete’
    dynamicGraphMain : drawModel : redrawView : subAddVertex: no visible
     global function definition for ‘tkinsert’
    dynamicGraphMain : drawModel : redrawView : subAddVertex: no visible
     global function definition for ‘tkselection.set’
    dynamicGraphMain : drawModel : redrawView : newVertexXY : <anonymous>:
     no visible global function definition for ‘tkfocus’
    dynamicGraphMain : drawModel : redrawView : zoom: no visible global
     function definition for ‘tkitemscale’
    dynamicGraphMain : drawModel : redrawView : setMainMenu: no visible
     global function definition for ‘tkmenu’
    dynamicGraphMain : drawModel : redrawView : setMainMenu: no visible
     global function definition for ‘tkconfigure’
    dynamicGraphMain : drawModel : redrawView : setMainMenu: no visible
     global function definition for ‘tkadd’
    dynamicGraphMain : drawModel : redrawView : setMainMenu : <anonymous>:
     no visible global function definition for ‘tclvalue’
    dynamicGraphMain : drawModel : redrawView : setMainMenu : <anonymous>:
     no visible global function definition for ‘tkgetSaveFile’
    dynamicGraphMain : drawModel : redrawView : setMainMenu : <anonymous>:
     no visible global function definition for ‘tkmessageBox’
    dynamicGraphMain : drawModel : redrawView : setMainMenu : <anonymous>:
     no visible global function definition for ‘tkpostscript’
    dynamicGraphMain : drawModel : redrawView : setMainMenu :
     selectVariableDialog: no visible global function definition for
     ‘tkmessageBox’
    dynamicGraphMain : drawModel : redrawView : setMainMenu : <anonymous>:
     no visible global function definition for ‘tkconfigure’
    dynamicGraphMain : drawModel : redrawView : setMainMenu : <anonymous>:
     no visible global function definition for ‘tclVar’
    dynamicGraphMain : drawModel : redrawView : setMainMenu: no visible
     global function definition for ‘tclVar’
    dynamicGraphMain : drawModel : redrawView: no visible global function
     definition for ‘tkbind’
    modalDialog: no visible global function definition for ‘tktoplevel’
    modalDialog: no visible global function definition for ‘tkwm.deiconify’
    modalDialog: no visible global function definition for ‘tkgrab.set’
    modalDialog: no visible global function definition for ‘tkfocus’
    modalDialog: no visible global function definition for ‘tkwm.title’
    modalDialog: no visible global function definition for ‘tclVar’
    modalDialog: no visible global function definition for ‘tkentry’
    modalDialog: no visible global function definition for ‘tkgrid’
    modalDialog: no visible global function definition for ‘tklabel’
    modalDialog : onOK: no visible global function definition for
     ‘tclvalue’
    modalDialog : onOK: no visible global function definition for
     ‘tkgrab.release’
    modalDialog : onOK: no visible global function definition for
     ‘tkdestroy’
    modalDialog : onOK: no visible global function definition for ‘tkfocus’
    modalDialog : onCancel: no visible global function definition for
     ‘tkgrab.release’
    modalDialog : onCancel: no visible global function definition for
     ‘tkdestroy’
    modalDialog : onCancel: no visible global function definition for
     ‘tkfocus’
    modalDialog: no visible global function definition for ‘tkbutton’
    modalDialog: no visible global function definition for ‘tkbind’
    modalDialog : <anonymous>: no visible global function definition for
     ‘tkgrab.release’
    modalDialog : <anonymous>: no visible global function definition for
     ‘tkfocus’
    modalDialog: no visible global function definition for ‘tkwait.window’
    selectDialog : subSelectDialog: no visible global function definition
     for ‘tkwm.title’
    selectDialog : subSelectDialog: no visible global function definition
     for ‘tkscrollbar’
    selectDialog : subSelectDialog : <anonymous>: no visible global
     function definition for ‘tkyview’
    selectDialog : subSelectDialog: no visible global function definition
     for ‘tklistbox’
    selectDialog : subSelectDialog : <anonymous>: no visible global
     function definition for ‘tkset’
    selectDialog : subSelectDialog: no visible global function definition
     for ‘tkgrid’
    selectDialog : subSelectDialog: no visible global function definition
     for ‘tklabel’
    selectDialog : subSelectDialog: no visible global function definition
     for ‘tkgrid.configure’
    selectDialog : subSelectDialog: no visible global function definition
     for ‘tkinsert’
    selectDialog : subSelectDialog: no visible global function definition
     for ‘tkselection.set’
    selectDialog: no visible global function definition for ‘tktoplevel’
    selectDialog: no visible global function definition for
     ‘tkwm.deiconify’
    selectDialog: no visible global function definition for ‘tkgrab.set’
    selectDialog: no visible global function definition for ‘tkfocus’
    selectDialog : OnOK: no visible global function definition for
     ‘tkcurselection’
    selectDialog : OnOK: no visible global function definition for
     ‘tkgrab.release’
    selectDialog : OnOK: no visible global function definition for
     ‘tkdestroy’
    selectDialog : OnOK: no visible global function definition for
     ‘tkfocus’
    selectDialog: no visible global function definition for ‘tkbutton’
    selectDialog: no visible global function definition for ‘tkgrid’
    selectDialog: no visible global function definition for ‘tkwait.window’
    addToPopups,dg.Node: no visible global function definition for ‘tkadd’
    addToPopups,dg.Node : <anonymous>: no visible global function
     definition for ‘str’
    color<-,dg.Node: no visible global function definition for ‘colors’
    draw,dg.Block: no visible global function definition for ‘tkcreate’
    draw,dg.ContinuousVertex: no visible global function definition for
     ‘tkcreate’
    draw,dg.DiscreteGenerator: no visible global function definition for
     ‘tkcreate’
    draw,dg.DiscreteVertex: no visible global function definition for
     ‘tkcreate’
    draw,dg.Edge : f : l: no visible global function definition for
     ‘tkcreate’
    draw,dg.Edge : f: no visible global function definition for ‘tkcreate’
    draw,dg.Generator: no visible global function definition for ‘tkcreate’
    draw,dg.LinearGenerator: no visible global function definition for
     ‘tkcreate’
    draw,dg.OrdinalVertex: no visible global function definition for
     ‘tkcreate’
    draw,dg.QuadraticGenerator: no visible global function definition for
     ‘tkcreate’
    draw,dg.TextVertex: no visible global function definition for
     ‘tkcreate’
    initialize,dg.Test: no visible global function definition for ‘runif’
    initialize,dg.Test: no visible global function definition for ‘rchisq’
    initialize,dg.Test: no visible global function definition for ‘pchisq’
    Undefined global functions or variables:
     .Tcl .Tcl.args .Tk.subwin cliques colors pchisq rchisq runif str tcl
     tclVar tclvalue title tkadd tkaddtag tkbind tkbutton tkcanvas
     tkconfigure tkcoords tkcreate tkcurselection tkdelete tkdestroy
     tkentry tkfocus tkframe tkgetSaveFile tkgettags tkgrab.release
     tkgrab.set tkgrid tkgrid.columnconfigure tkgrid.configure
     tkgrid.rowconfigure tkinsert tkitembind tkitemconfigure tkitemraise
     tkitemscale tklabel tklistbox tkmenu tkmessageBox tkmove tkpack
     tkpostscript tkscrollbar tkselection.clear tkselection.set tkset
     tktitle<- tktoplevel tkwait.window tkwidget tkwinfo tkwm.deiconify
     tkwm.title tkxview tkxview.moveto tkyview tkyview.moveto
    Consider adding
     importFrom("grDevices", "colors")
     importFrom("graphics", "title")
     importFrom("stats", "pchisq", "rchisq", "runif")
     importFrom("utils", "str")
    to your NAMESPACE.
    
    Found the following assignments to the global environment:
    File ‘dynamicGraph/R/dynamicGraphMain.R’:
     assign(objectName, R$object, pos = 1)
     assign("x", x, pos = 1)
     assign(ReturnVal, Args(), pos = 1)
     assign(ReturnVal, dgm.frameModels, pos = 1)
     assign(ReturnVal, dm.frameViews, pos = 1)
     assign(ReturnVal, GraphWindow, pos = 1)
     assign(ReturnVal, object, pos = 1)
     assign(ReturnVal, transformation, pos = 1)
     assign(ReturnVal, GW.top, pos = 1)
     assign(ReturnVal, GW.top$env$canvas, pos = 1)
     assign(ReturnVal, GW.top$env$viewLabel, pos = 1)
     assign(ReturnVal, vertexList, pos = 1)
     assign(ReturnVal, edge.List, pos = 1)
     assign(ReturnVal, extra.List, pos = 1)
     assign(ReturnVal, extra.Edge.List, pos = 1)
     assign(ReturnVal, factorVertex.List, pos = 1)
     assign(ReturnVal, factor.Edge.List, pos = 1)
     assign(ReturnVal, block.List, pos = 1)
     assign(ReturnVal, blockTree, pos = 1)
     assign(ReturnVal, blockEdge.List, pos = 1)
Flavors: r-devel-linux-x86_64-debian-clang, r-devel-linux-x86_64-debian-gcc, r-devel-linux-x86_64-fedora-clang

Version: 0.2.2.6
Check: R code for possible problems
Result: NOTE
    NB: .First.lib is obsolete and will not be used in R >= 3.0.0
    File ‘dynamicGraph/R/dynamicGraph-internal.R’:
     .onAttach calls:
     require(tcltk)
    
    Package startup functions should not change the search path.
    See section ‘Good practice’ in '?.onAttach'.
    
    .cliquesFromEdges: no visible global function definition for ‘cliques’
    .propertyDialog : subSelectDialog: no visible global function
     definition for ‘tkscrollbar’
    .propertyDialog : subSelectDialog : <anonymous>: no visible global
     function definition for ‘tkyview’
    .propertyDialog : subSelectDialog: no visible global function
     definition for ‘tklistbox’
    .propertyDialog : subSelectDialog : <anonymous>: no visible global
     function definition for ‘tkset’
    .propertyDialog : subSelectDialog: no visible global function
     definition for ‘tkgrid’
    .propertyDialog : subSelectDialog: no visible global function
     definition for ‘tklabel’
    .propertyDialog : subSelectDialog: no visible global function
     definition for ‘tkgrid.configure’
    .propertyDialog : subSelectDialog: no visible global function
     definition for ‘tkinsert’
    .propertyDialog : subSelectDialog: no visible global function
     definition for ‘tkselection.set’
    .propertyDialog : subTextDialog: no visible global function definition
     for ‘tclVar’
    .propertyDialog : subTextDialog: no visible global function definition
     for ‘tkentry’
    .propertyDialog : subTextDialog: no visible global function definition
     for ‘tkgrid’
    .propertyDialog : subTextDialog: no visible global function definition
     for ‘tklabel’
    .propertyDialog : onCancel: no visible global function definition for
     ‘tkgrab.release’
    .propertyDialog : onCancel: no visible global function definition for
     ‘tkdestroy’
    .propertyDialog : onCancel: no visible global function definition for
     ‘tkfocus’
    .propertyDialog : onOK : getList: no visible global function definition
     for ‘tclvalue’
    .propertyDialog : onOK : <anonymous>: no visible global function
     definition for ‘tclvalue’
    .propertyDialog : onOK: no visible global function definition for
     ‘tkcurselection’
    .propertyDialog : onOK: no visible global function definition for
     ‘tkgrab.release’
    .propertyDialog : onOK: no visible global function definition for
     ‘tkdestroy’
    .propertyDialog : onOK: no visible global function definition for
     ‘tkfocus’
    .propertyDialog: no visible global function definition for ‘tktoplevel’
    .propertyDialog: no visible global function definition for
     ‘tkwm.deiconify’
    .propertyDialog: no visible global function definition for ‘tkgrab.set’
    .propertyDialog: no visible global function definition for ‘tkfocus’
    .propertyDialog: no visible global function definition for ‘tkwm.title’
    .propertyDialog: no visible global function definition for ‘tkgrid’
    .propertyDialog: no visible global function definition for ‘tklabel’
    .propertyDialog: no visible global function definition for ‘tkbutton’
    .propertyDialog: no visible global function definition for ‘tkbind’
    .propertyDialog : <anonymous>: no visible global function definition
     for ‘tkgrab.release’
    .propertyDialog : <anonymous>: no visible global function definition
     for ‘tkfocus’
    .propertyDialog: no visible global function definition for
     ‘tkwait.window’
    dynamicGraphMain : drawModel : redrawView : setSrcLabel: no visible
     global function definition for ‘tkxview’
    dynamicGraphMain : drawModel : redrawView : setSrcLabel: no visible
     global function definition for ‘tkyview’
    dynamicGraphMain : drawModel : redrawView : setSrcLabel: no visible
     global function definition for ‘tkconfigure’
    dynamicGraphMain : drawModel : redrawView : tkinsert.blockVertices: no
     visible global function definition for ‘tkdelete’
    dynamicGraphMain : drawModel : redrawView : tkinsert.blockVertices: no
     visible global function definition for ‘tkinsert’
    dynamicGraphMain : drawModel : redrawView : tkinsert.block: no visible
     global function definition for ‘tkdelete’
    dynamicGraphMain : drawModel : redrawView : tkinsert.block: no visible
     global function definition for ‘tkinsert’
    dynamicGraphMain : drawModel : redrawView : popupSelectedInPanel: no
     visible global function definition for ‘tkcurselection’
    dynamicGraphMain : drawModel : redrawView : popupSelectedInPanel: no
     visible global function definition for ‘tclvalue’
    dynamicGraphMain : drawModel : redrawView : popupSelectedInPanel: no
     visible global function definition for ‘tcl’
    dynamicGraphMain : drawModel : redrawView : bindBox: no visible global
     function definition for ‘tcl’
    dynamicGraphMain : drawModel : redrawView : bindBox: no visible global
     function definition for ‘tkbind’
    dynamicGraphMain : drawModel : redrawView : bindBox : <anonymous>: no
     visible global function definition for ‘tclvalue’
    dynamicGraphMain : drawModel : redrawView : bindBox : <anonymous>: no
     visible global function definition for ‘tcl’
    dynamicGraphMain : drawModel : redrawView : bindBox : <anonymous>: no
     visible global function definition for ‘tkcurselection’
    dynamicGraphMain : drawModel : redrawView : bindBox : <anonymous>: no
     visible global function definition for ‘tkselection.clear’
    dynamicGraphMain : drawModel : redrawView : bindBox : <anonymous>: no
     visible global function definition for ‘tkselection.set’
    dynamicGraphMain : drawModel : redrawView : moveCanvas : <anonymous>:
     no visible global function definition for ‘tkxview’
    dynamicGraphMain : drawModel : redrawView : moveCanvas : <anonymous>:
     no visible global function definition for ‘tkyview’
    dynamicGraphMain : drawModel : redrawView : moveCanvas : <anonymous>:
     no visible global function definition for ‘tkxview.moveto’
    dynamicGraphMain : drawModel : redrawView : moveCanvas : <anonymous>:
     no visible global function definition for ‘tkyview.moveto’
    dynamicGraphMain : drawModel : redrawView : newGraph: no visible global
     function definition for ‘tktoplevel’
    dynamicGraphMain : drawModel : redrawView : newGraph: no visible global
     function definition for ‘tkframe’
    dynamicGraphMain : drawModel : redrawView : newGraph: no visible global
     function definition for ‘tkpack’
    dynamicGraphMain : drawModel : redrawView : newGraph: no visible global
     function definition for ‘tcl’
    dynamicGraphMain : drawModel : redrawView : newGraph: no visible global
     function definition for ‘.Tk.subwin’
    dynamicGraphMain : drawModel : redrawView : newGraph : myTclRequire: no
     visible global function definition for ‘tclvalue’
    dynamicGraphMain : drawModel : redrawView : newGraph : myTclRequire: no
     visible global function definition for ‘.Tcl’
    dynamicGraphMain : drawModel : redrawView : newGraph : selectcommand:
     no visible global function definition for ‘tkcurselection’
    dynamicGraphMain : drawModel : redrawView : newGraph : selectcommand:
     no visible global function definition for ‘tclvalue’
    dynamicGraphMain : drawModel : redrawView : newGraph : selectcommand:
     no visible global function definition for ‘tcl’
    dynamicGraphMain : drawModel : redrawView : newGraph : dropcmd: no
     visible global function definition for ‘tkmove’
    dynamicGraphMain : drawModel : redrawView : newGraph: no visible global
     function definition for ‘tkwidget’
    dynamicGraphMain : drawModel : redrawView : newGraph : <anonymous>: no
     visible global function definition for ‘tkset’
    dynamicGraphMain : drawModel : redrawView : newGraph: no visible global
     function definition for ‘tklistbox’
    dynamicGraphMain : drawModel : redrawView : newGraph: no visible global
     function definition for ‘tkinsert’
    dynamicGraphMain : drawModel : redrawView : newGraph: no visible global
     function definition for ‘tkselection.set’
    dynamicGraphMain : drawModel : redrawView : newGraph: no visible global
     function definition for ‘tkscrollbar’
    dynamicGraphMain : drawModel : redrawView : newGraph : <anonymous>: no
     visible global function definition for ‘tkyview’
    dynamicGraphMain : drawModel : redrawView : newGraph: no visible global
     function definition for ‘tkgrid’
    dynamicGraphMain : drawModel : redrawView : newGraph: no visible global
     function definition for ‘tkgrid.columnconfigure’
    dynamicGraphMain : drawModel : redrawView : newGraph: no visible global
     function definition for ‘tkgrid.rowconfigure’
    dynamicGraphMain : drawModel : redrawView : newGraph: no visible global
     function definition for ‘tklabel’
    dynamicGraphMain : drawModel : redrawView : newGraph : <anonymous>: no
     visible global function definition for ‘tkxview’
    dynamicGraphMain : drawModel : redrawView : newGraph: no visible global
     function definition for ‘tkcanvas’
    dynamicGraphMain : drawModel : redrawView : newGraph: no visible global
     function definition for ‘tkadd’
    dynamicGraphMain : drawModel : redrawView : newGraph: no visible global
     function definition for ‘tkfocus’
    dynamicGraphMain : drawModel : redrawView : newGraph: no visible global
     function definition for ‘tktitle<-’
    dynamicGraphMain : drawModel : redrawView : Args: no visible binding
     for global variable ‘title’
    dynamicGraphMain : drawModel : redrawView : replaceXY: no visible
     global function definition for ‘tkxview’
    dynamicGraphMain : drawModel : redrawView : replaceXY: no visible
     global function definition for ‘tkyview’
    dynamicGraphMain : drawModel : redrawView : callPopup : <anonymous>: no
     visible global function definition for ‘tkwinfo’
    dynamicGraphMain : drawModel : redrawView : callPopup : <anonymous>: no
     visible global function definition for ‘.Tcl’
    dynamicGraphMain : drawModel : redrawView : callPopup : <anonymous>: no
     visible global function definition for ‘.Tcl.args’
    dynamicGraphMain : drawModel : redrawView : callPopupInBox :
     <anonymous>: no visible global function definition for ‘tkmenu’
    dynamicGraphMain : drawModel : redrawView : callPopupInBox :
     <anonymous>: no visible global function definition for ‘tkwinfo’
    dynamicGraphMain : drawModel : redrawView : callPopupInBox :
     <anonymous>: no visible global function definition for ‘.Tcl’
    dynamicGraphMain : drawModel : redrawView : callPopupInBox :
     <anonymous>: no visible global function definition for ‘.Tcl.args’
    dynamicGraphMain : drawModel : redrawView : callPopupNode :
     <anonymous>: no visible global function definition for ‘tkmenu’
    dynamicGraphMain : drawModel : redrawView : callPopupNode :
     <anonymous>: no visible global function definition for ‘tkwinfo’
    dynamicGraphMain : drawModel : redrawView : callPopupNode :
     <anonymous>: no visible global function definition for ‘.Tcl’
    dynamicGraphMain : drawModel : redrawView : callPopupNode :
     <anonymous>: no visible global function definition for ‘.Tcl.args’
    dynamicGraphMain : drawModel : redrawView : callPopupEdge :
     <anonymous>: no visible global function definition for ‘tkmenu’
    dynamicGraphMain : drawModel : redrawView : callPopupEdge :
     <anonymous>: no visible global function definition for ‘tkwinfo’
    dynamicGraphMain : drawModel : redrawView : callPopupEdge :
     <anonymous>: no visible global function definition for ‘.Tcl’
    dynamicGraphMain : drawModel : redrawView : callPopupEdge :
     <anonymous>: no visible global function definition for ‘.Tcl.args’
    dynamicGraphMain : drawModel : redrawView : deleteTags: no visible
     global function definition for ‘tkdelete’
    dynamicGraphMain : drawModel : redrawView : deleteTags: no visible
     global function definition for ‘tkgettags’
    dynamicGraphMain : drawModel : redrawView : destroyView : <anonymous>:
     no visible global function definition for ‘tkdestroy’
    dynamicGraphMain : drawModel : redrawView : updateModel: no visible
     global function definition for ‘tkconfigure’
    dynamicGraphMain : drawModel : redrawView : updateModel: no visible
     global function definition for ‘tkfocus’
    dynamicGraphMain : drawModel : redrawView : sphereRand: no visible
     global function definition for ‘runif’
    dynamicGraphMain : drawModel : redrawView : doHandRotate : <anonymous>:
     no visible global function definition for ‘tkconfigure’
    dynamicGraphMain : drawModel : redrawView : doHandRotate : <anonymous>:
     no visible global function definition for ‘tkfocus’
    dynamicGraphMain : drawModel : redrawView : rockPlot : <anonymous>: no
     visible global function definition for ‘tkconfigure’
    dynamicGraphMain : drawModel : redrawView : rockPlot : <anonymous>: no
     visible global function definition for ‘tkfocus’
    dynamicGraphMain : drawModel : redrawView : setCloseVertex: no visible
     global function definition for ‘tkdelete’
    dynamicGraphMain : drawModel : redrawView : setClosedBlock: no visible
     global function definition for ‘tkdelete’
    dynamicGraphMain : drawModel : redrawView : setHiddenBlock: no visible
     global function definition for ‘tkdelete’
    dynamicGraphMain : drawModel : redrawView : updateVertexInBlock: no
     visible global function definition for ‘tkdelete’
    dynamicGraphMain : drawModel : redrawView : updateVertexInBlock: no
     visible global function definition for ‘tkinsert’
    dynamicGraphMain : drawModel : redrawView : setEdgeColor : setEdge: no
     visible global function definition for ‘tkitemconfigure’
    dynamicGraphMain : drawModel : redrawView : setEdgeDash : setEdge: no
     visible global function definition for ‘tkitemconfigure’
    dynamicGraphMain : drawModel : redrawView : setVertexColor: no visible
     global function definition for ‘tkitemconfigure’
    dynamicGraphMain : drawModel : redrawView : setVertexLabel: no visible
     global function definition for ‘tkitemconfigure’
    dynamicGraphMain : drawModel : redrawView : setEdgeLabel: no visible
     global function definition for ‘tkitemconfigure’
    dynamicGraphMain : drawModel : redrawView : setEdgeWidth: no visible
     global function definition for ‘tkitemconfigure’
    dynamicGraphMain : drawModel : redrawView : setEdgeCoords: no visible
     global function definition for ‘tkitemraise’
    dynamicGraphMain : drawModel : redrawView : setEdgeCoords: no visible
     global function definition for ‘tkcoords’
    dynamicGraphMain : drawModel : redrawView : subSetEdgeCoords: no
     visible global function definition for ‘tkitemconfigure’
    dynamicGraphMain : drawModel : redrawView : subSetEdgeCoords : g: no
     visible global function definition for ‘tkcoords’
    dynamicGraphMain : drawModel : redrawView : subSetEdgeCoords : g: no
     visible global function definition for ‘tkmove’
    dynamicGraphMain : drawModel : redrawView : subSetEdgeCoords : ff: no
     visible global function definition for ‘tkcoords’
    dynamicGraphMain : drawModel : redrawView : addEdgePopups: no visible
     global function definition for ‘tkadd’
    dynamicGraphMain : drawModel : redrawView : addEdgePopups: no visible
     global function definition for ‘tkmenu’
    dynamicGraphMain : drawModel : redrawView : setBindEdge: no visible
     global function definition for ‘tkmenu’
    dynamicGraphMain : drawModel : redrawView : setBindEdge: no visible
     global function definition for ‘tkitembind’
    dynamicGraphMain : drawModel : redrawView : setBindEdge : <anonymous>:
     no visible global function definition for ‘tkconfigure’
    dynamicGraphMain : drawModel : redrawView : subDrawEdge: no visible
     global function definition for ‘tkcreate’
    dynamicGraphMain : drawModel : redrawView : insertEdgeItems: no visible
     global function definition for ‘tkaddtag’
    dynamicGraphMain : drawModel : redrawView : insertEdgeItems: no visible
     global function definition for ‘tkitemconfigure’
    dynamicGraphMain : drawModel : redrawView : tkcoordsBlock :
     tkcoordsRectangleLine: no visible global function definition for
     ‘tkcoords’
    dynamicGraphMain : drawModel : redrawView : tkcoordsBlock :
     tkcoordsCornerLine: no visible global function definition for
     ‘tkcoords’
    dynamicGraphMain : drawModel : redrawView : tkcoordsBlock: no visible
     global function definition for ‘tkcoords’
    dynamicGraphMain : drawModel : redrawView : drawBlock :
     drawRectangleLine: no visible global function definition for
     ‘tkcreate’
    dynamicGraphMain : drawModel : redrawView : drawBlock :
     drawRectangleLine: no visible global function definition for
     ‘tkaddtag’
    dynamicGraphMain : drawModel : redrawView : drawBlock :
     drawRectangleLine: no visible global function definition for
     ‘tkitembind’
    dynamicGraphMain : drawModel : redrawView : drawBlock :
     drawRectangleLine : <anonymous>: no visible global function
     definition for ‘tkconfigure’
    dynamicGraphMain : drawModel : redrawView : drawBlock : drawCornerLine:
     no visible global function definition for ‘tkcreate’
    dynamicGraphMain : drawModel : redrawView : drawBlock : drawCornerLine:
     no visible global function definition for ‘tkaddtag’
    dynamicGraphMain : drawModel : redrawView : drawBlock : drawCornerLine:
     no visible global function definition for ‘tkitembind’
    dynamicGraphMain : drawModel : redrawView : drawBlock : drawCornerLine
     : <anonymous>: no visible global function definition for
     ‘tkconfigure’
    dynamicGraphMain : drawModel : redrawView : drawBlock: no visible
     global function definition for ‘tkcreate’
    dynamicGraphMain : drawModel : redrawView : drawBlock: no visible
     global function definition for ‘tkaddtag’
    dynamicGraphMain : drawModel : redrawView : addNodePopups: no visible
     global function definition for ‘tkadd’
    dynamicGraphMain : drawModel : redrawView : addNodePopups: no visible
     global function definition for ‘tkmenu’
    dynamicGraphMain : drawModel : redrawView : setBindNode : f: no visible
     global function definition for ‘tkitembind’
    dynamicGraphMain : drawModel : redrawView : setBindNode : f :
     <anonymous>: no visible global function definition for ‘tkconfigure’
    dynamicGraphMain : drawModel : redrawView : setBindNode : f: no visible
     global function definition for ‘tkaddtag’
    dynamicGraphMain : drawModel : redrawView : setBindNode :
     blockitembind: no visible global function definition for ‘tkitembind’
    dynamicGraphMain : drawModel : redrawView : setBindNode : blockitembind
     : <anonymous>: no visible global function definition for
     ‘tkconfigure’
    dynamicGraphMain : drawModel : redrawView : setBindNode :
     blockitembind: no visible global function definition for ‘tkaddtag’
    dynamicGraphMain : drawModel : redrawView : setBindNode: no visible
     global function definition for ‘tkmenu’
    dynamicGraphMain : drawModel : redrawView : subDrawVertex: no visible
     global function definition for ‘tkcreate’
    dynamicGraphMain : drawModel : redrawView : subDrawVertex: no visible
     global function definition for ‘tkaddtag’
    dynamicGraphMain : drawModel : redrawView : drawResult: no visible
     global function definition for ‘tktitle<-’
    dynamicGraphMain : drawModel : redrawView : updateNode: no visible
     global function definition for ‘tkdelete’
    dynamicGraphMain : drawModel : redrawView : updateNode: no visible
     global function definition for ‘tkcoords’
    dynamicGraphMain : drawModel : redrawView : updateNode: no visible
     global function definition for ‘tkmove’
    dynamicGraphMain : drawModel : redrawView : updateNode: no visible
     global function definition for ‘tkitemconfigure’
    dynamicGraphMain : drawModel : redrawView : subUpdateGraphWindow: no
     visible global function definition for ‘tkitemconfigure’
    dynamicGraphMain : drawModel : redrawView : tkdeleteRectangleCorner: no
     visible global function definition for ‘tkdelete’
    dynamicGraphMain : drawModel : redrawView : tkdeleteRectangle: no
     visible global function definition for ‘tkdelete’
    dynamicGraphMain : drawModel : redrawView : tkdeleteBar: no visible
     global function definition for ‘tkdelete’
    dynamicGraphMain : drawModel : redrawView : deleteBlock: no visible
     global function definition for ‘tkdelete’
    dynamicGraphMain : drawModel : redrawView : subSubDeleteEdge : delete:
     no visible global function definition for ‘tkdelete’
    dynamicGraphMain : drawModel : redrawView :
     subSubUndisplayFactorVertex: no visible global function definition
     for ‘tkdelete’
    dynamicGraphMain : drawModel : redrawView : subSubUndisplayVertex: no
     visible global function definition for ‘tkdelete’
    dynamicGraphMain : drawModel : redrawView : moveVerticesInBlock: no
     visible global function definition for ‘tkmove’
    dynamicGraphMain : drawModel : redrawView : subMoveVertex: no visible
     global function definition for ‘tkmove’
    dynamicGraphMain : drawModel : redrawView : subMoveVertex: no visible
     global function definition for ‘tkitemraise’
    dynamicGraphMain : drawModel : redrawView : subMoveVertex: no visible
     global function definition for ‘tkitemconfigure’
    dynamicGraphMain : drawModel : redrawView : moveVertexLabel :
     <anonymous>: no visible global function definition for ‘tkcoords’
    dynamicGraphMain : drawModel : redrawView : moveVertexLabel :
     <anonymous>: no visible global function definition for ‘tkmove’
    dynamicGraphMain : drawModel : redrawView : subDropVertex: no visible
     global function definition for ‘tkconfigure’
    dynamicGraphMain : drawModel : redrawView : subDropVertex: no visible
     global function definition for ‘tkfocus’
    dynamicGraphMain : drawModel : redrawView : subDropVertex: no visible
     global function definition for ‘tktitle<-’
    dynamicGraphMain : drawModel : redrawView : subDropVertex: no visible
     global function definition for ‘tkdelete’
    dynamicGraphMain : drawModel : redrawView : subDropVertex: no visible
     global function definition for ‘tkinsert’
    dynamicGraphMain : drawModel : redrawView : subDropVertex: no visible
     global function definition for ‘tkselection.clear’
    dynamicGraphMain : drawModel : redrawView : subDropVertex: no visible
     global function definition for ‘tkselection.set’
    dynamicGraphMain : drawModel : redrawView : moveEdge : <anonymous> :
     fun: no visible global function definition for ‘tkmove’
    dynamicGraphMain : drawModel : redrawView : moveEdgeLabel :
     <anonymous>: no visible global function definition for ‘tkmove’
    dynamicGraphMain : drawModel : redrawView : subSubAddEdge: no visible
     global function definition for ‘tktitle<-’
    dynamicGraphMain : drawModel : redrawView : subAddEdge: no visible
     global function definition for ‘tkconfigure’
    dynamicGraphMain : drawModel : redrawView : subAddEdge: no visible
     global function definition for ‘tkfocus’
    dynamicGraphMain : drawModel : redrawView : new.Block: no visible
     global function definition for ‘tkconfigure’
    dynamicGraphMain : drawModel : redrawView : subSubDropEdge: no visible
     global function definition for ‘tktitle<-’
    dynamicGraphMain : drawModel : redrawView : subDropEdge: no visible
     global function definition for ‘tkconfigure’
    dynamicGraphMain : drawModel : redrawView : subDropEdge: no visible
     global function definition for ‘tkfocus’
    dynamicGraphMain : drawModel : redrawView : propertyNode : <anonymous>
     : f: no visible global function definition for ‘tkmove’
    dynamicGraphMain : drawModel : redrawView : computeEdgeLabel :
     <anonymous>: no visible global function definition for ‘tkconfigure’
    dynamicGraphMain : drawModel : redrawView : computeEdgeLabel :
     <anonymous>: no visible global function definition for ‘tkfocus’
    dynamicGraphMain : drawModel : redrawView : subNewVertex: no visible
     global function definition for ‘tkinsert’
    dynamicGraphMain : drawModel : redrawView : subNewVertex: no visible
     global function definition for ‘tkselection.set’
    dynamicGraphMain : drawModel : redrawView : subAddVertex: no visible
     global function definition for ‘tkconfigure’
    dynamicGraphMain : drawModel : redrawView : subAddVertex: no visible
     global function definition for ‘tkfocus’
    dynamicGraphMain : drawModel : redrawView : subAddVertex: no visible
     global function definition for ‘tktitle<-’
    dynamicGraphMain : drawModel : redrawView : subAddVertex: no visible
     global function definition for ‘tkdelete’
    dynamicGraphMain : drawModel : redrawView : subAddVertex: no visible
     global function definition for ‘tkinsert’
    dynamicGraphMain : drawModel : redrawView : subAddVertex: no visible
     global function definition for ‘tkselection.set’
    dynamicGraphMain : drawModel : redrawView : newVertexXY : <anonymous>:
     no visible global function definition for ‘tkfocus’
    dynamicGraphMain : drawModel : redrawView : zoom: no visible global
     function definition for ‘tkitemscale’
    dynamicGraphMain : drawModel : redrawView : setMainMenu: no visible
     global function definition for ‘tkmenu’
    dynamicGraphMain : drawModel : redrawView : setMainMenu: no visible
     global function definition for ‘tkconfigure’
    dynamicGraphMain : drawModel : redrawView : setMainMenu: no visible
     global function definition for ‘tkadd’
    dynamicGraphMain : drawModel : redrawView : setMainMenu : <anonymous>:
     no visible global function definition for ‘tclvalue’
    dynamicGraphMain : drawModel : redrawView : setMainMenu : <anonymous>:
     no visible global function definition for ‘tkgetSaveFile’
    dynamicGraphMain : drawModel : redrawView : setMainMenu : <anonymous>:
     no visible global function definition for ‘tkmessageBox’
    dynamicGraphMain : drawModel : redrawView : setMainMenu : <anonymous>:
     no visible global function definition for ‘tkpostscript’
    dynamicGraphMain : drawModel : redrawView : setMainMenu :
     selectVariableDialog: no visible global function definition for
     ‘tkmessageBox’
    dynamicGraphMain : drawModel : redrawView : setMainMenu : <anonymous>:
     no visible global function definition for ‘tkconfigure’
    dynamicGraphMain : drawModel : redrawView : setMainMenu : <anonymous>:
     no visible global function definition for ‘tclVar’
    dynamicGraphMain : drawModel : redrawView : setMainMenu: no visible
     global function definition for ‘tclVar’
    dynamicGraphMain : drawModel : redrawView: no visible global function
     definition for ‘tkbind’
    modalDialog: no visible global function definition for ‘tktoplevel’
    modalDialog: no visible global function definition for ‘tkwm.deiconify’
    modalDialog: no visible global function definition for ‘tkgrab.set’
    modalDialog: no visible global function definition for ‘tkfocus’
    modalDialog: no visible global function definition for ‘tkwm.title’
    modalDialog: no visible global function definition for ‘tclVar’
    modalDialog: no visible global function definition for ‘tkentry’
    modalDialog: no visible global function definition for ‘tkgrid’
    modalDialog: no visible global function definition for ‘tklabel’
    modalDialog : onOK: no visible global function definition for
     ‘tclvalue’
    modalDialog : onOK: no visible global function definition for
     ‘tkgrab.release’
    modalDialog : onOK: no visible global function definition for
     ‘tkdestroy’
    modalDialog : onOK: no visible global function definition for ‘tkfocus’
    modalDialog : onCancel: no visible global function definition for
     ‘tkgrab.release’
    modalDialog : onCancel: no visible global function definition for
     ‘tkdestroy’
    modalDialog : onCancel: no visible global function definition for
     ‘tkfocus’
    modalDialog: no visible global function definition for ‘tkbutton’
    modalDialog: no visible global function definition for ‘tkbind’
    modalDialog : <anonymous>: no visible global function definition for
     ‘tkgrab.release’
    modalDialog : <anonymous>: no visible global function definition for
     ‘tkfocus’
    modalDialog: no visible global function definition for ‘tkwait.window’
    selectDialog : subSelectDialog: no visible global function definition
     for ‘tkwm.title’
    selectDialog : subSelectDialog: no visible global function definition
     for ‘tkscrollbar’
    selectDialog : subSelectDialog : <anonymous>: no visible global
     function definition for ‘tkyview’
    selectDialog : subSelectDialog: no visible global function definition
     for ‘tklistbox’
    selectDialog : subSelectDialog : <anonymous>: no visible global
     function definition for ‘tkset’
    selectDialog : subSelectDialog: no visible global function definition
     for ‘tkgrid’
    selectDialog : subSelectDialog: no visible global function definition
     for ‘tklabel’
    selectDialog : subSelectDialog: no visible global function definition
     for ‘tkgrid.configure’
    selectDialog : subSelectDialog: no visible global function definition
     for ‘tkinsert’
    selectDialog : subSelectDialog: no visible global function definition
     for ‘tkselection.set’
    selectDialog: no visible global function definition for ‘tktoplevel’
    selectDialog: no visible global function definition for
     ‘tkwm.deiconify’
    selectDialog: no visible global function definition for ‘tkgrab.set’
    selectDialog: no visible global function definition for ‘tkfocus’
    selectDialog : OnOK: no visible global function definition for
     ‘tkcurselection’
    selectDialog : OnOK: no visible global function definition for
     ‘tkgrab.release’
    selectDialog : OnOK: no visible global function definition for
     ‘tkdestroy’
    selectDialog : OnOK: no visible global function definition for
     ‘tkfocus’
    selectDialog: no visible global function definition for ‘tkbutton’
    selectDialog: no visible global function definition for ‘tkgrid’
    selectDialog: no visible global function definition for ‘tkwait.window’
    addToPopups,dg.Node: no visible global function definition for ‘tkadd’
    addToPopups,dg.Node : <anonymous>: no visible global function
     definition for ‘str’
    color<-,dg.Node: no visible global function definition for ‘colors’
    draw,dg.Block: no visible global function definition for ‘tkcreate’
    draw,dg.ContinuousVertex: no visible global function definition for
     ‘tkcreate’
    draw,dg.DiscreteGenerator: no visible global function definition for
     ‘tkcreate’
    draw,dg.DiscreteVertex: no visible global function definition for
     ‘tkcreate’
    draw,dg.Edge : f : l: no visible global function definition for
     ‘tkcreate’
    draw,dg.Edge : f: no visible global function definition for ‘tkcreate’
    draw,dg.Generator: no visible global function definition for ‘tkcreate’
    draw,dg.LinearGenerator: no visible global function definition for
     ‘tkcreate’
    draw,dg.OrdinalVertex: no visible global function definition for
     ‘tkcreate’
    draw,dg.QuadraticGenerator: no visible global function definition for
     ‘tkcreate’
    draw,dg.TextVertex: no visible global function definition for
     ‘tkcreate’
    initialize,dg.Test: no visible global function definition for ‘runif’
    initialize,dg.Test: no visible global function definition for ‘rchisq’
    initialize,dg.Test: no visible global function definition for ‘pchisq’
    Undefined global functions or variables:
     .Tcl .Tcl.args .Tk.subwin cliques colors pchisq rchisq runif str tcl
     tclVar tclvalue title tkadd tkaddtag tkbind tkbutton tkcanvas
     tkconfigure tkcoords tkcreate tkcurselection tkdelete tkdestroy
     tkentry tkfocus tkframe tkgetSaveFile tkgettags tkgrab.release
     tkgrab.set tkgrid tkgrid.columnconfigure tkgrid.configure
     tkgrid.rowconfigure tkinsert tkitembind tkitemconfigure tkitemraise
     tkitemscale tklabel tklistbox tkmenu tkmessageBox tkmove tkpack
     tkpostscript tkscrollbar tkselection.clear tkselection.set tkset
     tktitle<- tktoplevel tkwait.window tkwidget tkwinfo tkwm.deiconify
     tkwm.title tkxview tkxview.moveto tkyview tkyview.moveto
    Consider adding
     importFrom("grDevices", "colors")
     importFrom("graphics", "title")
     importFrom("stats", "pchisq", "rchisq", "runif")
     importFrom("utils", "str")
    to your NAMESPACE.
Flavors: r-devel-linux-x86_64-fedora-gcc, r-devel-windows-ix86+x86_64

Version: 0.2.2.6
Check: R code for possible problems
Result: NOTE
    NB: .First.lib is obsolete and will not be used in R >= 3.0.0
    File ‘dynamicGraph/R/dynamicGraph-internal.R’:
     .onAttach calls:
     require(tcltk)
    
    Package startup functions should not change the search path.
    See section ‘Good practice’ in '?.onAttach'.
    
    .cliquesFromEdges: no visible global function definition for ‘cliques’
    .propertyDialog : subSelectDialog: no visible global function
     definition for ‘tkscrollbar’
    .propertyDialog : subSelectDialog : <anonymous>: no visible global
     function definition for ‘tkyview’
    .propertyDialog : subSelectDialog: no visible global function
     definition for ‘tklistbox’
    .propertyDialog : subSelectDialog : <anonymous>: no visible global
     function definition for ‘tkset’
    .propertyDialog : subSelectDialog: no visible global function
     definition for ‘tkgrid’
    .propertyDialog : subSelectDialog: no visible global function
     definition for ‘tklabel’
    .propertyDialog : subSelectDialog: no visible global function
     definition for ‘tkgrid.configure’
    .propertyDialog : subSelectDialog: no visible global function
     definition for ‘tkinsert’
    .propertyDialog : subSelectDialog: no visible global function
     definition for ‘tkselection.set’
    .propertyDialog : subTextDialog: no visible global function definition
     for ‘tclVar’
    .propertyDialog : subTextDialog: no visible global function definition
     for ‘tkentry’
    .propertyDialog : subTextDialog: no visible global function definition
     for ‘tkgrid’
    .propertyDialog : subTextDialog: no visible global function definition
     for ‘tklabel’
    .propertyDialog : onCancel: no visible global function definition for
     ‘tkgrab.release’
    .propertyDialog : onCancel: no visible global function definition for
     ‘tkdestroy’
    .propertyDialog : onCancel: no visible global function definition for
     ‘tkfocus’
    .propertyDialog : onOK : getList: no visible global function definition
     for ‘tclvalue’
    .propertyDialog : onOK : <anonymous>: no visible global function
     definition for ‘tclvalue’
    .propertyDialog : onOK: no visible global function definition for
     ‘tkcurselection’
    .propertyDialog : onOK: no visible global function definition for
     ‘tkgrab.release’
    .propertyDialog : onOK: no visible global function definition for
     ‘tkdestroy’
    .propertyDialog : onOK: no visible global function definition for
     ‘tkfocus’
    .propertyDialog: no visible global function definition for ‘tktoplevel’
    .propertyDialog: no visible global function definition for
     ‘tkwm.deiconify’
    .propertyDialog: no visible global function definition for ‘tkgrab.set’
    .propertyDialog: no visible global function definition for ‘tkfocus’
    .propertyDialog: no visible global function definition for ‘tkwm.title’
    .propertyDialog: no visible global function definition for ‘tkgrid’
    .propertyDialog: no visible global function definition for ‘tklabel’
    .propertyDialog: no visible global function definition for ‘tkbutton’
    .propertyDialog: no visible global function definition for ‘tkbind’
    .propertyDialog : <anonymous>: no visible global function definition
     for ‘tkgrab.release’
    .propertyDialog : <anonymous>: no visible global function definition
     for ‘tkfocus’
    .propertyDialog: no visible global function definition for
     ‘tkwait.window’
    dynamicGraphMain : drawModel : redrawView : setSrcLabel: no visible
     global function definition for ‘tkxview’
    dynamicGraphMain : drawModel : redrawView : setSrcLabel: no visible
     global function definition for ‘tkyview’
    dynamicGraphMain : drawModel : redrawView : setSrcLabel: no visible
     global function definition for ‘tkconfigure’
    dynamicGraphMain : drawModel : redrawView : tkinsert.blockVertices: no
     visible global function definition for ‘tkdelete’
    dynamicGraphMain : drawModel : redrawView : tkinsert.blockVertices: no
     visible global function definition for ‘tkinsert’
    dynamicGraphMain : drawModel : redrawView : tkinsert.block: no visible
     global function definition for ‘tkdelete’
    dynamicGraphMain : drawModel : redrawView : tkinsert.block: no visible
     global function definition for ‘tkinsert’
    dynamicGraphMain : drawModel : redrawView : popupSelectedInPanel: no
     visible global function definition for ‘tkcurselection’
    dynamicGraphMain : drawModel : redrawView : popupSelectedInPanel: no
     visible global function definition for ‘tclvalue’
    dynamicGraphMain : drawModel : redrawView : popupSelectedInPanel: no
     visible global function definition for ‘tcl’
    dynamicGraphMain : drawModel : redrawView : bindBox: no visible global
     function definition for ‘tcl’
    dynamicGraphMain : drawModel : redrawView : bindBox: no visible global
     function definition for ‘tkbind’
    dynamicGraphMain : drawModel : redrawView : bindBox : <anonymous>: no
     visible global function definition for ‘tclvalue’
    dynamicGraphMain : drawModel : redrawView : bindBox : <anonymous>: no
     visible global function definition for ‘tcl’
    dynamicGraphMain : drawModel : redrawView : bindBox : <anonymous>: no
     visible global function definition for ‘tkcurselection’
    dynamicGraphMain : drawModel : redrawView : bindBox : <anonymous>: no
     visible global function definition for ‘tkselection.clear’
    dynamicGraphMain : drawModel : redrawView : bindBox : <anonymous>: no
     visible global function definition for ‘tkselection.set’
    dynamicGraphMain : drawModel : redrawView : moveCanvas : <anonymous>:
     no visible global function definition for ‘tkxview’
    dynamicGraphMain : drawModel : redrawView : moveCanvas : <anonymous>:
     no visible global function definition for ‘tkyview’
    dynamicGraphMain : drawModel : redrawView : moveCanvas : <anonymous>:
     no visible global function definition for ‘tkxview.moveto’
    dynamicGraphMain : drawModel : redrawView : moveCanvas : <anonymous>:
     no visible global function definition for ‘tkyview.moveto’
    dynamicGraphMain : drawModel : redrawView : newGraph: no visible global
     function definition for ‘tktoplevel’
    dynamicGraphMain : drawModel : redrawView : newGraph: no visible global
     function definition for ‘tkframe’
    dynamicGraphMain : drawModel : redrawView : newGraph: no visible global
     function definition for ‘tkpack’
    dynamicGraphMain : drawModel : redrawView : newGraph: no visible global
     function definition for ‘tcl’
    dynamicGraphMain : drawModel : redrawView : newGraph: no visible global
     function definition for ‘.Tk.subwin’
    dynamicGraphMain : drawModel : redrawView : newGraph : myTclRequire: no
     visible global function definition for ‘tclvalue’
    dynamicGraphMain : drawModel : redrawView : newGraph : myTclRequire: no
     visible global function definition for ‘.Tcl’
    dynamicGraphMain : drawModel : redrawView : newGraph : selectcommand:
     no visible global function definition for ‘tkcurselection’
    dynamicGraphMain : drawModel : redrawView : newGraph : selectcommand:
     no visible global function definition for ‘tclvalue’
    dynamicGraphMain : drawModel : redrawView : newGraph : selectcommand:
     no visible global function definition for ‘tcl’
    dynamicGraphMain : drawModel : redrawView : newGraph : dropcmd: no
     visible global function definition for ‘tkmove’
    dynamicGraphMain : drawModel : redrawView : newGraph: no visible global
     function definition for ‘tkwidget’
    dynamicGraphMain : drawModel : redrawView : newGraph : <anonymous>: no
     visible global function definition for ‘tkset’
    dynamicGraphMain : drawModel : redrawView : newGraph: no visible global
     function definition for ‘tklistbox’
    dynamicGraphMain : drawModel : redrawView : newGraph: no visible global
     function definition for ‘tkinsert’
    dynamicGraphMain : drawModel : redrawView : newGraph: no visible global
     function definition for ‘tkselection.set’
    dynamicGraphMain : drawModel : redrawView : newGraph: no visible global
     function definition for ‘tkscrollbar’
    dynamicGraphMain : drawModel : redrawView : newGraph : <anonymous>: no
     visible global function definition for ‘tkyview’
    dynamicGraphMain : drawModel : redrawView : newGraph: no visible global
     function definition for ‘tkgrid’
    dynamicGraphMain : drawModel : redrawView : newGraph: no visible global
     function definition for ‘tkgrid.columnconfigure’
    dynamicGraphMain : drawModel : redrawView : newGraph: no visible global
     function definition for ‘tkgrid.rowconfigure’
    dynamicGraphMain : drawModel : redrawView : newGraph: no visible global
     function definition for ‘tklabel’
    dynamicGraphMain : drawModel : redrawView : newGraph : <anonymous>: no
     visible global function definition for ‘tkxview’
    dynamicGraphMain : drawModel : redrawView : newGraph: no visible global
     function definition for ‘tkcanvas’
    dynamicGraphMain : drawModel : redrawView : newGraph: no visible global
     function definition for ‘tkadd’
    dynamicGraphMain : drawModel : redrawView : newGraph: no visible global
     function definition for ‘tkfocus’
    dynamicGraphMain : drawModel : redrawView : newGraph: no visible global
     function definition for ‘tktitle<-’
    dynamicGraphMain : drawModel : redrawView : replaceXY: no visible
     global function definition for ‘tkxview’
    dynamicGraphMain : drawModel : redrawView : replaceXY: no visible
     global function definition for ‘tkyview’
    dynamicGraphMain : drawModel : redrawView : callPopup : <anonymous>: no
     visible global function definition for ‘tkwinfo’
    dynamicGraphMain : drawModel : redrawView : callPopup : <anonymous>: no
     visible global function definition for ‘.Tcl’
    dynamicGraphMain : drawModel : redrawView : callPopup : <anonymous>: no
     visible global function definition for ‘.Tcl.args’
    dynamicGraphMain : drawModel : redrawView : callPopupInBox :
     <anonymous>: no visible global function definition for ‘tkmenu’
    dynamicGraphMain : drawModel : redrawView : callPopupInBox :
     <anonymous>: no visible global function definition for ‘tkwinfo’
    dynamicGraphMain : drawModel : redrawView : callPopupInBox :
     <anonymous>: no visible global function definition for ‘.Tcl’
    dynamicGraphMain : drawModel : redrawView : callPopupInBox :
     <anonymous>: no visible global function definition for ‘.Tcl.args’
    dynamicGraphMain : drawModel : redrawView : callPopupNode :
     <anonymous>: no visible global function definition for ‘tkmenu’
    dynamicGraphMain : drawModel : redrawView : callPopupNode :
     <anonymous>: no visible global function definition for ‘tkwinfo’
    dynamicGraphMain : drawModel : redrawView : callPopupNode :
     <anonymous>: no visible global function definition for ‘.Tcl’
    dynamicGraphMain : drawModel : redrawView : callPopupNode :
     <anonymous>: no visible global function definition for ‘.Tcl.args’
    dynamicGraphMain : drawModel : redrawView : callPopupEdge :
     <anonymous>: no visible global function definition for ‘tkmenu’
    dynamicGraphMain : drawModel : redrawView : callPopupEdge :
     <anonymous>: no visible global function definition for ‘tkwinfo’
    dynamicGraphMain : drawModel : redrawView : callPopupEdge :
     <anonymous>: no visible global function definition for ‘.Tcl’
    dynamicGraphMain : drawModel : redrawView : callPopupEdge :
     <anonymous>: no visible global function definition for ‘.Tcl.args’
    dynamicGraphMain : drawModel : redrawView : deleteTags: no visible
     global function definition for ‘tkdelete’
    dynamicGraphMain : drawModel : redrawView : deleteTags: no visible
     global function definition for ‘tkgettags’
    dynamicGraphMain : drawModel : redrawView : destroyView : <anonymous>:
     no visible global function definition for ‘tkdestroy’
    dynamicGraphMain : drawModel : redrawView : updateModel: no visible
     global function definition for ‘tkconfigure’
    dynamicGraphMain : drawModel : redrawView : updateModel: no visible
     global function definition for ‘tkfocus’
    dynamicGraphMain : drawModel : redrawView : doHandRotate : <anonymous>:
     no visible global function definition for ‘tkconfigure’
    dynamicGraphMain : drawModel : redrawView : doHandRotate : <anonymous>:
     no visible global function definition for ‘tkfocus’
    dynamicGraphMain : drawModel : redrawView : rockPlot : <anonymous>: no
     visible global function definition for ‘tkconfigure’
    dynamicGraphMain : drawModel : redrawView : rockPlot : <anonymous>: no
     visible global function definition for ‘tkfocus’
    dynamicGraphMain : drawModel : redrawView : setCloseVertex: no visible
     global function definition for ‘tkdelete’
    dynamicGraphMain : drawModel : redrawView : setClosedBlock: no visible
     global function definition for ‘tkdelete’
    dynamicGraphMain : drawModel : redrawView : setHiddenBlock: no visible
     global function definition for ‘tkdelete’
    dynamicGraphMain : drawModel : redrawView : updateVertexInBlock: no
     visible global function definition for ‘tkdelete’
    dynamicGraphMain : drawModel : redrawView : updateVertexInBlock: no
     visible global function definition for ‘tkinsert’
    dynamicGraphMain : drawModel : redrawView : setEdgeColor : setEdge: no
     visible global function definition for ‘tkitemconfigure’
    dynamicGraphMain : drawModel : redrawView : setEdgeDash : setEdge: no
     visible global function definition for ‘tkitemconfigure’
    dynamicGraphMain : drawModel : redrawView : setVertexColor: no visible
     global function definition for ‘tkitemconfigure’
    dynamicGraphMain : drawModel : redrawView : setVertexLabel: no visible
     global function definition for ‘tkitemconfigure’
    dynamicGraphMain : drawModel : redrawView : setEdgeLabel: no visible
     global function definition for ‘tkitemconfigure’
    dynamicGraphMain : drawModel : redrawView : setEdgeWidth: no visible
     global function definition for ‘tkitemconfigure’
    dynamicGraphMain : drawModel : redrawView : setEdgeCoords: no visible
     global function definition for ‘tkitemraise’
    dynamicGraphMain : drawModel : redrawView : setEdgeCoords: no visible
     global function definition for ‘tkcoords’
    dynamicGraphMain : drawModel : redrawView : subSetEdgeCoords: no
     visible global function definition for ‘tkitemconfigure’
    dynamicGraphMain : drawModel : redrawView : subSetEdgeCoords : g: no
     visible global function definition for ‘tkcoords’
    dynamicGraphMain : drawModel : redrawView : subSetEdgeCoords : g: no
     visible global function definition for ‘tkmove’
    dynamicGraphMain : drawModel : redrawView : subSetEdgeCoords : ff: no
     visible global function definition for ‘tkcoords’
    dynamicGraphMain : drawModel : redrawView : addEdgePopups: no visible
     global function definition for ‘tkadd’
    dynamicGraphMain : drawModel : redrawView : addEdgePopups: no visible
     global function definition for ‘tkmenu’
    dynamicGraphMain : drawModel : redrawView : setBindEdge: no visible
     global function definition for ‘tkmenu’
    dynamicGraphMain : drawModel : redrawView : setBindEdge: no visible
     global function definition for ‘tkitembind’
    dynamicGraphMain : drawModel : redrawView : setBindEdge : <anonymous>:
     no visible global function definition for ‘tkconfigure’
    dynamicGraphMain : drawModel : redrawView : subDrawEdge: no visible
     global function definition for ‘tkcreate’
    dynamicGraphMain : drawModel : redrawView : insertEdgeItems: no visible
     global function definition for ‘tkaddtag’
    dynamicGraphMain : drawModel : redrawView : insertEdgeItems: no visible
     global function definition for ‘tkitemconfigure’
    dynamicGraphMain : drawModel : redrawView : tkcoordsBlock :
     tkcoordsRectangleLine: no visible global function definition for
     ‘tkcoords’
    dynamicGraphMain : drawModel : redrawView : tkcoordsBlock :
     tkcoordsCornerLine: no visible global function definition for
     ‘tkcoords’
    dynamicGraphMain : drawModel : redrawView : tkcoordsBlock: no visible
     global function definition for ‘tkcoords’
    dynamicGraphMain : drawModel : redrawView : drawBlock :
     drawRectangleLine: no visible global function definition for
     ‘tkcreate’
    dynamicGraphMain : drawModel : redrawView : drawBlock :
     drawRectangleLine: no visible global function definition for
     ‘tkaddtag’
    dynamicGraphMain : drawModel : redrawView : drawBlock :
     drawRectangleLine: no visible global function definition for
     ‘tkitembind’
    dynamicGraphMain : drawModel : redrawView : drawBlock :
     drawRectangleLine : <anonymous>: no visible global function
     definition for ‘tkconfigure’
    dynamicGraphMain : drawModel : redrawView : drawBlock : drawCornerLine:
     no visible global function definition for ‘tkcreate’
    dynamicGraphMain : drawModel : redrawView : drawBlock : drawCornerLine:
     no visible global function definition for ‘tkaddtag’
    dynamicGraphMain : drawModel : redrawView : drawBlock : drawCornerLine:
     no visible global function definition for ‘tkitembind’
    dynamicGraphMain : drawModel : redrawView : drawBlock : drawCornerLine
     : <anonymous>: no visible global function definition for
     ‘tkconfigure’
    dynamicGraphMain : drawModel : redrawView : drawBlock: no visible
     global function definition for ‘tkcreate’
    dynamicGraphMain : drawModel : redrawView : drawBlock: no visible
     global function definition for ‘tkaddtag’
    dynamicGraphMain : drawModel : redrawView : addNodePopups: no visible
     global function definition for ‘tkadd’
    dynamicGraphMain : drawModel : redrawView : addNodePopups: no visible
     global function definition for ‘tkmenu’
    dynamicGraphMain : drawModel : redrawView : setBindNode : f: no visible
     global function definition for ‘tkitembind’
    dynamicGraphMain : drawModel : redrawView : setBindNode : f :
     <anonymous>: no visible global function definition for ‘tkconfigure’
    dynamicGraphMain : drawModel : redrawView : setBindNode : f: no visible
     global function definition for ‘tkaddtag’
    dynamicGraphMain : drawModel : redrawView : setBindNode :
     blockitembind: no visible global function definition for ‘tkitembind’
    dynamicGraphMain : drawModel : redrawView : setBindNode : blockitembind
     : <anonymous>: no visible global function definition for
     ‘tkconfigure’
    dynamicGraphMain : drawModel : redrawView : setBindNode :
     blockitembind: no visible global function definition for ‘tkaddtag’
    dynamicGraphMain : drawModel : redrawView : setBindNode: no visible
     global function definition for ‘tkmenu’
    dynamicGraphMain : drawModel : redrawView : subDrawVertex: no visible
     global function definition for ‘tkcreate’
    dynamicGraphMain : drawModel : redrawView : subDrawVertex: no visible
     global function definition for ‘tkaddtag’
    dynamicGraphMain : drawModel : redrawView : drawResult: no visible
     global function definition for ‘tktitle<-’
    dynamicGraphMain : drawModel : redrawView : updateNode: no visible
     global function definition for ‘tkdelete’
    dynamicGraphMain : drawModel : redrawView : updateNode: no visible
     global function definition for ‘tkcoords’
    dynamicGraphMain : drawModel : redrawView : updateNode: no visible
     global function definition for ‘tkmove’
    dynamicGraphMain : drawModel : redrawView : updateNode: no visible
     global function definition for ‘tkitemconfigure’
    dynamicGraphMain : drawModel : redrawView : subUpdateGraphWindow: no
     visible global function definition for ‘tkitemconfigure’
    dynamicGraphMain : drawModel : redrawView : tkdeleteRectangleCorner: no
     visible global function definition for ‘tkdelete’
    dynamicGraphMain : drawModel : redrawView : tkdeleteRectangle: no
     visible global function definition for ‘tkdelete’
    dynamicGraphMain : drawModel : redrawView : tkdeleteBar: no visible
     global function definition for ‘tkdelete’
    dynamicGraphMain : drawModel : redrawView : deleteBlock: no visible
     global function definition for ‘tkdelete’
    dynamicGraphMain : drawModel : redrawView : subSubDeleteEdge : delete:
     no visible global function definition for ‘tkdelete’
    dynamicGraphMain : drawModel : redrawView :
     subSubUndisplayFactorVertex: no visible global function definition
     for ‘tkdelete’
    dynamicGraphMain : drawModel : redrawView : subSubUndisplayVertex: no
     visible global function definition for ‘tkdelete’
    dynamicGraphMain : drawModel : redrawView : moveVerticesInBlock: no
     visible global function definition for ‘tkmove’
    dynamicGraphMain : drawModel : redrawView : subMoveVertex: no visible
     global function definition for ‘tkmove’
    dynamicGraphMain : drawModel : redrawView : subMoveVertex: no visible
     global function definition for ‘tkitemraise’
    dynamicGraphMain : drawModel : redrawView : subMoveVertex: no visible
     global function definition for ‘tkitemconfigure’
    dynamicGraphMain : drawModel : redrawView : moveVertexLabel :
     <anonymous>: no visible global function definition for ‘tkcoords’
    dynamicGraphMain : drawModel : redrawView : moveVertexLabel :
     <anonymous>: no visible global function definition for ‘tkmove’
    dynamicGraphMain : drawModel : redrawView : subDropVertex: no visible
     global function definition for ‘tkconfigure’
    dynamicGraphMain : drawModel : redrawView : subDropVertex: no visible
     global function definition for ‘tkfocus’
    dynamicGraphMain : drawModel : redrawView : subDropVertex: no visible
     global function definition for ‘tktitle<-’
    dynamicGraphMain : drawModel : redrawView : subDropVertex: no visible
     global function definition for ‘tkdelete’
    dynamicGraphMain : drawModel : redrawView : subDropVertex: no visible
     global function definition for ‘tkinsert’
    dynamicGraphMain : drawModel : redrawView : subDropVertex: no visible
     global function definition for ‘tkselection.clear’
    dynamicGraphMain : drawModel : redrawView : subDropVertex: no visible
     global function definition for ‘tkselection.set’
    dynamicGraphMain : drawModel : redrawView : moveEdge : <anonymous> :
     fun: no visible global function definition for ‘tkmove’
    dynamicGraphMain : drawModel : redrawView : moveEdgeLabel :
     <anonymous>: no visible global function definition for ‘tkmove’
    dynamicGraphMain : drawModel : redrawView : subSubAddEdge: no visible
     global function definition for ‘tktitle<-’
    dynamicGraphMain : drawModel : redrawView : subAddEdge: no visible
     global function definition for ‘tkconfigure’
    dynamicGraphMain : drawModel : redrawView : subAddEdge: no visible
     global function definition for ‘tkfocus’
    dynamicGraphMain : drawModel : redrawView : new.Block: no visible
     global function definition for ‘tkconfigure’
    dynamicGraphMain : drawModel : redrawView : subSubDropEdge: no visible
     global function definition for ‘tktitle<-’
    dynamicGraphMain : drawModel : redrawView : subDropEdge: no visible
     global function definition for ‘tkconfigure’
    dynamicGraphMain : drawModel : redrawView : subDropEdge: no visible
     global function definition for ‘tkfocus’
    dynamicGraphMain : drawModel : redrawView : propertyNode : <anonymous>
     : f: no visible global function definition for ‘tkmove’
    dynamicGraphMain : drawModel : redrawView : computeEdgeLabel :
     <anonymous>: no visible global function definition for ‘tkconfigure’
    dynamicGraphMain : drawModel : redrawView : computeEdgeLabel :
     <anonymous>: no visible global function definition for ‘tkfocus’
    dynamicGraphMain : drawModel : redrawView : subNewVertex: no visible
     global function definition for ‘tkinsert’
    dynamicGraphMain : drawModel : redrawView : subNewVertex: no visible
     global function definition for ‘tkselection.set’
    dynamicGraphMain : drawModel : redrawView : subAddVertex: no visible
     global function definition for ‘tkconfigure’
    dynamicGraphMain : drawModel : redrawView : subAddVertex: no visible
     global function definition for ‘tkfocus’
    dynamicGraphMain : drawModel : redrawView : subAddVertex: no visible
     global function definition for ‘tktitle<-’
    dynamicGraphMain : drawModel : redrawView : subAddVertex: no visible
     global function definition for ‘tkdelete’
    dynamicGraphMain : drawModel : redrawView : subAddVertex: no visible
     global function definition for ‘tkinsert’
    dynamicGraphMain : drawModel : redrawView : subAddVertex: no visible
     global function definition for ‘tkselection.set’
    dynamicGraphMain : drawModel : redrawView : newVertexXY : <anonymous>:
     no visible global function definition for ‘tkfocus’
    dynamicGraphMain : drawModel : redrawView : zoom: no visible global
     function definition for ‘tkitemscale’
    dynamicGraphMain : drawModel : redrawView : setMainMenu: no visible
     global function definition for ‘tkmenu’
    dynamicGraphMain : drawModel : redrawView : setMainMenu: no visible
     global function definition for ‘tkconfigure’
    dynamicGraphMain : drawModel : redrawView : setMainMenu: no visible
     global function definition for ‘tkadd’
    dynamicGraphMain : drawModel : redrawView : setMainMenu : <anonymous>:
     no visible global function definition for ‘tclvalue’
    dynamicGraphMain : drawModel : redrawView : setMainMenu : <anonymous>:
     no visible global function definition for ‘tkgetSaveFile’
    dynamicGraphMain : drawModel : redrawView : setMainMenu : <anonymous>:
     no visible global function definition for ‘tkmessageBox’
    dynamicGraphMain : drawModel : redrawView : setMainMenu : <anonymous>:
     no visible global function definition for ‘tkpostscript’
    dynamicGraphMain : drawModel : redrawView : setMainMenu :
     selectVariableDialog: no visible global function definition for
     ‘tkmessageBox’
    dynamicGraphMain : drawModel : redrawView : setMainMenu : <anonymous>:
     no visible global function definition for ‘tkconfigure’
    dynamicGraphMain : drawModel : redrawView : setMainMenu : <anonymous>:
     no visible global function definition for ‘tclVar’
    dynamicGraphMain : drawModel : redrawView : setMainMenu: no visible
     global function definition for ‘tclVar’
    dynamicGraphMain : drawModel : redrawView: no visible global function
     definition for ‘tkbind’
    modalDialog: no visible global function definition for ‘tktoplevel’
    modalDialog: no visible global function definition for ‘tkwm.deiconify’
    modalDialog: no visible global function definition for ‘tkgrab.set’
    modalDialog: no visible global function definition for ‘tkfocus’
    modalDialog: no visible global function definition for ‘tkwm.title’
    modalDialog: no visible global function definition for ‘tclVar’
    modalDialog: no visible global function definition for ‘tkentry’
    modalDialog: no visible global function definition for ‘tkgrid’
    modalDialog: no visible global function definition for ‘tklabel’
    modalDialog : onOK: no visible global function definition for
     ‘tclvalue’
    modalDialog : onOK: no visible global function definition for
     ‘tkgrab.release’
    modalDialog : onOK: no visible global function definition for
     ‘tkdestroy’
    modalDialog : onOK: no visible global function definition for ‘tkfocus’
    modalDialog : onCancel: no visible global function definition for
     ‘tkgrab.release’
    modalDialog : onCancel: no visible global function definition for
     ‘tkdestroy’
    modalDialog : onCancel: no visible global function definition for
     ‘tkfocus’
    modalDialog: no visible global function definition for ‘tkbutton’
    modalDialog: no visible global function definition for ‘tkbind’
    modalDialog : <anonymous>: no visible global function definition for
     ‘tkgrab.release’
    modalDialog : <anonymous>: no visible global function definition for
     ‘tkfocus’
    modalDialog: no visible global function definition for ‘tkwait.window’
    selectDialog : subSelectDialog: no visible global function definition
     for ‘tkwm.title’
    selectDialog : subSelectDialog: no visible global function definition
     for ‘tkscrollbar’
    selectDialog : subSelectDialog : <anonymous>: no visible global
     function definition for ‘tkyview’
    selectDialog : subSelectDialog: no visible global function definition
     for ‘tklistbox’
    selectDialog : subSelectDialog : <anonymous>: no visible global
     function definition for ‘tkset’
    selectDialog : subSelectDialog: no visible global function definition
     for ‘tkgrid’
    selectDialog : subSelectDialog: no visible global function definition
     for ‘tklabel’
    selectDialog : subSelectDialog: no visible global function definition
     for ‘tkgrid.configure’
    selectDialog : subSelectDialog: no visible global function definition
     for ‘tkinsert’
    selectDialog : subSelectDialog: no visible global function definition
     for ‘tkselection.set’
    selectDialog: no visible global function definition for ‘tktoplevel’
    selectDialog: no visible global function definition for
     ‘tkwm.deiconify’
    selectDialog: no visible global function definition for ‘tkgrab.set’
    selectDialog: no visible global function definition for ‘tkfocus’
    selectDialog : OnOK: no visible global function definition for
     ‘tkcurselection’
    selectDialog : OnOK: no visible global function definition for
     ‘tkgrab.release’
    selectDialog : OnOK: no visible global function definition for
     ‘tkdestroy’
    selectDialog : OnOK: no visible global function definition for
     ‘tkfocus’
    selectDialog: no visible global function definition for ‘tkbutton’
    selectDialog: no visible global function definition for ‘tkgrid’
    selectDialog: no visible global function definition for ‘tkwait.window’
    addToPopups,dg.Node: no visible global function definition for ‘tkadd’
    draw,dg.Block: no visible global function definition for ‘tkcreate’
    draw,dg.ContinuousVertex: no visible global function definition for
     ‘tkcreate’
    draw,dg.DiscreteGenerator: no visible global function definition for
     ‘tkcreate’
    draw,dg.DiscreteVertex: no visible global function definition for
     ‘tkcreate’
    draw,dg.Edge : f : l: no visible global function definition for
     ‘tkcreate’
    draw,dg.Edge : f: no visible global function definition for ‘tkcreate’
    draw,dg.Generator: no visible global function definition for ‘tkcreate’
    draw,dg.LinearGenerator: no visible global function definition for
     ‘tkcreate’
    draw,dg.OrdinalVertex: no visible global function definition for
     ‘tkcreate’
    draw,dg.QuadraticGenerator: no visible global function definition for
     ‘tkcreate’
    draw,dg.TextVertex: no visible global function definition for
     ‘tkcreate’
    Undefined global functions or variables:
     .Tcl .Tcl.args .Tk.subwin cliques tcl tclVar tclvalue tkadd tkaddtag
     tkbind tkbutton tkcanvas tkconfigure tkcoords tkcreate tkcurselection
     tkdelete tkdestroy tkentry tkfocus tkframe tkgetSaveFile tkgettags
     tkgrab.release tkgrab.set tkgrid tkgrid.columnconfigure
     tkgrid.configure tkgrid.rowconfigure tkinsert tkitembind
     tkitemconfigure tkitemraise tkitemscale tklabel tklistbox tkmenu
     tkmessageBox tkmove tkpack tkpostscript tkscrollbar tkselection.clear
     tkselection.set tkset tktitle<- tktoplevel tkwait.window tkwidget
     tkwinfo tkwm.deiconify tkwm.title tkxview tkxview.moveto tkyview
     tkyview.moveto
    
    Found the following assignments to the global environment:
    File ‘dynamicGraph/R/dynamicGraphMain.R’:
     assign(objectName, R$object, pos = 1)
     assign("x", x, pos = 1)
     assign(ReturnVal, Args(), pos = 1)
     assign(ReturnVal, dgm.frameModels, pos = 1)
     assign(ReturnVal, dm.frameViews, pos = 1)
     assign(ReturnVal, GraphWindow, pos = 1)
     assign(ReturnVal, object, pos = 1)
     assign(ReturnVal, transformation, pos = 1)
     assign(ReturnVal, GW.top, pos = 1)
     assign(ReturnVal, GW.top$env$canvas, pos = 1)
     assign(ReturnVal, GW.top$env$viewLabel, pos = 1)
     assign(ReturnVal, vertexList, pos = 1)
     assign(ReturnVal, edge.List, pos = 1)
     assign(ReturnVal, extra.List, pos = 1)
     assign(ReturnVal, extra.Edge.List, pos = 1)
     assign(ReturnVal, factorVertex.List, pos = 1)
     assign(ReturnVal, factor.Edge.List, pos = 1)
     assign(ReturnVal, block.List, pos = 1)
     assign(ReturnVal, blockTree, pos = 1)
     assign(ReturnVal, blockEdge.List, pos = 1)
Flavor: r-devel-osx-x86_64-clang

Version: 0.2.2.6
Check: R code for possible problems
Result: NOTE
    NB: .First.lib is obsolete and will not be used in R >= 3.0.0
    File ‘dynamicGraph/R/dynamicGraph-internal.R’:
     .onAttach calls:
     require(tcltk)
    
    Package startup functions should not change the search path.
    See section ‘Good practice’ in '?.onAttach'.
    
    .cliquesFromEdges: no visible global function definition for ‘cliques’
    .propertyDialog : subSelectDialog: no visible global function
     definition for ‘tkscrollbar’
    .propertyDialog : subSelectDialog : <anonymous>: no visible global
     function definition for ‘tkyview’
    .propertyDialog : subSelectDialog: no visible global function
     definition for ‘tklistbox’
    .propertyDialog : subSelectDialog : <anonymous>: no visible global
     function definition for ‘tkset’
    .propertyDialog : subSelectDialog: no visible global function
     definition for ‘tkgrid’
    .propertyDialog : subSelectDialog: no visible global function
     definition for ‘tklabel’
    .propertyDialog : subSelectDialog: no visible global function
     definition for ‘tkgrid.configure’
    .propertyDialog : subSelectDialog: no visible global function
     definition for ‘tkinsert’
    .propertyDialog : subSelectDialog: no visible global function
     definition for ‘tkselection.set’
    .propertyDialog : subTextDialog: no visible global function definition
     for ‘tclVar’
    .propertyDialog : subTextDialog: no visible global function definition
     for ‘tkentry’
    .propertyDialog : subTextDialog: no visible global function definition
     for ‘tkgrid’
    .propertyDialog : subTextDialog: no visible global function definition
     for ‘tklabel’
    .propertyDialog : onCancel: no visible global function definition for
     ‘tkgrab.release’
    .propertyDialog : onCancel: no visible global function definition for
     ‘tkdestroy’
    .propertyDialog : onCancel: no visible global function definition for
     ‘tkfocus’
    .propertyDialog : onOK : getList: no visible global function definition
     for ‘tclvalue’
    .propertyDialog : onOK : <anonymous>: no visible global function
     definition for ‘tclvalue’
    .propertyDialog : onOK: no visible global function definition for
     ‘tkcurselection’
    .propertyDialog : onOK: no visible global function definition for
     ‘tkgrab.release’
    .propertyDialog : onOK: no visible global function definition for
     ‘tkdestroy’
    .propertyDialog : onOK: no visible global function definition for
     ‘tkfocus’
    .propertyDialog: no visible global function definition for ‘tktoplevel’
    .propertyDialog: no visible global function definition for
     ‘tkwm.deiconify’
    .propertyDialog: no visible global function definition for ‘tkgrab.set’
    .propertyDialog: no visible global function definition for ‘tkfocus’
    .propertyDialog: no visible global function definition for ‘tkwm.title’
    .propertyDialog: no visible global function definition for ‘tkgrid’
    .propertyDialog: no visible global function definition for ‘tklabel’
    .propertyDialog: no visible global function definition for ‘tkbutton’
    .propertyDialog: no visible global function definition for ‘tkbind’
    .propertyDialog : <anonymous>: no visible global function definition
     for ‘tkgrab.release’
    .propertyDialog : <anonymous>: no visible global function definition
     for ‘tkfocus’
    .propertyDialog: no visible global function definition for
     ‘tkwait.window’
    dynamicGraphMain : drawModel : redrawView : setSrcLabel: no visible
     global function definition for ‘tkxview’
    dynamicGraphMain : drawModel : redrawView : setSrcLabel: no visible
     global function definition for ‘tkyview’
    dynamicGraphMain : drawModel : redrawView : setSrcLabel: no visible
     global function definition for ‘tkconfigure’
    dynamicGraphMain : drawModel : redrawView : tkinsert.blockVertices: no
     visible global function definition for ‘tkdelete’
    dynamicGraphMain : drawModel : redrawView : tkinsert.blockVertices: no
     visible global function definition for ‘tkinsert’
    dynamicGraphMain : drawModel : redrawView : tkinsert.block: no visible
     global function definition for ‘tkdelete’
    dynamicGraphMain : drawModel : redrawView : tkinsert.block: no visible
     global function definition for ‘tkinsert’
    dynamicGraphMain : drawModel : redrawView : popupSelectedInPanel: no
     visible global function definition for ‘tkcurselection’
    dynamicGraphMain : drawModel : redrawView : popupSelectedInPanel: no
     visible global function definition for ‘tclvalue’
    dynamicGraphMain : drawModel : redrawView : popupSelectedInPanel: no
     visible global function definition for ‘tcl’
    dynamicGraphMain : drawModel : redrawView : bindBox: no visible global
     function definition for ‘tcl’
    dynamicGraphMain : drawModel : redrawView : bindBox: no visible global
     function definition for ‘tkbind’
    dynamicGraphMain : drawModel : redrawView : bindBox : <anonymous>: no
     visible global function definition for ‘tclvalue’
    dynamicGraphMain : drawModel : redrawView : bindBox : <anonymous>: no
     visible global function definition for ‘tcl’
    dynamicGraphMain : drawModel : redrawView : bindBox : <anonymous>: no
     visible global function definition for ‘tkcurselection’
    dynamicGraphMain : drawModel : redrawView : bindBox : <anonymous>: no
     visible global function definition for ‘tkselection.clear’
    dynamicGraphMain : drawModel : redrawView : bindBox : <anonymous>: no
     visible global function definition for ‘tkselection.set’
    dynamicGraphMain : drawModel : redrawView : moveCanvas : <anonymous>:
     no visible global function definition for ‘tkxview’
    dynamicGraphMain : drawModel : redrawView : moveCanvas : <anonymous>:
     no visible global function definition for ‘tkyview’
    dynamicGraphMain : drawModel : redrawView : moveCanvas : <anonymous>:
     no visible global function definition for ‘tkxview.moveto’
    dynamicGraphMain : drawModel : redrawView : moveCanvas : <anonymous>:
     no visible global function definition for ‘tkyview.moveto’
    dynamicGraphMain : drawModel : redrawView : newGraph: no visible global
     function definition for ‘tktoplevel’
    dynamicGraphMain : drawModel : redrawView : newGraph: no visible global
     function definition for ‘tkframe’
    dynamicGraphMain : drawModel : redrawView : newGraph: no visible global
     function definition for ‘tkpack’
    dynamicGraphMain : drawModel : redrawView : newGraph: no visible global
     function definition for ‘tcl’
    dynamicGraphMain : drawModel : redrawView : newGraph: no visible global
     function definition for ‘.Tk.subwin’
    dynamicGraphMain : drawModel : redrawView : newGraph : myTclRequire: no
     visible global function definition for ‘tclvalue’
    dynamicGraphMain : drawModel : redrawView : newGraph : myTclRequire: no
     visible global function definition for ‘.Tcl’
    dynamicGraphMain : drawModel : redrawView : newGraph : selectcommand:
     no visible global function definition for ‘tkcurselection’
    dynamicGraphMain : drawModel : redrawView : newGraph : selectcommand:
     no visible global function definition for ‘tclvalue’
    dynamicGraphMain : drawModel : redrawView : newGraph : selectcommand:
     no visible global function definition for ‘tcl’
    dynamicGraphMain : drawModel : redrawView : newGraph : dropcmd: no
     visible global function definition for ‘tkmove’
    dynamicGraphMain : drawModel : redrawView : newGraph: no visible global
     function definition for ‘tkwidget’
    dynamicGraphMain : drawModel : redrawView : newGraph : <anonymous>: no
     visible global function definition for ‘tkset’
    dynamicGraphMain : drawModel : redrawView : newGraph: no visible global
     function definition for ‘tklistbox’
    dynamicGraphMain : drawModel : redrawView : newGraph: no visible global
     function definition for ‘tkinsert’
    dynamicGraphMain : drawModel : redrawView : newGraph: no visible global
     function definition for ‘tkselection.set’
    dynamicGraphMain : drawModel : redrawView : newGraph: no visible global
     function definition for ‘tkscrollbar’
    dynamicGraphMain : drawModel : redrawView : newGraph : <anonymous>: no
     visible global function definition for ‘tkyview’
    dynamicGraphMain : drawModel : redrawView : newGraph: no visible global
     function definition for ‘tkgrid’
    dynamicGraphMain : drawModel : redrawView : newGraph: no visible global
     function definition for ‘tkgrid.columnconfigure’
    dynamicGraphMain : drawModel : redrawView : newGraph: no visible global
     function definition for ‘tkgrid.rowconfigure’
    dynamicGraphMain : drawModel : redrawView : newGraph: no visible global
     function definition for ‘tklabel’
    dynamicGraphMain : drawModel : redrawView : newGraph : <anonymous>: no
     visible global function definition for ‘tkxview’
    dynamicGraphMain : drawModel : redrawView : newGraph: no visible global
     function definition for ‘tkcanvas’
    dynamicGraphMain : drawModel : redrawView : newGraph: no visible global
     function definition for ‘tkadd’
    dynamicGraphMain : drawModel : redrawView : newGraph: no visible global
     function definition for ‘tkfocus’
    dynamicGraphMain : drawModel : redrawView : newGraph: no visible global
     function definition for ‘tktitle<-’
    dynamicGraphMain : drawModel : redrawView : replaceXY: no visible
     global function definition for ‘tkxview’
    dynamicGraphMain : drawModel : redrawView : replaceXY: no visible
     global function definition for ‘tkyview’
    dynamicGraphMain : drawModel : redrawView : callPopup : <anonymous>: no
     visible global function definition for ‘tkwinfo’
    dynamicGraphMain : drawModel : redrawView : callPopup : <anonymous>: no
     visible global function definition for ‘.Tcl’
    dynamicGraphMain : drawModel : redrawView : callPopup : <anonymous>: no
     visible global function definition for ‘.Tcl.args’
    dynamicGraphMain : drawModel : redrawView : callPopupInBox :
     <anonymous>: no visible global function definition for ‘tkmenu’
    dynamicGraphMain : drawModel : redrawView : callPopupInBox :
     <anonymous>: no visible global function definition for ‘tkwinfo’
    dynamicGraphMain : drawModel : redrawView : callPopupInBox :
     <anonymous>: no visible global function definition for ‘.Tcl’
    dynamicGraphMain : drawModel : redrawView : callPopupInBox :
     <anonymous>: no visible global function definition for ‘.Tcl.args’
    dynamicGraphMain : drawModel : redrawView : callPopupNode :
     <anonymous>: no visible global function definition for ‘tkmenu’
    dynamicGraphMain : drawModel : redrawView : callPopupNode :
     <anonymous>: no visible global function definition for ‘tkwinfo’
    dynamicGraphMain : drawModel : redrawView : callPopupNode :
     <anonymous>: no visible global function definition for ‘.Tcl’
    dynamicGraphMain : drawModel : redrawView : callPopupNode :
     <anonymous>: no visible global function definition for ‘.Tcl.args’
    dynamicGraphMain : drawModel : redrawView : callPopupEdge :
     <anonymous>: no visible global function definition for ‘tkmenu’
    dynamicGraphMain : drawModel : redrawView : callPopupEdge :
     <anonymous>: no visible global function definition for ‘tkwinfo’
    dynamicGraphMain : drawModel : redrawView : callPopupEdge :
     <anonymous>: no visible global function definition for ‘.Tcl’
    dynamicGraphMain : drawModel : redrawView : callPopupEdge :
     <anonymous>: no visible global function definition for ‘.Tcl.args’
    dynamicGraphMain : drawModel : redrawView : deleteTags: no visible
     global function definition for ‘tkdelete’
    dynamicGraphMain : drawModel : redrawView : deleteTags: no visible
     global function definition for ‘tkgettags’
    dynamicGraphMain : drawModel : redrawView : destroyView : <anonymous>:
     no visible global function definition for ‘tkdestroy’
    dynamicGraphMain : drawModel : redrawView : updateModel: no visible
     global function definition for ‘tkconfigure’
    dynamicGraphMain : drawModel : redrawView : updateModel: no visible
     global function definition for ‘tkfocus’
    dynamicGraphMain : drawModel : redrawView : doHandRotate : <anonymous>:
     no visible global function definition for ‘tkconfigure’
    dynamicGraphMain : drawModel : redrawView : doHandRotate : <anonymous>:
     no visible global function definition for ‘tkfocus’
    dynamicGraphMain : drawModel : redrawView : rockPlot : <anonymous>: no
     visible global function definition for ‘tkconfigure’
    dynamicGraphMain : drawModel : redrawView : rockPlot : <anonymous>: no
     visible global function definition for ‘tkfocus’
    dynamicGraphMain : drawModel : redrawView : setCloseVertex: no visible
     global function definition for ‘tkdelete’
    dynamicGraphMain : drawModel : redrawView : setClosedBlock: no visible
     global function definition for ‘tkdelete’
    dynamicGraphMain : drawModel : redrawView : setHiddenBlock: no visible
     global function definition for ‘tkdelete’
    dynamicGraphMain : drawModel : redrawView : updateVertexInBlock: no
     visible global function definition for ‘tkdelete’
    dynamicGraphMain : drawModel : redrawView : updateVertexInBlock: no
     visible global function definition for ‘tkinsert’
    dynamicGraphMain : drawModel : redrawView : setEdgeColor : setEdge: no
     visible global function definition for ‘tkitemconfigure’
    dynamicGraphMain : drawModel : redrawView : setEdgeDash : setEdge: no
     visible global function definition for ‘tkitemconfigure’
    dynamicGraphMain : drawModel : redrawView : setVertexColor: no visible
     global function definition for ‘tkitemconfigure’
    dynamicGraphMain : drawModel : redrawView : setVertexLabel: no visible
     global function definition for ‘tkitemconfigure’
    dynamicGraphMain : drawModel : redrawView : setEdgeLabel: no visible
     global function definition for ‘tkitemconfigure’
    dynamicGraphMain : drawModel : redrawView : setEdgeWidth: no visible
     global function definition for ‘tkitemconfigure’
    dynamicGraphMain : drawModel : redrawView : setEdgeCoords: no visible
     global function definition for ‘tkitemraise’
    dynamicGraphMain : drawModel : redrawView : setEdgeCoords: no visible
     global function definition for ‘tkcoords’
    dynamicGraphMain : drawModel : redrawView : subSetEdgeCoords: no
     visible global function definition for ‘tkitemconfigure’
    dynamicGraphMain : drawModel : redrawView : subSetEdgeCoords : g: no
     visible global function definition for ‘tkcoords’
    dynamicGraphMain : drawModel : redrawView : subSetEdgeCoords : g: no
     visible global function definition for ‘tkmove’
    dynamicGraphMain : drawModel : redrawView : subSetEdgeCoords : ff: no
     visible global function definition for ‘tkcoords’
    dynamicGraphMain : drawModel : redrawView : addEdgePopups: no visible
     global function definition for ‘tkadd’
    dynamicGraphMain : drawModel : redrawView : addEdgePopups: no visible
     global function definition for ‘tkmenu’
    dynamicGraphMain : drawModel : redrawView : setBindEdge: no visible
     global function definition for ‘tkmenu’
    dynamicGraphMain : drawModel : redrawView : setBindEdge: no visible
     global function definition for ‘tkitembind’
    dynamicGraphMain : drawModel : redrawView : setBindEdge : <anonymous>:
     no visible global function definition for ‘tkconfigure’
    dynamicGraphMain : drawModel : redrawView : subDrawEdge: no visible
     global function definition for ‘tkcreate’
    dynamicGraphMain : drawModel : redrawView : insertEdgeItems: no visible
     global function definition for ‘tkaddtag’
    dynamicGraphMain : drawModel : redrawView : insertEdgeItems: no visible
     global function definition for ‘tkitemconfigure’
    dynamicGraphMain : drawModel : redrawView : tkcoordsBlock :
     tkcoordsRectangleLine: no visible global function definition for
     ‘tkcoords’
    dynamicGraphMain : drawModel : redrawView : tkcoordsBlock :
     tkcoordsCornerLine: no visible global function definition for
     ‘tkcoords’
    dynamicGraphMain : drawModel : redrawView : tkcoordsBlock: no visible
     global function definition for ‘tkcoords’
    dynamicGraphMain : drawModel : redrawView : drawBlock :
     drawRectangleLine: no visible global function definition for
     ‘tkcreate’
    dynamicGraphMain : drawModel : redrawView : drawBlock :
     drawRectangleLine: no visible global function definition for
     ‘tkaddtag’
    dynamicGraphMain : drawModel : redrawView : drawBlock :
     drawRectangleLine: no visible global function definition for
     ‘tkitembind’
    dynamicGraphMain : drawModel : redrawView : drawBlock :
     drawRectangleLine : <anonymous>: no visible global function
     definition for ‘tkconfigure’
    dynamicGraphMain : drawModel : redrawView : drawBlock : drawCornerLine:
     no visible global function definition for ‘tkcreate’
    dynamicGraphMain : drawModel : redrawView : drawBlock : drawCornerLine:
     no visible global function definition for ‘tkaddtag’
    dynamicGraphMain : drawModel : redrawView : drawBlock : drawCornerLine:
     no visible global function definition for ‘tkitembind’
    dynamicGraphMain : drawModel : redrawView : drawBlock : drawCornerLine
     : <anonymous>: no visible global function definition for
     ‘tkconfigure’
    dynamicGraphMain : drawModel : redrawView : drawBlock: no visible
     global function definition for ‘tkcreate’
    dynamicGraphMain : drawModel : redrawView : drawBlock: no visible
     global function definition for ‘tkaddtag’
    dynamicGraphMain : drawModel : redrawView : addNodePopups: no visible
     global function definition for ‘tkadd’
    dynamicGraphMain : drawModel : redrawView : addNodePopups: no visible
     global function definition for ‘tkmenu’
    dynamicGraphMain : drawModel : redrawView : setBindNode : f: no visible
     global function definition for ‘tkitembind’
    dynamicGraphMain : drawModel : redrawView : setBindNode : f :
     <anonymous>: no visible global function definition for ‘tkconfigure’
    dynamicGraphMain : drawModel : redrawView : setBindNode : f: no visible
     global function definition for ‘tkaddtag’
    dynamicGraphMain : drawModel : redrawView : setBindNode :
     blockitembind: no visible global function definition for ‘tkitembind’
    dynamicGraphMain : drawModel : redrawView : setBindNode : blockitembind
     : <anonymous>: no visible global function definition for
     ‘tkconfigure’
    dynamicGraphMain : drawModel : redrawView : setBindNode :
     blockitembind: no visible global function definition for ‘tkaddtag’
    dynamicGraphMain : drawModel : redrawView : setBindNode: no visible
     global function definition for ‘tkmenu’
    dynamicGraphMain : drawModel : redrawView : subDrawVertex: no visible
     global function definition for ‘tkcreate’
    dynamicGraphMain : drawModel : redrawView : subDrawVertex: no visible
     global function definition for ‘tkaddtag’
    dynamicGraphMain : drawModel : redrawView : drawResult: no visible
     global function definition for ‘tktitle<-’
    dynamicGraphMain : drawModel : redrawView : updateNode: no visible
     global function definition for ‘tkdelete’
    dynamicGraphMain : drawModel : redrawView : updateNode: no visible
     global function definition for ‘tkcoords’
    dynamicGraphMain : drawModel : redrawView : updateNode: no visible
     global function definition for ‘tkmove’
    dynamicGraphMain : drawModel : redrawView : updateNode: no visible
     global function definition for ‘tkitemconfigure’
    dynamicGraphMain : drawModel : redrawView : subUpdateGraphWindow: no
     visible global function definition for ‘tkitemconfigure’
    dynamicGraphMain : drawModel : redrawView : tkdeleteRectangleCorner: no
     visible global function definition for ‘tkdelete’
    dynamicGraphMain : drawModel : redrawView : tkdeleteRectangle: no
     visible global function definition for ‘tkdelete’
    dynamicGraphMain : drawModel : redrawView : tkdeleteBar: no visible
     global function definition for ‘tkdelete’
    dynamicGraphMain : drawModel : redrawView : deleteBlock: no visible
     global function definition for ‘tkdelete’
    dynamicGraphMain : drawModel : redrawView : subSubDeleteEdge : delete:
     no visible global function definition for ‘tkdelete’
    dynamicGraphMain : drawModel : redrawView :
     subSubUndisplayFactorVertex: no visible global function definition
     for ‘tkdelete’
    dynamicGraphMain : drawModel : redrawView : subSubUndisplayVertex: no
     visible global function definition for ‘tkdelete’
    dynamicGraphMain : drawModel : redrawView : moveVerticesInBlock: no
     visible global function definition for ‘tkmove’
    dynamicGraphMain : drawModel : redrawView : subMoveVertex: no visible
     global function definition for ‘tkmove’
    dynamicGraphMain : drawModel : redrawView : subMoveVertex: no visible
     global function definition for ‘tkitemraise’
    dynamicGraphMain : drawModel : redrawView : subMoveVertex: no visible
     global function definition for ‘tkitemconfigure’
    dynamicGraphMain : drawModel : redrawView : moveVertexLabel :
     <anonymous>: no visible global function definition for ‘tkcoords’
    dynamicGraphMain : drawModel : redrawView : moveVertexLabel :
     <anonymous>: no visible global function definition for ‘tkmove’
    dynamicGraphMain : drawModel : redrawView : subDropVertex: no visible
     global function definition for ‘tkconfigure’
    dynamicGraphMain : drawModel : redrawView : subDropVertex: no visible
     global function definition for ‘tkfocus’
    dynamicGraphMain : drawModel : redrawView : subDropVertex: no visible
     global function definition for ‘tktitle<-’
    dynamicGraphMain : drawModel : redrawView : subDropVertex: no visible
     global function definition for ‘tkdelete’
    dynamicGraphMain : drawModel : redrawView : subDropVertex: no visible
     global function definition for ‘tkinsert’
    dynamicGraphMain : drawModel : redrawView : subDropVertex: no visible
     global function definition for ‘tkselection.clear’
    dynamicGraphMain : drawModel : redrawView : subDropVertex: no visible
     global function definition for ‘tkselection.set’
    dynamicGraphMain : drawModel : redrawView : moveEdge : <anonymous> :
     fun: no visible global function definition for ‘tkmove’
    dynamicGraphMain : drawModel : redrawView : moveEdgeLabel :
     <anonymous>: no visible global function definition for ‘tkmove’
    dynamicGraphMain : drawModel : redrawView : subSubAddEdge: no visible
     global function definition for ‘tktitle<-’
    dynamicGraphMain : drawModel : redrawView : subAddEdge: no visible
     global function definition for ‘tkconfigure’
    dynamicGraphMain : drawModel : redrawView : subAddEdge: no visible
     global function definition for ‘tkfocus’
    dynamicGraphMain : drawModel : redrawView : new.Block: no visible
     global function definition for ‘tkconfigure’
    dynamicGraphMain : drawModel : redrawView : subSubDropEdge: no visible
     global function definition for ‘tktitle<-’
    dynamicGraphMain : drawModel : redrawView : subDropEdge: no visible
     global function definition for ‘tkconfigure’
    dynamicGraphMain : drawModel : redrawView : subDropEdge: no visible
     global function definition for ‘tkfocus’
    dynamicGraphMain : drawModel : redrawView : propertyNode : <anonymous>
     : f: no visible global function definition for ‘tkmove’
    dynamicGraphMain : drawModel : redrawView : computeEdgeLabel :
     <anonymous>: no visible global function definition for ‘tkconfigure’
    dynamicGraphMain : drawModel : redrawView : computeEdgeLabel :
     <anonymous>: no visible global function definition for ‘tkfocus’
    dynamicGraphMain : drawModel : redrawView : subNewVertex: no visible
     global function definition for ‘tkinsert’
    dynamicGraphMain : drawModel : redrawView : subNewVertex: no visible
     global function definition for ‘tkselection.set’
    dynamicGraphMain : drawModel : redrawView : subAddVertex: no visible
     global function definition for ‘tkconfigure’
    dynamicGraphMain : drawModel : redrawView : subAddVertex: no visible
     global function definition for ‘tkfocus’
    dynamicGraphMain : drawModel : redrawView : subAddVertex: no visible
     global function definition for ‘tktitle<-’
    dynamicGraphMain : drawModel : redrawView : subAddVertex: no visible
     global function definition for ‘tkdelete’
    dynamicGraphMain : drawModel : redrawView : subAddVertex: no visible
     global function definition for ‘tkinsert’
    dynamicGraphMain : drawModel : redrawView : subAddVertex: no visible
     global function definition for ‘tkselection.set’
    dynamicGraphMain : drawModel : redrawView : newVertexXY : <anonymous>:
     no visible global function definition for ‘tkfocus’
    dynamicGraphMain : drawModel : redrawView : zoom: no visible global
     function definition for ‘tkitemscale’
    dynamicGraphMain : drawModel : redrawView : setMainMenu: no visible
     global function definition for ‘tkmenu’
    dynamicGraphMain : drawModel : redrawView : setMainMenu: no visible
     global function definition for ‘tkconfigure’
    dynamicGraphMain : drawModel : redrawView : setMainMenu: no visible
     global function definition for ‘tkadd’
    dynamicGraphMain : drawModel : redrawView : setMainMenu : <anonymous>:
     no visible global function definition for ‘tclvalue’
    dynamicGraphMain : drawModel : redrawView : setMainMenu : <anonymous>:
     no visible global function definition for ‘tkgetSaveFile’
    dynamicGraphMain : drawModel : redrawView : setMainMenu : <anonymous>:
     no visible global function definition for ‘tkmessageBox’
    dynamicGraphMain : drawModel : redrawView : setMainMenu : <anonymous>:
     no visible global function definition for ‘tkpostscript’
    dynamicGraphMain : drawModel : redrawView : setMainMenu :
     selectVariableDialog: no visible global function definition for
     ‘tkmessageBox’
    dynamicGraphMain : drawModel : redrawView : setMainMenu : <anonymous>:
     no visible global function definition for ‘tkconfigure’
    dynamicGraphMain : drawModel : redrawView : setMainMenu : <anonymous>:
     no visible global function definition for ‘tclVar’
    dynamicGraphMain : drawModel : redrawView : setMainMenu: no visible
     global function definition for ‘tclVar’
    dynamicGraphMain : drawModel : redrawView: no visible global function
     definition for ‘tkbind’
    modalDialog: no visible global function definition for ‘tktoplevel’
    modalDialog: no visible global function definition for ‘tkwm.deiconify’
    modalDialog: no visible global function definition for ‘tkgrab.set’
    modalDialog: no visible global function definition for ‘tkfocus’
    modalDialog: no visible global function definition for ‘tkwm.title’
    modalDialog: no visible global function definition for ‘tclVar’
    modalDialog: no visible global function definition for ‘tkentry’
    modalDialog: no visible global function definition for ‘tkgrid’
    modalDialog: no visible global function definition for ‘tklabel’
    modalDialog : onOK: no visible global function definition for
     ‘tclvalue’
    modalDialog : onOK: no visible global function definition for
     ‘tkgrab.release’
    modalDialog : onOK: no visible global function definition for
     ‘tkdestroy’
    modalDialog : onOK: no visible global function definition for ‘tkfocus’
    modalDialog : onCancel: no visible global function definition for
     ‘tkgrab.release’
    modalDialog : onCancel: no visible global function definition for
     ‘tkdestroy’
    modalDialog : onCancel: no visible global function definition for
     ‘tkfocus’
    modalDialog: no visible global function definition for ‘tkbutton’
    modalDialog: no visible global function definition for ‘tkbind’
    modalDialog : <anonymous>: no visible global function definition for
     ‘tkgrab.release’
    modalDialog : <anonymous>: no visible global function definition for
     ‘tkfocus’
    modalDialog: no visible global function definition for ‘tkwait.window’
    selectDialog : subSelectDialog: no visible global function definition
     for ‘tkwm.title’
    selectDialog : subSelectDialog: no visible global function definition
     for ‘tkscrollbar’
    selectDialog : subSelectDialog : <anonymous>: no visible global
     function definition for ‘tkyview’
    selectDialog : subSelectDialog: no visible global function definition
     for ‘tklistbox’
    selectDialog : subSelectDialog : <anonymous>: no visible global
     function definition for ‘tkset’
    selectDialog : subSelectDialog: no visible global function definition
     for ‘tkgrid’
    selectDialog : subSelectDialog: no visible global function definition
     for ‘tklabel’
    selectDialog : subSelectDialog: no visible global function definition
     for ‘tkgrid.configure’
    selectDialog : subSelectDialog: no visible global function definition
     for ‘tkinsert’
    selectDialog : subSelectDialog: no visible global function definition
     for ‘tkselection.set’
    selectDialog: no visible global function definition for ‘tktoplevel’
    selectDialog: no visible global function definition for
     ‘tkwm.deiconify’
    selectDialog: no visible global function definition for ‘tkgrab.set’
    selectDialog: no visible global function definition for ‘tkfocus’
    selectDialog : OnOK: no visible global function definition for
     ‘tkcurselection’
    selectDialog : OnOK: no visible global function definition for
     ‘tkgrab.release’
    selectDialog : OnOK: no visible global function definition for
     ‘tkdestroy’
    selectDialog : OnOK: no visible global function definition for
     ‘tkfocus’
    selectDialog: no visible global function definition for ‘tkbutton’
    selectDialog: no visible global function definition for ‘tkgrid’
    selectDialog: no visible global function definition for ‘tkwait.window’
    addToPopups,dg.Node: no visible global function definition for ‘tkadd’
    draw,dg.Block : .local: no visible global function definition for
     ‘tkcreate’
    draw,dg.ContinuousVertex : .local: no visible global function
     definition for ‘tkcreate’
    draw,dg.DiscreteGenerator : .local: no visible global function
     definition for ‘tkcreate’
    draw,dg.DiscreteVertex : .local: no visible global function definition
     for ‘tkcreate’
    draw,dg.Edge : .local : f : l: no visible global function definition
     for ‘tkcreate’
    draw,dg.Edge : .local : f: no visible global function definition for
     ‘tkcreate’
    draw,dg.Generator : .local: no visible global function definition for
     ‘tkcreate’
    draw,dg.LinearGenerator : .local: no visible global function definition
     for ‘tkcreate’
    draw,dg.OrdinalVertex : .local: no visible global function definition
     for ‘tkcreate’
    draw,dg.QuadraticGenerator : .local: no visible global function
     definition for ‘tkcreate’
    draw,dg.TextVertex : .local: no visible global function definition for
     ‘tkcreate’
    
    Found the following assignments to the global environment:
    File ‘dynamicGraph/R/dynamicGraphMain.R’:
     assign(objectName, R$object, pos = 1)
     assign("x", x, pos = 1)
     assign(ReturnVal, Args(), pos = 1)
     assign(ReturnVal, dgm.frameModels, pos = 1)
     assign(ReturnVal, dm.frameViews, pos = 1)
     assign(ReturnVal, GraphWindow, pos = 1)
     assign(ReturnVal, object, pos = 1)
     assign(ReturnVal, transformation, pos = 1)
     assign(ReturnVal, GW.top, pos = 1)
     assign(ReturnVal, GW.top$env$canvas, pos = 1)
     assign(ReturnVal, GW.top$env$viewLabel, pos = 1)
     assign(ReturnVal, vertexList, pos = 1)
     assign(ReturnVal, edge.List, pos = 1)
     assign(ReturnVal, extra.List, pos = 1)
     assign(ReturnVal, extra.Edge.List, pos = 1)
     assign(ReturnVal, factorVertex.List, pos = 1)
     assign(ReturnVal, factor.Edge.List, pos = 1)
     assign(ReturnVal, block.List, pos = 1)
     assign(ReturnVal, blockTree, pos = 1)
     assign(ReturnVal, blockEdge.List, pos = 1)
Flavors: r-patched-linux-x86_64, r-release-linux-x86_64

Version: 0.2.2.6
Check: R code for possible problems
Result: NOTE
    NB: .First.lib is obsolete and will not be used in R >= 3.0.0
    File ‘dynamicGraph/R/dynamicGraph-internal.R’:
     .onAttach calls:
     require(tcltk)
    
    Package startup functions should not change the search path.
    See section ‘Good practice’ in '?.onAttach'.
    
    .cliquesFromEdges: no visible global function definition for ‘cliques’
    .propertyDialog : subSelectDialog: no visible global function
     definition for ‘tkscrollbar’
    .propertyDialog : subSelectDialog : <anonymous>: no visible global
     function definition for ‘tkyview’
    .propertyDialog : subSelectDialog: no visible global function
     definition for ‘tklistbox’
    .propertyDialog : subSelectDialog : <anonymous>: no visible global
     function definition for ‘tkset’
    .propertyDialog : subSelectDialog: no visible global function
     definition for ‘tkgrid’
    .propertyDialog : subSelectDialog: no visible global function
     definition for ‘tklabel’
    .propertyDialog : subSelectDialog: no visible global function
     definition for ‘tkgrid.configure’
    .propertyDialog : subSelectDialog: no visible global function
     definition for ‘tkinsert’
    .propertyDialog : subSelectDialog: no visible global function
     definition for ‘tkselection.set’
    .propertyDialog : subTextDialog: no visible global function definition
     for ‘tclVar’
    .propertyDialog : subTextDialog: no visible global function definition
     for ‘tkentry’
    .propertyDialog : subTextDialog: no visible global function definition
     for ‘tkgrid’
    .propertyDialog : subTextDialog: no visible global function definition
     for ‘tklabel’
    .propertyDialog : onCancel: no visible global function definition for
     ‘tkgrab.release’
    .propertyDialog : onCancel: no visible global function definition for
     ‘tkdestroy’
    .propertyDialog : onCancel: no visible global function definition for
     ‘tkfocus’
    .propertyDialog : onOK : getList: no visible global function definition
     for ‘tclvalue’
    .propertyDialog : onOK : <anonymous>: no visible global function
     definition for ‘tclvalue’
    .propertyDialog : onOK: no visible global function definition for
     ‘tkcurselection’
    .propertyDialog : onOK: no visible global function definition for
     ‘tkgrab.release’
    .propertyDialog : onOK: no visible global function definition for
     ‘tkdestroy’
    .propertyDialog : onOK: no visible global function definition for
     ‘tkfocus’
    .propertyDialog: no visible global function definition for ‘tktoplevel’
    .propertyDialog: no visible global function definition for
     ‘tkwm.deiconify’
    .propertyDialog: no visible global function definition for ‘tkgrab.set’
    .propertyDialog: no visible global function definition for ‘tkfocus’
    .propertyDialog: no visible global function definition for ‘tkwm.title’
    .propertyDialog: no visible global function definition for ‘tkgrid’
    .propertyDialog: no visible global function definition for ‘tklabel’
    .propertyDialog: no visible global function definition for ‘tkbutton’
    .propertyDialog: no visible global function definition for ‘tkbind’
    .propertyDialog : <anonymous>: no visible global function definition
     for ‘tkgrab.release’
    .propertyDialog : <anonymous>: no visible global function definition
     for ‘tkfocus’
    .propertyDialog: no visible global function definition for
     ‘tkwait.window’
    dynamicGraphMain : drawModel : redrawView : setSrcLabel: no visible
     global function definition for ‘tkxview’
    dynamicGraphMain : drawModel : redrawView : setSrcLabel: no visible
     global function definition for ‘tkyview’
    dynamicGraphMain : drawModel : redrawView : setSrcLabel: no visible
     global function definition for ‘tkconfigure’
    dynamicGraphMain : drawModel : redrawView : tkinsert.blockVertices: no
     visible global function definition for ‘tkdelete’
    dynamicGraphMain : drawModel : redrawView : tkinsert.blockVertices: no
     visible global function definition for ‘tkinsert’
    dynamicGraphMain : drawModel : redrawView : tkinsert.block: no visible
     global function definition for ‘tkdelete’
    dynamicGraphMain : drawModel : redrawView : tkinsert.block: no visible
     global function definition for ‘tkinsert’
    dynamicGraphMain : drawModel : redrawView : popupSelectedInPanel: no
     visible global function definition for ‘tkcurselection’
    dynamicGraphMain : drawModel : redrawView : popupSelectedInPanel: no
     visible global function definition for ‘tclvalue’
    dynamicGraphMain : drawModel : redrawView : popupSelectedInPanel: no
     visible global function definition for ‘tcl’
    dynamicGraphMain : drawModel : redrawView : bindBox: no visible global
     function definition for ‘tcl’
    dynamicGraphMain : drawModel : redrawView : bindBox: no visible global
     function definition for ‘tkbind’
    dynamicGraphMain : drawModel : redrawView : bindBox : <anonymous>: no
     visible global function definition for ‘tclvalue’
    dynamicGraphMain : drawModel : redrawView : bindBox : <anonymous>: no
     visible global function definition for ‘tcl’
    dynamicGraphMain : drawModel : redrawView : bindBox : <anonymous>: no
     visible global function definition for ‘tkcurselection’
    dynamicGraphMain : drawModel : redrawView : bindBox : <anonymous>: no
     visible global function definition for ‘tkselection.clear’
    dynamicGraphMain : drawModel : redrawView : bindBox : <anonymous>: no
     visible global function definition for ‘tkselection.set’
    dynamicGraphMain : drawModel : redrawView : moveCanvas : <anonymous>:
     no visible global function definition for ‘tkxview’
    dynamicGraphMain : drawModel : redrawView : moveCanvas : <anonymous>:
     no visible global function definition for ‘tkyview’
    dynamicGraphMain : drawModel : redrawView : moveCanvas : <anonymous>:
     no visible global function definition for ‘tkxview.moveto’
    dynamicGraphMain : drawModel : redrawView : moveCanvas : <anonymous>:
     no visible global function definition for ‘tkyview.moveto’
    dynamicGraphMain : drawModel : redrawView : newGraph: no visible global
     function definition for ‘tktoplevel’
    dynamicGraphMain : drawModel : redrawView : newGraph: no visible global
     function definition for ‘tkframe’
    dynamicGraphMain : drawModel : redrawView : newGraph: no visible global
     function definition for ‘tkpack’
    dynamicGraphMain : drawModel : redrawView : newGraph: no visible global
     function definition for ‘tcl’
    dynamicGraphMain : drawModel : redrawView : newGraph: no visible global
     function definition for ‘.Tk.subwin’
    dynamicGraphMain : drawModel : redrawView : newGraph : myTclRequire: no
     visible global function definition for ‘tclvalue’
    dynamicGraphMain : drawModel : redrawView : newGraph : myTclRequire: no
     visible global function definition for ‘.Tcl’
    dynamicGraphMain : drawModel : redrawView : newGraph : selectcommand:
     no visible global function definition for ‘tkcurselection’
    dynamicGraphMain : drawModel : redrawView : newGraph : selectcommand:
     no visible global function definition for ‘tclvalue’
    dynamicGraphMain : drawModel : redrawView : newGraph : selectcommand:
     no visible global function definition for ‘tcl’
    dynamicGraphMain : drawModel : redrawView : newGraph : dropcmd: no
     visible global function definition for ‘tkmove’
    dynamicGraphMain : drawModel : redrawView : newGraph: no visible global
     function definition for ‘tkwidget’
    dynamicGraphMain : drawModel : redrawView : newGraph : <anonymous>: no
     visible global function definition for ‘tkset’
    dynamicGraphMain : drawModel : redrawView : newGraph: no visible global
     function definition for ‘tklistbox’
    dynamicGraphMain : drawModel : redrawView : newGraph: no visible global
     function definition for ‘tkinsert’
    dynamicGraphMain : drawModel : redrawView : newGraph: no visible global
     function definition for ‘tkselection.set’
    dynamicGraphMain : drawModel : redrawView : newGraph: no visible global
     function definition for ‘tkscrollbar’
    dynamicGraphMain : drawModel : redrawView : newGraph : <anonymous>: no
     visible global function definition for ‘tkyview’
    dynamicGraphMain : drawModel : redrawView : newGraph: no visible global
     function definition for ‘tkgrid’
    dynamicGraphMain : drawModel : redrawView : newGraph: no visible global
     function definition for ‘tkgrid.columnconfigure’
    dynamicGraphMain : drawModel : redrawView : newGraph: no visible global
     function definition for ‘tkgrid.rowconfigure’
    dynamicGraphMain : drawModel : redrawView : newGraph: no visible global
     function definition for ‘tklabel’
    dynamicGraphMain : drawModel : redrawView : newGraph : <anonymous>: no
     visible global function definition for ‘tkxview’
    dynamicGraphMain : drawModel : redrawView : newGraph: no visible global
     function definition for ‘tkcanvas’
    dynamicGraphMain : drawModel : redrawView : newGraph: no visible global
     function definition for ‘tkadd’
    dynamicGraphMain : drawModel : redrawView : newGraph: no visible global
     function definition for ‘tkfocus’
    dynamicGraphMain : drawModel : redrawView : newGraph: no visible global
     function definition for ‘tktitle<-’
    dynamicGraphMain : drawModel : redrawView : replaceXY: no visible
     global function definition for ‘tkxview’
    dynamicGraphMain : drawModel : redrawView : replaceXY: no visible
     global function definition for ‘tkyview’
    dynamicGraphMain : drawModel : redrawView : callPopup : <anonymous>: no
     visible global function definition for ‘tkwinfo’
    dynamicGraphMain : drawModel : redrawView : callPopup : <anonymous>: no
     visible global function definition for ‘.Tcl’
    dynamicGraphMain : drawModel : redrawView : callPopup : <anonymous>: no
     visible global function definition for ‘.Tcl.args’
    dynamicGraphMain : drawModel : redrawView : callPopupInBox :
     <anonymous>: no visible global function definition for ‘tkmenu’
    dynamicGraphMain : drawModel : redrawView : callPopupInBox :
     <anonymous>: no visible global function definition for ‘tkwinfo’
    dynamicGraphMain : drawModel : redrawView : callPopupInBox :
     <anonymous>: no visible global function definition for ‘.Tcl’
    dynamicGraphMain : drawModel : redrawView : callPopupInBox :
     <anonymous>: no visible global function definition for ‘.Tcl.args’
    dynamicGraphMain : drawModel : redrawView : callPopupNode :
     <anonymous>: no visible global function definition for ‘tkmenu’
    dynamicGraphMain : drawModel : redrawView : callPopupNode :
     <anonymous>: no visible global function definition for ‘tkwinfo’
    dynamicGraphMain : drawModel : redrawView : callPopupNode :
     <anonymous>: no visible global function definition for ‘.Tcl’
    dynamicGraphMain : drawModel : redrawView : callPopupNode :
     <anonymous>: no visible global function definition for ‘.Tcl.args’
    dynamicGraphMain : drawModel : redrawView : callPopupEdge :
     <anonymous>: no visible global function definition for ‘tkmenu’
    dynamicGraphMain : drawModel : redrawView : callPopupEdge :
     <anonymous>: no visible global function definition for ‘tkwinfo’
    dynamicGraphMain : drawModel : redrawView : callPopupEdge :
     <anonymous>: no visible global function definition for ‘.Tcl’
    dynamicGraphMain : drawModel : redrawView : callPopupEdge :
     <anonymous>: no visible global function definition for ‘.Tcl.args’
    dynamicGraphMain : drawModel : redrawView : deleteTags: no visible
     global function definition for ‘tkdelete’
    dynamicGraphMain : drawModel : redrawView : deleteTags: no visible
     global function definition for ‘tkgettags’
    dynamicGraphMain : drawModel : redrawView : destroyView : <anonymous>:
     no visible global function definition for ‘tkdestroy’
    dynamicGraphMain : drawModel : redrawView : updateModel: no visible
     global function definition for ‘tkconfigure’
    dynamicGraphMain : drawModel : redrawView : updateModel: no visible
     global function definition for ‘tkfocus’
    dynamicGraphMain : drawModel : redrawView : doHandRotate : <anonymous>:
     no visible global function definition for ‘tkconfigure’
    dynamicGraphMain : drawModel : redrawView : doHandRotate : <anonymous>:
     no visible global function definition for ‘tkfocus’
    dynamicGraphMain : drawModel : redrawView : rockPlot : <anonymous>: no
     visible global function definition for ‘tkconfigure’
    dynamicGraphMain : drawModel : redrawView : rockPlot : <anonymous>: no
     visible global function definition for ‘tkfocus’
    dynamicGraphMain : drawModel : redrawView : setCloseVertex: no visible
     global function definition for ‘tkdelete’
    dynamicGraphMain : drawModel : redrawView : setClosedBlock: no visible
     global function definition for ‘tkdelete’
    dynamicGraphMain : drawModel : redrawView : setHiddenBlock: no visible
     global function definition for ‘tkdelete’
    dynamicGraphMain : drawModel : redrawView : updateVertexInBlock: no
     visible global function definition for ‘tkdelete’
    dynamicGraphMain : drawModel : redrawView : updateVertexInBlock: no
     visible global function definition for ‘tkinsert’
    dynamicGraphMain : drawModel : redrawView : setEdgeColor : setEdge: no
     visible global function definition for ‘tkitemconfigure’
    dynamicGraphMain : drawModel : redrawView : setEdgeDash : setEdge: no
     visible global function definition for ‘tkitemconfigure’
    dynamicGraphMain : drawModel : redrawView : setVertexColor: no visible
     global function definition for ‘tkitemconfigure’
    dynamicGraphMain : drawModel : redrawView : setVertexLabel: no visible
     global function definition for ‘tkitemconfigure’
    dynamicGraphMain : drawModel : redrawView : setEdgeLabel: no visible
     global function definition for ‘tkitemconfigure’
    dynamicGraphMain : drawModel : redrawView : setEdgeWidth: no visible
     global function definition for ‘tkitemconfigure’
    dynamicGraphMain : drawModel : redrawView : setEdgeCoords: no visible
     global function definition for ‘tkitemraise’
    dynamicGraphMain : drawModel : redrawView : setEdgeCoords: no visible
     global function definition for ‘tkcoords’
    dynamicGraphMain : drawModel : redrawView : subSetEdgeCoords: no
     visible global function definition for ‘tkitemconfigure’
    dynamicGraphMain : drawModel : redrawView : subSetEdgeCoords : g: no
     visible global function definition for ‘tkcoords’
    dynamicGraphMain : drawModel : redrawView : subSetEdgeCoords : g: no
     visible global function definition for ‘tkmove’
    dynamicGraphMain : drawModel : redrawView : subSetEdgeCoords : ff: no
     visible global function definition for ‘tkcoords’
    dynamicGraphMain : drawModel : redrawView : addEdgePopups: no visible
     global function definition for ‘tkadd’
    dynamicGraphMain : drawModel : redrawView : addEdgePopups: no visible
     global function definition for ‘tkmenu’
    dynamicGraphMain : drawModel : redrawView : setBindEdge: no visible
     global function definition for ‘tkmenu’
    dynamicGraphMain : drawModel : redrawView : setBindEdge: no visible
     global function definition for ‘tkitembind’
    dynamicGraphMain : drawModel : redrawView : setBindEdge : <anonymous>:
     no visible global function definition for ‘tkconfigure’
    dynamicGraphMain : drawModel : redrawView : subDrawEdge: no visible
     global function definition for ‘tkcreate’
    dynamicGraphMain : drawModel : redrawView : insertEdgeItems: no visible
     global function definition for ‘tkaddtag’
    dynamicGraphMain : drawModel : redrawView : insertEdgeItems: no visible
     global function definition for ‘tkitemconfigure’
    dynamicGraphMain : drawModel : redrawView : tkcoordsBlock :
     tkcoordsRectangleLine: no visible global function definition for
     ‘tkcoords’
    dynamicGraphMain : drawModel : redrawView : tkcoordsBlock :
     tkcoordsCornerLine: no visible global function definition for
     ‘tkcoords’
    dynamicGraphMain : drawModel : redrawView : tkcoordsBlock: no visible
     global function definition for ‘tkcoords’
    dynamicGraphMain : drawModel : redrawView : drawBlock :
     drawRectangleLine: no visible global function definition for
     ‘tkcreate’
    dynamicGraphMain : drawModel : redrawView : drawBlock :
     drawRectangleLine: no visible global function definition for
     ‘tkaddtag’
    dynamicGraphMain : drawModel : redrawView : drawBlock :
     drawRectangleLine: no visible global function definition for
     ‘tkitembind’
    dynamicGraphMain : drawModel : redrawView : drawBlock :
     drawRectangleLine : <anonymous>: no visible global function
     definition for ‘tkconfigure’
    dynamicGraphMain : drawModel : redrawView : drawBlock : drawCornerLine:
     no visible global function definition for ‘tkcreate’
    dynamicGraphMain : drawModel : redrawView : drawBlock : drawCornerLine:
     no visible global function definition for ‘tkaddtag’
    dynamicGraphMain : drawModel : redrawView : drawBlock : drawCornerLine:
     no visible global function definition for ‘tkitembind’
    dynamicGraphMain : drawModel : redrawView : drawBlock : drawCornerLine
     : <anonymous>: no visible global function definition for
     ‘tkconfigure’
    dynamicGraphMain : drawModel : redrawView : drawBlock: no visible
     global function definition for ‘tkcreate’
    dynamicGraphMain : drawModel : redrawView : drawBlock: no visible
     global function definition for ‘tkaddtag’
    dynamicGraphMain : drawModel : redrawView : addNodePopups: no visible
     global function definition for ‘tkadd’
    dynamicGraphMain : drawModel : redrawView : addNodePopups: no visible
     global function definition for ‘tkmenu’
    dynamicGraphMain : drawModel : redrawView : setBindNode : f: no visible
     global function definition for ‘tkitembind’
    dynamicGraphMain : drawModel : redrawView : setBindNode : f :
     <anonymous>: no visible global function definition for ‘tkconfigure’
    dynamicGraphMain : drawModel : redrawView : setBindNode : f: no visible
     global function definition for ‘tkaddtag’
    dynamicGraphMain : drawModel : redrawView : setBindNode :
     blockitembind: no visible global function definition for ‘tkitembind’
    dynamicGraphMain : drawModel : redrawView : setBindNode : blockitembind
     : <anonymous>: no visible global function definition for
     ‘tkconfigure’
    dynamicGraphMain : drawModel : redrawView : setBindNode :
     blockitembind: no visible global function definition for ‘tkaddtag’
    dynamicGraphMain : drawModel : redrawView : setBindNode: no visible
     global function definition for ‘tkmenu’
    dynamicGraphMain : drawModel : redrawView : subDrawVertex: no visible
     global function definition for ‘tkcreate’
    dynamicGraphMain : drawModel : redrawView : subDrawVertex: no visible
     global function definition for ‘tkaddtag’
    dynamicGraphMain : drawModel : redrawView : drawResult: no visible
     global function definition for ‘tktitle<-’
    dynamicGraphMain : drawModel : redrawView : updateNode: no visible
     global function definition for ‘tkdelete’
    dynamicGraphMain : drawModel : redrawView : updateNode: no visible
     global function definition for ‘tkcoords’
    dynamicGraphMain : drawModel : redrawView : updateNode: no visible
     global function definition for ‘tkmove’
    dynamicGraphMain : drawModel : redrawView : updateNode: no visible
     global function definition for ‘tkitemconfigure’
    dynamicGraphMain : drawModel : redrawView : subUpdateGraphWindow: no
     visible global function definition for ‘tkitemconfigure’
    dynamicGraphMain : drawModel : redrawView : tkdeleteRectangleCorner: no
     visible global function definition for ‘tkdelete’
    dynamicGraphMain : drawModel : redrawView : tkdeleteRectangle: no
     visible global function definition for ‘tkdelete’
    dynamicGraphMain : drawModel : redrawView : tkdeleteBar: no visible
     global function definition for ‘tkdelete’
    dynamicGraphMain : drawModel : redrawView : deleteBlock: no visible
     global function definition for ‘tkdelete’
    dynamicGraphMain : drawModel : redrawView : subSubDeleteEdge : delete:
     no visible global function definition for ‘tkdelete’
    dynamicGraphMain : drawModel : redrawView :
     subSubUndisplayFactorVertex: no visible global function definition
     for ‘tkdelete’
    dynamicGraphMain : drawModel : redrawView : subSubUndisplayVertex: no
     visible global function definition for ‘tkdelete’
    dynamicGraphMain : drawModel : redrawView : moveVerticesInBlock: no
     visible global function definition for ‘tkmove’
    dynamicGraphMain : drawModel : redrawView : subMoveVertex: no visible
     global function definition for ‘tkmove’
    dynamicGraphMain : drawModel : redrawView : subMoveVertex: no visible
     global function definition for ‘tkitemraise’
    dynamicGraphMain : drawModel : redrawView : subMoveVertex: no visible
     global function definition for ‘tkitemconfigure’
    dynamicGraphMain : drawModel : redrawView : moveVertexLabel :
     <anonymous>: no visible global function definition for ‘tkcoords’
    dynamicGraphMain : drawModel : redrawView : moveVertexLabel :
     <anonymous>: no visible global function definition for ‘tkmove’
    dynamicGraphMain : drawModel : redrawView : subDropVertex: no visible
     global function definition for ‘tkconfigure’
    dynamicGraphMain : drawModel : redrawView : subDropVertex: no visible
     global function definition for ‘tkfocus’
    dynamicGraphMain : drawModel : redrawView : subDropVertex: no visible
     global function definition for ‘tktitle<-’
    dynamicGraphMain : drawModel : redrawView : subDropVertex: no visible
     global function definition for ‘tkdelete’
    dynamicGraphMain : drawModel : redrawView : subDropVertex: no visible
     global function definition for ‘tkinsert’
    dynamicGraphMain : drawModel : redrawView : subDropVertex: no visible
     global function definition for ‘tkselection.clear’
    dynamicGraphMain : drawModel : redrawView : subDropVertex: no visible
     global function definition for ‘tkselection.set’
    dynamicGraphMain : drawModel : redrawView : moveEdge : <anonymous> :
     fun: no visible global function definition for ‘tkmove’
    dynamicGraphMain : drawModel : redrawView : moveEdgeLabel :
     <anonymous>: no visible global function definition for ‘tkmove’
    dynamicGraphMain : drawModel : redrawView : subSubAddEdge: no visible
     global function definition for ‘tktitle<-’
    dynamicGraphMain : drawModel : redrawView : subAddEdge: no visible
     global function definition for ‘tkconfigure’
    dynamicGraphMain : drawModel : redrawView : subAddEdge: no visible
     global function definition for ‘tkfocus’
    dynamicGraphMain : drawModel : redrawView : new.Block: no visible
     global function definition for ‘tkconfigure’
    dynamicGraphMain : drawModel : redrawView : subSubDropEdge: no visible
     global function definition for ‘tktitle<-’
    dynamicGraphMain : drawModel : redrawView : subDropEdge: no visible
     global function definition for ‘tkconfigure’
    dynamicGraphMain : drawModel : redrawView : subDropEdge: no visible
     global function definition for ‘tkfocus’
    dynamicGraphMain : drawModel : redrawView : propertyNode : <anonymous>
     : f: no visible global function definition for ‘tkmove’
    dynamicGraphMain : drawModel : redrawView : computeEdgeLabel :
     <anonymous>: no visible global function definition for ‘tkconfigure’
    dynamicGraphMain : drawModel : redrawView : computeEdgeLabel :
     <anonymous>: no visible global function definition for ‘tkfocus’
    dynamicGraphMain : drawModel : redrawView : subNewVertex: no visible
     global function definition for ‘tkinsert’
    dynamicGraphMain : drawModel : redrawView : subNewVertex: no visible
     global function definition for ‘tkselection.set’
    dynamicGraphMain : drawModel : redrawView : subAddVertex: no visible
     global function definition for ‘tkconfigure’
    dynamicGraphMain : drawModel : redrawView : subAddVertex: no visible
     global function definition for ‘tkfocus’
    dynamicGraphMain : drawModel : redrawView : subAddVertex: no visible
     global function definition for ‘tktitle<-’
    dynamicGraphMain : drawModel : redrawView : subAddVertex: no visible
     global function definition for ‘tkdelete’
    dynamicGraphMain : drawModel : redrawView : subAddVertex: no visible
     global function definition for ‘tkinsert’
    dynamicGraphMain : drawModel : redrawView : subAddVertex: no visible
     global function definition for ‘tkselection.set’
    dynamicGraphMain : drawModel : redrawView : newVertexXY : <anonymous>:
     no visible global function definition for ‘tkfocus’
    dynamicGraphMain : drawModel : redrawView : zoom: no visible global
     function definition for ‘tkitemscale’
    dynamicGraphMain : drawModel : redrawView : setMainMenu: no visible
     global function definition for ‘tkmenu’
    dynamicGraphMain : drawModel : redrawView : setMainMenu: no visible
     global function definition for ‘tkconfigure’
    dynamicGraphMain : drawModel : redrawView : setMainMenu: no visible
     global function definition for ‘tkadd’
    dynamicGraphMain : drawModel : redrawView : setMainMenu : <anonymous>:
     no visible global function definition for ‘tclvalue’
    dynamicGraphMain : drawModel : redrawView : setMainMenu : <anonymous>:
     no visible global function definition for ‘tkgetSaveFile’
    dynamicGraphMain : drawModel : redrawView : setMainMenu : <anonymous>:
     no visible global function definition for ‘tkmessageBox’
    dynamicGraphMain : drawModel : redrawView : setMainMenu : <anonymous>:
     no visible global function definition for ‘tkpostscript’
    dynamicGraphMain : drawModel : redrawView : setMainMenu :
     selectVariableDialog: no visible global function definition for
     ‘tkmessageBox’
    dynamicGraphMain : drawModel : redrawView : setMainMenu : <anonymous>:
     no visible global function definition for ‘tkconfigure’
    dynamicGraphMain : drawModel : redrawView : setMainMenu : <anonymous>:
     no visible global function definition for ‘tclVar’
    dynamicGraphMain : drawModel : redrawView : setMainMenu: no visible
     global function definition for ‘tclVar’
    dynamicGraphMain : drawModel : redrawView: no visible global function
     definition for ‘tkbind’
    modalDialog: no visible global function definition for ‘tktoplevel’
    modalDialog: no visible global function definition for ‘tkwm.deiconify’
    modalDialog: no visible global function definition for ‘tkgrab.set’
    modalDialog: no visible global function definition for ‘tkfocus’
    modalDialog: no visible global function definition for ‘tkwm.title’
    modalDialog: no visible global function definition for ‘tclVar’
    modalDialog: no visible global function definition for ‘tkentry’
    modalDialog: no visible global function definition for ‘tkgrid’
    modalDialog: no visible global function definition for ‘tklabel’
    modalDialog : onOK: no visible global function definition for
     ‘tclvalue’
    modalDialog : onOK: no visible global function definition for
     ‘tkgrab.release’
    modalDialog : onOK: no visible global function definition for
     ‘tkdestroy’
    modalDialog : onOK: no visible global function definition for ‘tkfocus’
    modalDialog : onCancel: no visible global function definition for
     ‘tkgrab.release’
    modalDialog : onCancel: no visible global function definition for
     ‘tkdestroy’
    modalDialog : onCancel: no visible global function definition for
     ‘tkfocus’
    modalDialog: no visible global function definition for ‘tkbutton’
    modalDialog: no visible global function definition for ‘tkbind’
    modalDialog : <anonymous>: no visible global function definition for
     ‘tkgrab.release’
    modalDialog : <anonymous>: no visible global function definition for
     ‘tkfocus’
    modalDialog: no visible global function definition for ‘tkwait.window’
    selectDialog : subSelectDialog: no visible global function definition
     for ‘tkwm.title’
    selectDialog : subSelectDialog: no visible global function definition
     for ‘tkscrollbar’
    selectDialog : subSelectDialog : <anonymous>: no visible global
     function definition for ‘tkyview’
    selectDialog : subSelectDialog: no visible global function definition
     for ‘tklistbox’
    selectDialog : subSelectDialog : <anonymous>: no visible global
     function definition for ‘tkset’
    selectDialog : subSelectDialog: no visible global function definition
     for ‘tkgrid’
    selectDialog : subSelectDialog: no visible global function definition
     for ‘tklabel’
    selectDialog : subSelectDialog: no visible global function definition
     for ‘tkgrid.configure’
    selectDialog : subSelectDialog: no visible global function definition
     for ‘tkinsert’
    selectDialog : subSelectDialog: no visible global function definition
     for ‘tkselection.set’
    selectDialog: no visible global function definition for ‘tktoplevel’
    selectDialog: no visible global function definition for
     ‘tkwm.deiconify’
    selectDialog: no visible global function definition for ‘tkgrab.set’
    selectDialog: no visible global function definition for ‘tkfocus’
    selectDialog : OnOK: no visible global function definition for
     ‘tkcurselection’
    selectDialog : OnOK: no visible global function definition for
     ‘tkgrab.release’
    selectDialog : OnOK: no visible global function definition for
     ‘tkdestroy’
    selectDialog : OnOK: no visible global function definition for
     ‘tkfocus’
    selectDialog: no visible global function definition for ‘tkbutton’
    selectDialog: no visible global function definition for ‘tkgrid’
    selectDialog: no visible global function definition for ‘tkwait.window’
    addToPopups,dg.Node: no visible global function definition for ‘tkadd’
    draw,dg.Block : .local: no visible global function definition for
     ‘tkcreate’
    draw,dg.ContinuousVertex : .local: no visible global function
     definition for ‘tkcreate’
    draw,dg.DiscreteGenerator : .local: no visible global function
     definition for ‘tkcreate’
    draw,dg.DiscreteVertex : .local: no visible global function definition
     for ‘tkcreate’
    draw,dg.Edge : .local : f : l: no visible global function definition
     for ‘tkcreate’
    draw,dg.Edge : .local : f: no visible global function definition for
     ‘tkcreate’
    draw,dg.Generator : .local: no visible global function definition for
     ‘tkcreate’
    draw,dg.LinearGenerator : .local: no visible global function definition
     for ‘tkcreate’
    draw,dg.OrdinalVertex : .local: no visible global function definition
     for ‘tkcreate’
    draw,dg.QuadraticGenerator : .local: no visible global function
     definition for ‘tkcreate’
    draw,dg.TextVertex : .local: no visible global function definition for
     ‘tkcreate’
Flavors: r-patched-solaris-sparc, r-patched-solaris-x86, r-release-windows-ix86+x86_64, r-oldrel-windows-ix86+x86_64

Version: 0.2.2.6
Check: R code for possible problems
Result: NOTE
    NB: .First.lib is obsolete and will not be used in R >= 3.0.0
    File ‘dynamicGraph/R/dynamicGraph-internal.R’:
     .onAttach calls:
     require(tcltk)
    
    Package startup functions should not change the search path.
    See section ‘Good practice’ in '?.onAttach'.
    
    .cliquesFromEdges: no visible global function definition for ‘cliques’
    .propertyDialog : subSelectDialog: no visible global function
     definition for ‘tkscrollbar’
    .propertyDialog : subSelectDialog : <anonymous>: no visible global
     function definition for ‘tkyview’
    .propertyDialog : subSelectDialog: no visible global function
     definition for ‘tklistbox’
    .propertyDialog : subSelectDialog : <anonymous>: no visible global
     function definition for ‘tkset’
    .propertyDialog : subSelectDialog: no visible global function
     definition for ‘tkgrid’
    .propertyDialog : subSelectDialog: no visible global function
     definition for ‘tklabel’
    .propertyDialog : subSelectDialog: no visible global function
     definition for ‘tkgrid.configure’
    .propertyDialog : subSelectDialog: no visible global function
     definition for ‘tkinsert’
    .propertyDialog : subSelectDialog: no visible global function
     definition for ‘tkselection.set’
    .propertyDialog : subTextDialog: no visible global function definition
     for ‘tclVar’
    .propertyDialog : subTextDialog: no visible global function definition
     for ‘tkentry’
    .propertyDialog : subTextDialog: no visible global function definition
     for ‘tkgrid’
    .propertyDialog : subTextDialog: no visible global function definition
     for ‘tklabel’
    .propertyDialog : onCancel: no visible global function definition for
     ‘tkgrab.release’
    .propertyDialog : onCancel: no visible global function definition for
     ‘tkdestroy’
    .propertyDialog : onCancel: no visible global function definition for
     ‘tkfocus’
    .propertyDialog : onOK : getList: no visible global function definition
     for ‘tclvalue’
    .propertyDialog : onOK : <anonymous>: no visible global function
     definition for ‘tclvalue’
    .propertyDialog : onOK: no visible global function definition for
     ‘tkcurselection’
    .propertyDialog : onOK: no visible global function definition for
     ‘tkgrab.release’
    .propertyDialog : onOK: no visible global function definition for
     ‘tkdestroy’
    .propertyDialog : onOK: no visible global function definition for
     ‘tkfocus’
    .propertyDialog: no visible global function definition for ‘tktoplevel’
    .propertyDialog: no visible global function definition for
     ‘tkwm.deiconify’
    .propertyDialog: no visible global function definition for ‘tkgrab.set’
    .propertyDialog: no visible global function definition for ‘tkfocus’
    .propertyDialog: no visible global function definition for ‘tkwm.title’
    .propertyDialog: no visible global function definition for ‘tkgrid’
    .propertyDialog: no visible global function definition for ‘tklabel’
    .propertyDialog: no visible global function definition for ‘tkbutton’
    .propertyDialog: no visible global function definition for ‘tkbind’
    .propertyDialog : <anonymous>: no visible global function definition
     for ‘tkgrab.release’
    .propertyDialog : <anonymous>: no visible global function definition
     for ‘tkfocus’
    .propertyDialog: no visible global function definition for
     ‘tkwait.window’
    dynamicGraphMain : drawModel : redrawView : setSrcLabel: no visible
     global function definition for ‘tkxview’
    dynamicGraphMain : drawModel : redrawView : setSrcLabel: no visible
     global function definition for ‘tkyview’
    dynamicGraphMain : drawModel : redrawView : setSrcLabel: no visible
     global function definition for ‘tkconfigure’
    dynamicGraphMain : drawModel : redrawView : tkinsert.blockVertices: no
     visible global function definition for ‘tkdelete’
    dynamicGraphMain : drawModel : redrawView : tkinsert.blockVertices: no
     visible global function definition for ‘tkinsert’
    dynamicGraphMain : drawModel : redrawView : tkinsert.block: no visible
     global function definition for ‘tkdelete’
    dynamicGraphMain : drawModel : redrawView : tkinsert.block: no visible
     global function definition for ‘tkinsert’
    dynamicGraphMain : drawModel : redrawView : popupSelectedInPanel: no
     visible global function definition for ‘tkcurselection’
    dynamicGraphMain : drawModel : redrawView : popupSelectedInPanel: no
     visible global function definition for ‘tclvalue’
    dynamicGraphMain : drawModel : redrawView : popupSelectedInPanel: no
     visible global function definition for ‘tcl’
    dynamicGraphMain : drawModel : redrawView : bindBox: no visible global
     function definition for ‘tcl’
    dynamicGraphMain : drawModel : redrawView : bindBox: no visible global
     function definition for ‘tkbind’
    dynamicGraphMain : drawModel : redrawView : bindBox : <anonymous>: no
     visible global function definition for ‘tclvalue’
    dynamicGraphMain : drawModel : redrawView : bindBox : <anonymous>: no
     visible global function definition for ‘tcl’
    dynamicGraphMain : drawModel : redrawView : bindBox : <anonymous>: no
     visible global function definition for ‘tkcurselection’
    dynamicGraphMain : drawModel : redrawView : bindBox : <anonymous>: no
     visible global function definition for ‘tkselection.clear’
    dynamicGraphMain : drawModel : redrawView : bindBox : <anonymous>: no
     visible global function definition for ‘tkselection.set’
    dynamicGraphMain : drawModel : redrawView : moveCanvas : <anonymous>:
     no visible global function definition for ‘tkxview’
    dynamicGraphMain : drawModel : redrawView : moveCanvas : <anonymous>:
     no visible global function definition for ‘tkyview’
    dynamicGraphMain : drawModel : redrawView : moveCanvas : <anonymous>:
     no visible global function definition for ‘tkxview.moveto’
    dynamicGraphMain : drawModel : redrawView : moveCanvas : <anonymous>:
     no visible global function definition for ‘tkyview.moveto’
    dynamicGraphMain : drawModel : redrawView : newGraph: no visible global
     function definition for ‘tktoplevel’
    dynamicGraphMain : drawModel : redrawView : newGraph: no visible global
     function definition for ‘tkframe’
    dynamicGraphMain : drawModel : redrawView : newGraph: no visible global
     function definition for ‘tkpack’
    dynamicGraphMain : drawModel : redrawView : newGraph: no visible global
     function definition for ‘tcl’
    dynamicGraphMain : drawModel : redrawView : newGraph: no visible global
     function definition for ‘.Tk.subwin’
    dynamicGraphMain : drawModel : redrawView : newGraph : myTclRequire: no
     visible global function definition for ‘tclvalue’
    dynamicGraphMain : drawModel : redrawView : newGraph : myTclRequire: no
     visible global function definition for ‘.Tcl’
    dynamicGraphMain : drawModel : redrawView : newGraph : selectcommand:
     no visible global function definition for ‘tkcurselection’
    dynamicGraphMain : drawModel : redrawView : newGraph : selectcommand:
     no visible global function definition for ‘tclvalue’
    dynamicGraphMain : drawModel : redrawView : newGraph : selectcommand:
     no visible global function definition for ‘tcl’
    dynamicGraphMain : drawModel : redrawView : newGraph : dropcmd: no
     visible global function definition for ‘tkmove’
    dynamicGraphMain : drawModel : redrawView : newGraph: no visible global
     function definition for ‘tkwidget’
    dynamicGraphMain : drawModel : redrawView : newGraph : <anonymous>: no
     visible global function definition for ‘tkset’
    dynamicGraphMain : drawModel : redrawView : newGraph: no visible global
     function definition for ‘tklistbox’
    dynamicGraphMain : drawModel : redrawView : newGraph: no visible global
     function definition for ‘tkinsert’
    dynamicGraphMain : drawModel : redrawView : newGraph: no visible global
     function definition for ‘tkselection.set’
    dynamicGraphMain : drawModel : redrawView : newGraph: no visible global
     function definition for ‘tkscrollbar’
    dynamicGraphMain : drawModel : redrawView : newGraph : <anonymous>: no
     visible global function definition for ‘tkyview’
    dynamicGraphMain : drawModel : redrawView : newGraph: no visible global
     function definition for ‘tkgrid’
    dynamicGraphMain : drawModel : redrawView : newGraph: no visible global
     function definition for ‘tkgrid.columnconfigure’
    dynamicGraphMain : drawModel : redrawView : newGraph: no visible global
     function definition for ‘tkgrid.rowconfigure’
    dynamicGraphMain : drawModel : redrawView : newGraph: no visible global
     function definition for ‘tklabel’
    dynamicGraphMain : drawModel : redrawView : newGraph : <anonymous>: no
     visible global function definition for ‘tkxview’
    dynamicGraphMain : drawModel : redrawView : newGraph: no visible global
     function definition for ‘tkcanvas’
    dynamicGraphMain : drawModel : redrawView : newGraph: no visible global
     function definition for ‘tkadd’
    dynamicGraphMain : drawModel : redrawView : newGraph: no visible global
     function definition for ‘tkfocus’
    dynamicGraphMain : drawModel : redrawView : newGraph: no visible global
     function definition for ‘tktitle<-’
    dynamicGraphMain : drawModel : redrawView : replaceXY: no visible
     global function definition for ‘tkxview’
    dynamicGraphMain : drawModel : redrawView : replaceXY: no visible
     global function definition for ‘tkyview’
    dynamicGraphMain : drawModel : redrawView : callPopup : <anonymous>: no
     visible global function definition for ‘tkwinfo’
    dynamicGraphMain : drawModel : redrawView : callPopup : <anonymous>: no
     visible global function definition for ‘.Tcl’
    dynamicGraphMain : drawModel : redrawView : callPopup : <anonymous>: no
     visible global function definition for ‘.Tcl.args’
    dynamicGraphMain : drawModel : redrawView : callPopupInBox :
     <anonymous>: no visible global function definition for ‘tkmenu’
    dynamicGraphMain : drawModel : redrawView : callPopupInBox :
     <anonymous>: no visible global function definition for ‘tkwinfo’
    dynamicGraphMain : drawModel : redrawView : callPopupInBox :
     <anonymous>: no visible global function definition for ‘.Tcl’
    dynamicGraphMain : drawModel : redrawView : callPopupInBox :
     <anonymous>: no visible global function definition for ‘.Tcl.args’
    dynamicGraphMain : drawModel : redrawView : callPopupNode :
     <anonymous>: no visible global function definition for ‘tkmenu’
    dynamicGraphMain : drawModel : redrawView : callPopupNode :
     <anonymous>: no visible global function definition for ‘tkwinfo’
    dynamicGraphMain : drawModel : redrawView : callPopupNode :
     <anonymous>: no visible global function definition for ‘.Tcl’
    dynamicGraphMain : drawModel : redrawView : callPopupNode :
     <anonymous>: no visible global function definition for ‘.Tcl.args’
    dynamicGraphMain : drawModel : redrawView : callPopupEdge :
     <anonymous>: no visible global function definition for ‘tkmenu’
    dynamicGraphMain : drawModel : redrawView : callPopupEdge :
     <anonymous>: no visible global function definition for ‘tkwinfo’
    dynamicGraphMain : drawModel : redrawView : callPopupEdge :
     <anonymous>: no visible global function definition for ‘.Tcl’
    dynamicGraphMain : drawModel : redrawView : callPopupEdge :
     <anonymous>: no visible global function definition for ‘.Tcl.args’
    dynamicGraphMain : drawModel : redrawView : deleteTags: no visible
     global function definition for ‘tkdelete’
    dynamicGraphMain : drawModel : redrawView : deleteTags: no visible
     global function definition for ‘tkgettags’
    dynamicGraphMain : drawModel : redrawView : destroyView : <anonymous>:
     no visible global function definition for ‘tkdestroy’
    dynamicGraphMain : drawModel : redrawView : updateModel: no visible
     global function definition for ‘tkconfigure’
    dynamicGraphMain : drawModel : redrawView : updateModel: no visible
     global function definition for ‘tkfocus’
    dynamicGraphMain : drawModel : redrawView : doHandRotate : <anonymous>:
     no visible global function definition for ‘tkconfigure’
    dynamicGraphMain : drawModel : redrawView : doHandRotate : <anonymous>:
     no visible global function definition for ‘tkfocus’
    dynamicGraphMain : drawModel : redrawView : rockPlot : <anonymous>: no
     visible global function definition for ‘tkconfigure’
    dynamicGraphMain : drawModel : redrawView : rockPlot : <anonymous>: no
     visible global function definition for ‘tkfocus’
    dynamicGraphMain : drawModel : redrawView : setCloseVertex: no visible
     global function definition for ‘tkdelete’
    dynamicGraphMain : drawModel : redrawView : setClosedBlock: no visible
     global function definition for ‘tkdelete’
    dynamicGraphMain : drawModel : redrawView : setHiddenBlock: no visible
     global function definition for ‘tkdelete’
    dynamicGraphMain : drawModel : redrawView : updateVertexInBlock: no
     visible global function definition for ‘tkdelete’
    dynamicGraphMain : drawModel : redrawView : updateVertexInBlock: no
     visible global function definition for ‘tkinsert’
    dynamicGraphMain : drawModel : redrawView : setEdgeColor : setEdge: no
     visible global function definition for ‘tkitemconfigure’
    dynamicGraphMain : drawModel : redrawView : setEdgeDash : setEdge: no
     visible global function definition for ‘tkitemconfigure’
    dynamicGraphMain : drawModel : redrawView : setVertexColor: no visible
     global function definition for ‘tkitemconfigure’
    dynamicGraphMain : drawModel : redrawView : setVertexLabel: no visible
     global function definition for ‘tkitemconfigure’
    dynamicGraphMain : drawModel : redrawView : setEdgeLabel: no visible
     global function definition for ‘tkitemconfigure’
    dynamicGraphMain : drawModel : redrawView : setEdgeWidth: no visible
     global function definition for ‘tkitemconfigure’
    dynamicGraphMain : drawModel : redrawView : setEdgeCoords: no visible
     global function definition for ‘tkitemraise’
    dynamicGraphMain : drawModel : redrawView : setEdgeCoords: no visible
     global function definition for ‘tkcoords’
    dynamicGraphMain : drawModel : redrawView : subSetEdgeCoords: no
     visible global function definition for ‘tkitemconfigure’
    dynamicGraphMain : drawModel : redrawView : subSetEdgeCoords : g: no
     visible global function definition for ‘tkcoords’
    dynamicGraphMain : drawModel : redrawView : subSetEdgeCoords : g: no
     visible global function definition for ‘tkmove’
    dynamicGraphMain : drawModel : redrawView : subSetEdgeCoords : ff: no
     visible global function definition for ‘tkcoords’
    dynamicGraphMain : drawModel : redrawView : addEdgePopups: no visible
     global function definition for ‘tkadd’
    dynamicGraphMain : drawModel : redrawView : addEdgePopups: no visible
     global function definition for ‘tkmenu’
    dynamicGraphMain : drawModel : redrawView : setBindEdge: no visible
     global function definition for ‘tkmenu’
    dynamicGraphMain : drawModel : redrawView : setBindEdge: no visible
     global function definition for ‘tkitembind’
    dynamicGraphMain : drawModel : redrawView : setBindEdge : <anonymous>:
     no visible global function definition for ‘tkconfigure’
    dynamicGraphMain : drawModel : redrawView : subDrawEdge: no visible
     global function definition for ‘tkcreate’
    dynamicGraphMain : drawModel : redrawView : insertEdgeItems: no visible
     global function definition for ‘tkaddtag’
    dynamicGraphMain : drawModel : redrawView : insertEdgeItems: no visible
     global function definition for ‘tkitemconfigure’
    dynamicGraphMain : drawModel : redrawView : tkcoordsBlock :
     tkcoordsRectangleLine: no visible global function definition for
     ‘tkcoords’
    dynamicGraphMain : drawModel : redrawView : tkcoordsBlock :
     tkcoordsCornerLine: no visible global function definition for
     ‘tkcoords’
    dynamicGraphMain : drawModel : redrawView : tkcoordsBlock: no visible
     global function definition for ‘tkcoords’
    dynamicGraphMain : drawModel : redrawView : drawBlock :
     drawRectangleLine: no visible global function definition for
     ‘tkcreate’
    dynamicGraphMain : drawModel : redrawView : drawBlock :
     drawRectangleLine: no visible global function definition for
     ‘tkaddtag’
    dynamicGraphMain : drawModel : redrawView : drawBlock :
     drawRectangleLine: no visible global function definition for
     ‘tkitembind’
    dynamicGraphMain : drawModel : redrawView : drawBlock :
     drawRectangleLine : <anonymous>: no visible global function
     definition for ‘tkconfigure’
    dynamicGraphMain : drawModel : redrawView : drawBlock : drawCornerLine:
     no visible global function definition for ‘tkcreate’
    dynamicGraphMain : drawModel : redrawView : drawBlock : drawCornerLine:
     no visible global function definition for ‘tkaddtag’
    dynamicGraphMain : drawModel : redrawView : drawBlock : drawCornerLine:
     no visible global function definition for ‘tkitembind’
    dynamicGraphMain : drawModel : redrawView : drawBlock : drawCornerLine
     : <anonymous>: no visible global function definition for
     ‘tkconfigure’
    dynamicGraphMain : drawModel : redrawView : drawBlock: no visible
     global function definition for ‘tkcreate’
    dynamicGraphMain : drawModel : redrawView : drawBlock: no visible
     global function definition for ‘tkaddtag’
    dynamicGraphMain : drawModel : redrawView : addNodePopups: no visible
     global function definition for ‘tkadd’
    dynamicGraphMain : drawModel : redrawView : addNodePopups: no visible
     global function definition for ‘tkmenu’
    dynamicGraphMain : drawModel : redrawView : setBindNode : f: no visible
     global function definition for ‘tkitembind’
    dynamicGraphMain : drawModel : redrawView : setBindNode : f :
     <anonymous>: no visible global function definition for ‘tkconfigure’
    dynamicGraphMain : drawModel : redrawView : setBindNode : f: no visible
     global function definition for ‘tkaddtag’
    dynamicGraphMain : drawModel : redrawView : setBindNode :
     blockitembind: no visible global function definition for ‘tkitembind’
    dynamicGraphMain : drawModel : redrawView : setBindNode : blockitembind
     : <anonymous>: no visible global function definition for
     ‘tkconfigure’
    dynamicGraphMain : drawModel : redrawView : setBindNode :
     blockitembind: no visible global function definition for ‘tkaddtag’
    dynamicGraphMain : drawModel : redrawView : setBindNode: no visible
     global function definition for ‘tkmenu’
    dynamicGraphMain : drawModel : redrawView : subDrawVertex: no visible
     global function definition for ‘tkcreate’
    dynamicGraphMain : drawModel : redrawView : subDrawVertex: no visible
     global function definition for ‘tkaddtag’
    dynamicGraphMain : drawModel : redrawView : drawResult: no visible
     global function definition for ‘tktitle<-’
    dynamicGraphMain : drawModel : redrawView : updateNode: no visible
     global function definition for ‘tkdelete’
    dynamicGraphMain : drawModel : redrawView : updateNode: no visible
     global function definition for ‘tkcoords’
    dynamicGraphMain : drawModel : redrawView : updateNode: no visible
     global function definition for ‘tkmove’
    dynamicGraphMain : drawModel : redrawView : updateNode: no visible
     global function definition for ‘tkitemconfigure’
    dynamicGraphMain : drawModel : redrawView : subUpdateGraphWindow: no
     visible global function definition for ‘tkitemconfigure’
    dynamicGraphMain : drawModel : redrawView : tkdeleteRectangleCorner: no
     visible global function definition for ‘tkdelete’
    dynamicGraphMain : drawModel : redrawView : tkdeleteRectangle: no
     visible global function definition for ‘tkdelete’
    dynamicGraphMain : drawModel : redrawView : tkdeleteBar: no visible
     global function definition for ‘tkdelete’
    dynamicGraphMain : drawModel : redrawView : deleteBlock: no visible
     global function definition for ‘tkdelete’
    dynamicGraphMain : drawModel : redrawView : subSubDeleteEdge : delete:
     no visible global function definition for ‘tkdelete’
    dynamicGraphMain : drawModel : redrawView :
     subSubUndisplayFactorVertex: no visible global function definition
     for ‘tkdelete’
    dynamicGraphMain : drawModel : redrawView : subSubUndisplayVertex: no
     visible global function definition for ‘tkdelete’
    dynamicGraphMain : drawModel : redrawView : moveVerticesInBlock: no
     visible global function definition for ‘tkmove’
    dynamicGraphMain : drawModel : redrawView : subMoveVertex: no visible
     global function definition for ‘tkmove’
    dynamicGraphMain : drawModel : redrawView : subMoveVertex: no visible
     global function definition for ‘tkitemraise’
    dynamicGraphMain : drawModel : redrawView : subMoveVertex: no visible
     global function definition for ‘tkitemconfigure’
    dynamicGraphMain : drawModel : redrawView : moveVertexLabel :
     <anonymous>: no visible global function definition for ‘tkcoords’
    dynamicGraphMain : drawModel : redrawView : moveVertexLabel :
     <anonymous>: no visible global function definition for ‘tkmove’
    dynamicGraphMain : drawModel : redrawView : subDropVertex: no visible
     global function definition for ‘tkconfigure’
    dynamicGraphMain : drawModel : redrawView : subDropVertex: no visible
     global function definition for ‘tkfocus’
    dynamicGraphMain : drawModel : redrawView : subDropVertex: no visible
     global function definition for ‘tktitle<-’
    dynamicGraphMain : drawModel : redrawView : subDropVertex: no visible
     global function definition for ‘tkdelete’
    dynamicGraphMain : drawModel : redrawView : subDropVertex: no visible
     global function definition for ‘tkinsert’
    dynamicGraphMain : drawModel : redrawView : subDropVertex: no visible
     global function definition for ‘tkselection.clear’
    dynamicGraphMain : drawModel : redrawView : subDropVertex: no visible
     global function definition for ‘tkselection.set’
    dynamicGraphMain : drawModel : redrawView : moveEdge : <anonymous> :
     fun: no visible global function definition for ‘tkmove’
    dynamicGraphMain : drawModel : redrawView : moveEdgeLabel :
     <anonymous>: no visible global function definition for ‘tkmove’
    dynamicGraphMain : drawModel : redrawView : subSubAddEdge: no visible
     global function definition for ‘tktitle<-’
    dynamicGraphMain : drawModel : redrawView : subAddEdge: no visible
     global function definition for ‘tkconfigure’
    dynamicGraphMain : drawModel : redrawView : subAddEdge: no visible
     global function definition for ‘tkfocus’
    dynamicGraphMain : drawModel : redrawView : new.Block: no visible
     global function definition for ‘tkconfigure’
    dynamicGraphMain : drawModel : redrawView : subSubDropEdge: no visible
     global function definition for ‘tktitle<-’
    dynamicGraphMain : drawModel : redrawView : subDropEdge: no visible
     global function definition for ‘tkconfigure’
    dynamicGraphMain : drawModel : redrawView : subDropEdge: no visible
     global function definition for ‘tkfocus’
    dynamicGraphMain : drawModel : redrawView : propertyNode : <anonymous>
     : f: no visible global function definition for ‘tkmove’
    dynamicGraphMain : drawModel : redrawView : computeEdgeLabel :
     <anonymous>: no visible global function definition for ‘tkconfigure’
    dynamicGraphMain : drawModel : redrawView : computeEdgeLabel :
     <anonymous>: no visible global function definition for ‘tkfocus’
    dynamicGraphMain : drawModel : redrawView : subNewVertex: no visible
     global function definition for ‘tkinsert’
    dynamicGraphMain : drawModel : redrawView : subNewVertex: no visible
     global function definition for ‘tkselection.set’
    dynamicGraphMain : drawModel : redrawView : subAddVertex: no visible
     global function definition for ‘tkconfigure’
    dynamicGraphMain : drawModel : redrawView : subAddVertex: no visible
     global function definition for ‘tkfocus’
    dynamicGraphMain : drawModel : redrawView : subAddVertex: no visible
     global function definition for ‘tktitle<-’
    dynamicGraphMain : drawModel : redrawView : subAddVertex: no visible
     global function definition for ‘tkdelete’
    dynamicGraphMain : drawModel : redrawView : subAddVertex: no visible
     global function definition for ‘tkinsert’
    dynamicGraphMain : drawModel : redrawView : subAddVertex: no visible
     global function definition for ‘tkselection.set’
    dynamicGraphMain : drawModel : redrawView : newVertexXY : <anonymous>:
     no visible global function definition for ‘tkfocus’
    dynamicGraphMain : drawModel : redrawView : zoom: no visible global
     function definition for ‘tkitemscale’
    dynamicGraphMain : drawModel : redrawView : setMainMenu: no visible
     global function definition for ‘tkmenu’
    dynamicGraphMain : drawModel : redrawView : setMainMenu: no visible
     global function definition for ‘tkconfigure’
    dynamicGraphMain : drawModel : redrawView : setMainMenu: no visible
     global function definition for ‘tkadd’
    dynamicGraphMain : drawModel : redrawView : setMainMenu : <anonymous>:
     no visible global function definition for ‘tclvalue’
    dynamicGraphMain : drawModel : redrawView : setMainMenu : <anonymous>:
     no visible global function definition for ‘tkgetSaveFile’
    dynamicGraphMain : drawModel : redrawView : setMainMenu : <anonymous>:
     no visible global function definition for ‘tkmessageBox’
    dynamicGraphMain : drawModel : redrawView : setMainMenu : <anonymous>:
     no visible global function definition for ‘tkpostscript’
    dynamicGraphMain : drawModel : redrawView : setMainMenu :
     selectVariableDialog: no visible global function definition for
     ‘tkmessageBox’
    dynamicGraphMain : drawModel : redrawView : setMainMenu : <anonymous>:
     no visible global function definition for ‘tkconfigure’
    dynamicGraphMain : drawModel : redrawView : setMainMenu : <anonymous>:
     no visible global function definition for ‘tclVar’
    dynamicGraphMain : drawModel : redrawView : setMainMenu: no visible
     global function definition for ‘tclVar’
    dynamicGraphMain : drawModel : redrawView: no visible global function
     definition for ‘tkbind’
    modalDialog: no visible global function definition for ‘tktoplevel’
    modalDialog: no visible global function definition for ‘tkwm.deiconify’
    modalDialog: no visible global function definition for ‘tkgrab.set’
    modalDialog: no visible global function definition for ‘tkfocus’
    modalDialog: no visible global function definition for ‘tkwm.title’
    modalDialog: no visible global function definition for ‘tclVar’
    modalDialog: no visible global function definition for ‘tkentry’
    modalDialog: no visible global function definition for ‘tkgrid’
    modalDialog: no visible global function definition for ‘tklabel’
    modalDialog : onOK: no visible global function definition for
     ‘tclvalue’
    modalDialog : onOK: no visible global function definition for
     ‘tkgrab.release’
    modalDialog : onOK: no visible global function definition for
     ‘tkdestroy’
    modalDialog : onOK: no visible global function definition for ‘tkfocus’
    modalDialog : onCancel: no visible global function definition for
     ‘tkgrab.release’
    modalDialog : onCancel: no visible global function definition for
     ‘tkdestroy’
    modalDialog : onCancel: no visible global function definition for
     ‘tkfocus’
    modalDialog: no visible global function definition for ‘tkbutton’
    modalDialog: no visible global function definition for ‘tkbind’
    modalDialog : <anonymous>: no visible global function definition for
     ‘tkgrab.release’
    modalDialog : <anonymous>: no visible global function definition for
     ‘tkfocus’
    modalDialog: no visible global function definition for ‘tkwait.window’
    selectDialog : subSelectDialog: no visible global function definition
     for ‘tkwm.title’
    selectDialog : subSelectDialog: no visible global function definition
     for ‘tkscrollbar’
    selectDialog : subSelectDialog : <anonymous>: no visible global
     function definition for ‘tkyview’
    selectDialog : subSelectDialog: no visible global function definition
     for ‘tklistbox’
    selectDialog : subSelectDialog : <anonymous>: no visible global
     function definition for ‘tkset’
    selectDialog : subSelectDialog: no visible global function definition
     for ‘tkgrid’
    selectDialog : subSelectDialog: no visible global function definition
     for ‘tklabel’
    selectDialog : subSelectDialog: no visible global function definition
     for ‘tkgrid.configure’
    selectDialog : subSelectDialog: no visible global function definition
     for ‘tkinsert’
    selectDialog : subSelectDialog: no visible global function definition
     for ‘tkselection.set’
    selectDialog: no visible global function definition for ‘tktoplevel’
    selectDialog: no visible global function definition for
     ‘tkwm.deiconify’
    selectDialog: no visible global function definition for ‘tkgrab.set’
    selectDialog: no visible global function definition for ‘tkfocus’
    selectDialog : OnOK: no visible global function definition for
     ‘tkcurselection’
    selectDialog : OnOK: no visible global function definition for
     ‘tkgrab.release’
    selectDialog : OnOK: no visible global function definition for
     ‘tkdestroy’
    selectDialog : OnOK: no visible global function definition for
     ‘tkfocus’
    selectDialog: no visible global function definition for ‘tkbutton’
    selectDialog: no visible global function definition for ‘tkgrid’
    selectDialog: no visible global function definition for ‘tkwait.window’
    addToPopups,dg.Node: no visible global function definition for ‘tkadd’
Flavor: r-release-osx-x86_64-mavericks