CRAN Package Check Results for Package dynamicTreeCut

Last updated on 2016-02-14 08:47:27.

Flavor Version Tinstall Tcheck Ttotal Status Flags
r-devel-linux-x86_64-debian-gcc 1.62 0.57 10.93 11.49 NOTE
r-devel-linux-x86_64-fedora-clang 1.62 19.99 NOTE
r-devel-linux-x86_64-fedora-gcc 1.62 18.34 NOTE
r-devel-osx-x86_64-clang 1.62 24.71 NOTE
r-devel-windows-ix86+x86_64 1.62 5.00 23.00 28.00 NOTE
r-patched-linux-x86_64 1.62 0.68 11.49 12.17 NOTE
r-patched-solaris-sparc 1.62 129.20 NOTE
r-patched-solaris-x86 1.62 28.80 NOTE
r-release-linux-x86_64 1.62 0.63 11.40 12.03 NOTE
r-release-osx-x86_64-mavericks 1.62 NOTE
r-release-windows-ix86+x86_64 1.62 2.00 21.00 23.00 NOTE
r-oldrel-windows-ix86+x86_64 1.62 4.00 22.00 26.00 OK

Check Details

Version: 1.62
Check: DESCRIPTION meta-information
Result: NOTE
    Malformed Title field: should not end in a period.
Flavors: r-devel-linux-x86_64-debian-gcc, r-devel-linux-x86_64-fedora-clang, r-devel-linux-x86_64-fedora-gcc, r-devel-osx-x86_64-clang, r-devel-windows-ix86+x86_64, r-patched-linux-x86_64, r-patched-solaris-sparc, r-patched-solaris-x86, r-release-linux-x86_64, r-release-osx-x86_64-mavericks, r-release-windows-ix86+x86_64

Version: 1.62
Check: R code for possible problems
Result: NOTE
    .cutTreeStatic: no visible global function definition for ‘cutree’
    .updateProgInd: no visible global function definition for
     ‘flush.console’
    printFlush: no visible global function definition for ‘flush.console’
    Undefined global functions or variables:
     cutree flush.console
    Consider adding
     importFrom("stats", "cutree")
     importFrom("utils", "flush.console")
    to your NAMESPACE file.
Flavors: r-devel-linux-x86_64-debian-gcc, r-devel-linux-x86_64-fedora-clang, r-devel-linux-x86_64-fedora-gcc, r-devel-osx-x86_64-clang, r-devel-windows-ix86+x86_64