CRAN Package Check Results for Package dynamicTreeCut

Last updated on 2015-08-28 12:47:50.

Flavor Version Tinstall Tcheck Ttotal Status Flags
r-devel-linux-x86_64-debian-clang 1.62 0.55 10.90 11.45 NOTE
r-devel-linux-x86_64-debian-gcc 1.62 0.63 10.84 11.47 NOTE
r-devel-linux-x86_64-fedora-clang 1.62 21.50 NOTE
r-devel-linux-x86_64-fedora-gcc 1.62 20.04 NOTE
r-devel-osx-x86_64-clang 1.62 22.08 NOTE
r-devel-windows-ix86+x86_64 1.62 4.00 32.00 36.00 NOTE
r-patched-linux-x86_64 1.62 0.57 11.45 12.02 NOTE
r-patched-solaris-sparc 1.62 146.60 NOTE
r-patched-solaris-x86 1.62 32.30 NOTE
r-release-linux-x86_64 1.62 0.56 11.52 12.08 NOTE
r-release-osx-x86_64-mavericks 1.62 NOTE
r-release-windows-ix86+x86_64 1.62 3.00 22.00 25.00 NOTE
r-oldrel-windows-ix86+x86_64 1.62 4.00 22.00 26.00 OK

Check Details

Version: 1.62
Check: DESCRIPTION meta-information
Result: NOTE
    Malformed Title field: should not end in a period.
Flavors: r-devel-linux-x86_64-debian-clang, r-devel-linux-x86_64-debian-gcc, r-devel-linux-x86_64-fedora-clang, r-devel-linux-x86_64-fedora-gcc, r-devel-osx-x86_64-clang, r-devel-windows-ix86+x86_64, r-patched-linux-x86_64, r-patched-solaris-sparc, r-patched-solaris-x86, r-release-linux-x86_64, r-release-osx-x86_64-mavericks, r-release-windows-ix86+x86_64

Version: 1.62
Check: R code for possible problems
Result: NOTE
    .cutTreeStatic: no visible global function definition for ‘cutree’
    .updateProgInd: no visible global function definition for
     ‘flush.console’
    printFlush: no visible global function definition for ‘flush.console’
    Undefined global functions or variables:
     cutree flush.console
    Consider adding
     importFrom("stats", "cutree")
     importFrom("utils", "flush.console")
    to your NAMESPACE.
Flavors: r-devel-linux-x86_64-debian-clang, r-devel-linux-x86_64-debian-gcc, r-devel-linux-x86_64-fedora-clang, r-devel-linux-x86_64-fedora-gcc, r-devel-windows-ix86+x86_64