CRAN Package Check Results for Package dynamicTreeCut

Last updated on 2015-03-04 03:46:45.

Flavor Version Tinstall Tcheck Ttotal Status Flags
r-devel-linux-x86_64-debian-clang 1.62 0.61 11.83 12.44 NOTE
r-devel-linux-x86_64-debian-gcc 1.62 0.56 11.48 12.04 NOTE
r-devel-linux-x86_64-fedora-clang 1.62 23.37 NOTE
r-devel-linux-x86_64-fedora-gcc 1.62 20.80 NOTE
r-devel-osx-x86_64-clang 1.62 26.32 NOTE
r-devel-windows-ix86+x86_64 1.62 3.00 21.00 24.00 NOTE
r-patched-linux-x86_64 1.62 0.62 12.26 12.88 OK
r-patched-solaris-sparc 1.62 158.20 OK
r-patched-solaris-x86 1.62 35.60 OK
r-release-linux-ix86 1.62 0.94 18.40 19.35 OK
r-release-linux-x86_64 1.62 0.58 12.78 13.36 OK
r-release-osx-x86_64-mavericks 1.62 OK
r-release-osx-x86_64-snowleopard 1.62 OK
r-release-windows-ix86+x86_64 1.62 2.00 20.00 22.00 OK
r-oldrel-windows-ix86+x86_64 1.62 2.00 21.00 23.00 OK

Check Details

Version: 1.62
Check: DESCRIPTION meta-information
Result: NOTE
    Malformed Title field: should not end in a period.
Flavors: r-devel-linux-x86_64-debian-clang, r-devel-linux-x86_64-debian-gcc, r-devel-linux-x86_64-fedora-clang, r-devel-linux-x86_64-fedora-gcc, r-devel-osx-x86_64-clang, r-devel-windows-ix86+x86_64