CRAN Package Check Results for Package dynamicTreeCut

Last updated on 2015-07-07 06:46:30.

Flavor Version Tinstall Tcheck Ttotal Status Flags
r-devel-linux-x86_64-debian-clang 1.62 0.58 10.88 11.46 NOTE
r-devel-linux-x86_64-debian-gcc 1.62 0.53 11.26 11.79 NOTE
r-devel-linux-x86_64-fedora-clang 1.62 21.21 NOTE
r-devel-linux-x86_64-fedora-gcc 1.62 19.91 NOTE
r-devel-osx-x86_64-clang 1.62 21.95 NOTE
r-devel-windows-ix86+x86_64 1.62 3.00 19.00 22.00 NOTE
r-patched-linux-x86_64 1.62 0.58 11.29 11.86 NOTE
r-patched-solaris-sparc 1.62 142.60 NOTE
r-patched-solaris-x86 1.62 31.40 NOTE
r-release-linux-x86_64 1.62 0.59 11.42 12.01 NOTE
r-release-osx-x86_64-mavericks 1.62 NOTE
r-release-windows-ix86+x86_64 1.62 2.00 21.00 23.00 NOTE
r-oldrel-windows-ix86+x86_64 1.62 4.00 22.00 26.00 OK

Check Details

Version: 1.62
Check: DESCRIPTION meta-information
Result: NOTE
    Malformed Title field: should not end in a period.
Flavors: r-devel-linux-x86_64-debian-clang, r-devel-linux-x86_64-debian-gcc, r-devel-linux-x86_64-fedora-clang, r-devel-linux-x86_64-fedora-gcc, r-devel-osx-x86_64-clang, r-devel-windows-ix86+x86_64, r-patched-linux-x86_64, r-patched-solaris-sparc, r-patched-solaris-x86, r-release-linux-x86_64, r-release-osx-x86_64-mavericks, r-release-windows-ix86+x86_64

Version: 1.62
Check: R code for possible problems
Result: NOTE
    .cutTreeStatic: no visible global function definition for ‘cutree’
    .updateProgInd: no visible global function definition for
     ‘flush.console’
    printFlush: no visible global function definition for ‘flush.console’
    Undefined global functions or variables:
     cutree flush.console
Flavors: r-devel-linux-x86_64-debian-clang, r-devel-linux-x86_64-debian-gcc, r-devel-linux-x86_64-fedora-clang, r-devel-linux-x86_64-fedora-gcc, r-devel-windows-ix86+x86_64