CRAN Package Check Results for Package dynamicTreeCut

Last updated on 2015-05-22 12:46:24.

Flavor Version Tinstall Tcheck Ttotal Status Flags
r-devel-linux-x86_64-debian-clang 1.62 0.98 12.00 12.98 NOTE
r-devel-linux-x86_64-debian-gcc 1.62 0.56 11.36 11.92 NOTE
r-devel-linux-x86_64-fedora-gcc 1.62 21.52 NOTE
r-devel-osx-x86_64-clang 1.62 27.15 NOTE
r-devel-windows-ix86+x86_64 1.62 3.00 19.00 22.00 NOTE
r-patched-linux-x86_64 1.62 0.56 11.60 12.16 NOTE
r-patched-solaris-sparc 1.62 159.50 NOTE
r-patched-solaris-x86 1.62 31.70 NOTE
r-release-linux-x86_64 1.62 0.57 11.56 12.13 NOTE
r-release-osx-x86_64-mavericks 1.62 NOTE
r-release-osx-x86_64-snowleopard 1.62 NOTE
r-release-windows-ix86+x86_64 1.62 1.00 22.00 23.00 NOTE
r-oldrel-windows-ix86+x86_64 1.62 4.00 22.00 26.00 OK

Check Details

Version: 1.62
Check: DESCRIPTION meta-information
Result: NOTE
    Malformed Title field: should not end in a period.
Flavors: r-devel-linux-x86_64-debian-clang, r-devel-linux-x86_64-debian-gcc, r-devel-linux-x86_64-fedora-gcc, r-devel-osx-x86_64-clang, r-devel-windows-ix86+x86_64, r-patched-linux-x86_64, r-patched-solaris-sparc, r-patched-solaris-x86, r-release-linux-x86_64, r-release-osx-x86_64-mavericks, r-release-osx-x86_64-snowleopard, r-release-windows-ix86+x86_64