CRAN Package Check Results for Package dynamicTreeCut

Last updated on 2015-04-28 06:46:32.

Flavor Version Tinstall Tcheck Ttotal Status Flags
r-devel-linux-x86_64-debian-clang 1.62 0.57 11.67 12.24 NOTE
r-devel-linux-x86_64-debian-gcc 1.62 0.58 11.46 12.04 NOTE
r-devel-linux-x86_64-fedora-clang 1.62 22.80 NOTE
r-devel-linux-x86_64-fedora-gcc 1.62 20.61 NOTE
r-devel-osx-x86_64-clang 1.62 25.66 NOTE
r-devel-windows-ix86+x86_64 1.62 3.00 20.00 23.00 NOTE
r-patched-linux-x86_64 1.62 0.60 11.57 12.17 NOTE
r-patched-solaris-sparc 1.62 159.50 NOTE
r-patched-solaris-x86 1.62 32.00 NOTE
r-release-linux-x86_64 1.62 0.59 11.52 12.11 NOTE
r-release-osx-x86_64-mavericks 1.62 NOTE
r-release-osx-x86_64-snowleopard 1.62 NOTE
r-release-windows-ix86+x86_64 1.62 1.00 22.00 23.00 NOTE
r-oldrel-windows-ix86+x86_64 1.62 4.00 22.00 26.00 OK

Check Details

Version: 1.62
Check: DESCRIPTION meta-information
Result: NOTE
    Malformed Title field: should not end in a period.
Flavors: r-devel-linux-x86_64-debian-clang, r-devel-linux-x86_64-debian-gcc, r-devel-linux-x86_64-fedora-clang, r-devel-linux-x86_64-fedora-gcc, r-devel-osx-x86_64-clang, r-devel-windows-ix86+x86_64, r-patched-solaris-sparc, r-patched-solaris-x86, r-release-linux-x86_64, r-release-osx-x86_64-mavericks, r-release-osx-x86_64-snowleopard, r-release-windows-ix86+x86_64