CRAN Package Check Results for Package dyndimred

Last updated on 2019-08-22 00:51:11 CEST.

Flavor Version Tinstall Tcheck Ttotal Status Flags
r-devel-linux-x86_64-debian-clang 1.0.2 8.23 136.07 144.30 OK
r-devel-linux-x86_64-debian-gcc 1.0.2 7.43 107.56 114.99 OK
r-devel-linux-x86_64-fedora-clang 1.0.2 177.14 OK
r-devel-linux-x86_64-fedora-gcc 1.0.2 166.12 OK
r-devel-windows-ix86+x86_64 1.0.2 25.00 188.00 213.00 OK
r-patched-linux-x86_64 1.0.2 7.85 129.82 137.67 OK
r-patched-solaris-x86 1.0.2 247.50 OK
r-release-linux-x86_64 1.0.2 7.67 131.13 138.80 OK
r-release-windows-ix86+x86_64 1.0.2 27.00 197.00 224.00 OK
r-release-osx-x86_64 1.0.2 ERROR
r-oldrel-windows-ix86+x86_64 1.0.2 16.00 180.00 196.00 OK
r-oldrel-osx-x86_64 1.0.2 OK

Check Details

Version: 1.0.2
Check: package dependencies
Result: NOTE
    Package suggested but not available for checking: ‘destiny’
Flavor: r-release-osx-x86_64

Version: 1.0.2
Check: tests
Result: ERROR
     Running ‘testthat.R’ [49s/51s]
    Running the tests in ‘tests/testthat.R’ failed.
    Last 13 lines of output:
     8: getExportedValue(pkg, name)
     9: asNamespace(ns)
     10: getNamespace(ns)
     11: loadNamespace(name)
     12: withRestarts(stop(cond), retry_loadNamespace = function() NULL)
     13: withOneRestart(expr, restarts[[1L]])
     14: doWithOneRestart(return(expr), restart)
    
     ══ testthat results ═══════════════════════════════════════════════════════════
     [ OK: 191 | SKIPPED: 0 | WARNINGS: 3 | FAILED: 2 ]
     1. Error: Perform dimred dm_destiny (@test-dimred.R#13)
     2. Error: Perform dimred dm_destiny (@test-sparse_matrices.R#12)
    
     Error: testthat unit tests failed
     Execution halted
Flavor: r-release-osx-x86_64