CRAN Package Check Results for Package dynetNLAResistance

Last updated on 2019-07-21 14:46:39 CEST.

Flavor Version Tinstall Tcheck Ttotal Status Flags
r-devel-linux-x86_64-debian-clang 0.1.0 2.77 26.35 29.12 OK
r-devel-linux-x86_64-debian-gcc 0.1.0 2.55 22.15 24.70 OK
r-devel-linux-x86_64-fedora-clang 0.1.0 36.04 NOTE
r-devel-linux-x86_64-fedora-gcc 0.1.0 38.39 NOTE
r-devel-windows-ix86+x86_64 0.1.0 6.00 66.00 72.00 OK
r-patched-linux-x86_64 0.1.0 2.98 26.39 29.37 OK
r-patched-solaris-x86 0.1.0 69.10 NOTE
r-release-linux-x86_64 0.1.0 2.94 26.42 29.36 OK
r-release-windows-ix86+x86_64 0.1.0 6.00 38.00 44.00 OK
r-release-osx-x86_64 0.1.0 NOTE
r-oldrel-windows-ix86+x86_64 0.1.0 5.00 37.00 42.00 OK
r-oldrel-osx-x86_64 0.1.0 NOTE

Check Details

Version: 0.1.0
Check: dependencies in R code
Result: NOTE
    Namespace in Imports field not imported from: ‘graphics’
     All declared Imports should be used.
Flavors: r-devel-linux-x86_64-fedora-clang, r-devel-linux-x86_64-fedora-gcc, r-patched-solaris-x86, r-release-osx-x86_64, r-oldrel-osx-x86_64