CRAN Package Check Results for Package dynfeature

Last updated on 2022-01-28 23:00:33 CET.

Flavor Version Tinstall Tcheck Ttotal Status Flags
r-devel-linux-x86_64-debian-clang 1.0.0 12.39 335.90 348.29 OK
r-devel-linux-x86_64-debian-gcc 1.0.0 8.57 230.60 239.17 OK
r-devel-linux-x86_64-fedora-clang 1.0.0 362.55 NOTE
r-devel-linux-x86_64-fedora-gcc 1.0.0 384.15 NOTE
r-devel-windows-x86_64-new-UL 1.0.0 35.00 318.00 353.00 OK
r-devel-windows-x86_64-new-TK 1.0.0 NOTE
r-patched-linux-x86_64 1.0.0 10.27 276.49 286.76 OK
r-release-linux-x86_64 1.0.0 6.82 275.40 282.22 OK
r-release-macos-arm64 1.0.0 NOTE
r-release-macos-x86_64 1.0.0 NOTE
r-release-windows-ix86+x86_64 1.0.0 29.00 351.00 380.00 OK
r-oldrel-macos-x86_64 1.0.0 NOTE
r-oldrel-windows-ix86+x86_64 1.0.0 27.00 350.00 377.00 OK

Check Details

Version: 1.0.0
Check: dependencies in R code
Result: NOTE
    Namespace in Imports field not imported from: ‘magrittr’
     All declared Imports should be used.
Flavors: r-devel-linux-x86_64-fedora-clang, r-devel-linux-x86_64-fedora-gcc, r-devel-windows-x86_64-new-TK, r-release-macos-arm64, r-release-macos-x86_64, r-oldrel-macos-x86_64