CRAN Package Check Results for Package dynfrail

Last updated on 2020-05-29 05:50:45 CEST.

Flavor Version Tinstall Tcheck Ttotal Status Flags
r-devel-linux-x86_64-debian-clang 0.5.2 38.64 218.82 257.46 NOTE
r-devel-linux-x86_64-debian-gcc 0.5.2 30.46 161.20 191.66 NOTE
r-devel-linux-x86_64-fedora-clang 0.5.2 335.80 NOTE
r-devel-linux-x86_64-fedora-gcc 0.5.2 320.54 NOTE
r-devel-windows-ix86+x86_64 0.5.2 103.00 409.00 512.00 NOTE
r-patched-linux-x86_64 0.5.2 30.51 210.42 240.93 NOTE
r-patched-solaris-x86 0.5.2 521.40 OK
r-release-linux-x86_64 0.5.2 32.38 211.36 243.74 NOTE
r-release-osx-x86_64 0.5.2 OK
r-release-windows-ix86+x86_64 0.5.2 83.00 403.00 486.00 NOTE
r-oldrel-osx-x86_64 0.5.2 OK
r-oldrel-windows-ix86+x86_64 0.5.2 73.00 325.00 398.00 OK

Check Details

Version: 0.5.2
Check: use of SHLIB_OPENMP_*FLAGS in Makefiles
Result: NOTE
     src/Makevars: SHLIB_OPENMP_CXXFLAGS is included in PKG_CXXFLAGS but not in PKG_LIBS
     src/Makevars: SHLIB_OPENMP_CFLAGS is included in PKG_LIBS but linking is by C++
     src/Makevars.win: SHLIB_OPENMP_CXXFLAGS is included in PKG_CXXFLAGS but not in PKG_LIBS
     src/Makevars.win: SHLIB_OPENMP_CFLAGS is included in PKG_LIBS but linking is by C++
    Use of these macros is discussed in sect 1.2.1.1 of 'Writing R
    Extensions'. The macros for different languages may differ so the
    matching macro must be used in PKG_CXXFLAGS (etc) and match that used
    in PKG_LIBS (except for Fortran: see the manual).
Flavors: r-devel-linux-x86_64-debian-clang, r-devel-linux-x86_64-debian-gcc, r-devel-linux-x86_64-fedora-clang, r-devel-linux-x86_64-fedora-gcc, r-patched-linux-x86_64, r-release-linux-x86_64

Version: 0.5.2
Check: package vignettes
Result: NOTE
    Package vignette with placeholder title 'Vignette Title':
     'vignette.Rmd'
Flavors: r-devel-linux-x86_64-debian-clang, r-devel-linux-x86_64-debian-gcc, r-devel-windows-ix86+x86_64, r-patched-linux-x86_64, r-release-linux-x86_64, r-release-windows-ix86+x86_64