CRAN Package Check Results for Package dynlm

Last updated on 2015-05-25 11:48:20.

Flavor Version Tinstall Tcheck Ttotal Status Flags
r-devel-linux-x86_64-debian-clang 0.3-3 3.81 39.98 43.79 OK
r-devel-linux-x86_64-debian-gcc 0.3-3 3.48 38.66 42.14 OK
r-devel-linux-x86_64-fedora-clang 0.3-3 90.14 OK
r-devel-linux-x86_64-fedora-gcc 0.3-3 85.10 OK
r-devel-osx-x86_64-clang 0.3-3 76.79 OK
r-devel-windows-ix86+x86_64 0.3-3 13.00 64.00 77.00 OK
r-patched-linux-x86_64 0.3-3 4.06 38.06 42.12 OK
r-patched-solaris-sparc 0.3-3 539.60 OK
r-patched-solaris-x86 0.3-3 122.50 OK
r-release-linux-x86_64 0.3-3 4.24 40.43 44.68 OK
r-release-osx-x86_64-mavericks 0.3-3 OK
r-release-osx-x86_64-snowleopard 0.3-3 ERROR
r-release-windows-ix86+x86_64 0.3-3 11.00 56.00 67.00 OK
r-oldrel-windows-ix86+x86_64 0.3-3 18.00 86.00 104.00 OK

Check Details

Version: 0.3-3
Check: package dependencies
Result: ERROR
    Packages required but not available: ‘zoo’ ‘car’ ‘lmtest’
    
    Packages suggested but not available for checking:
     ‘sandwich’ ‘strucchange’ ‘TSA’
    
    See section ‘The DESCRIPTION file’ in the ‘Writing R Extensions’
    manual.
Flavor: r-release-osx-x86_64-snowleopard