CRAN Package Check Results for Package dynlm

Last updated on 2016-07-28 17:48:14.

Flavor Version Tinstall Tcheck Ttotal Status Flags
r-devel-linux-x86_64-debian-clang 0.3-3 4.22 46.12 50.33 NOTE
r-devel-linux-x86_64-debian-gcc 0.3-3 4.47 45.53 50.00 NOTE
r-devel-linux-x86_64-fedora-clang 0.3-3 87.64 NOTE
r-devel-linux-x86_64-fedora-gcc 0.3-3 82.77 NOTE
r-devel-osx-x86_64-clang 0.3-3 70.06 NOTE
r-devel-windows-ix86+x86_64 0.3-3 15.00 94.00 109.00 NOTE
r-patched-linux-x86_64 0.3-3 4.06 45.17 49.23 NOTE
r-patched-solaris-sparc 0.3-3 495.60 NOTE
r-patched-solaris-x86 0.3-3 112.20 NOTE
r-release-linux-x86_64 0.3-3 4.36 43.87 48.23 NOTE
r-release-osx-x86_64-mavericks 0.3-3 NOTE
r-release-windows-ix86+x86_64 0.3-3 12.00 88.00 100.00 NOTE
r-oldrel-windows-ix86+x86_64 0.3-3 15.00 108.00 123.00 OK

Check Details

Version: 0.3-3
Check: R code for possible problems
Result: NOTE
    dynlm: no visible global function definition for ‘head’
    Undefined global functions or variables:
     head
    Consider adding
     importFrom("utils", "head")
    to your NAMESPACE file.
Flavors: r-devel-linux-x86_64-debian-clang, r-devel-linux-x86_64-debian-gcc, r-devel-linux-x86_64-fedora-clang, r-devel-linux-x86_64-fedora-gcc, r-devel-osx-x86_64-clang, r-devel-windows-ix86+x86_64, r-patched-linux-x86_64, r-patched-solaris-sparc, r-patched-solaris-x86, r-release-linux-x86_64, r-release-osx-x86_64-mavericks, r-release-windows-ix86+x86_64