CRAN Package Check Results for Package dynlm

Last updated on 2016-02-06 09:47:53.

Flavor Version Tinstall Tcheck Ttotal Status Flags
r-devel-linux-x86_64-debian-gcc 0.3-3 3.96 38.10 42.06 NOTE
r-devel-linux-x86_64-fedora-clang 0.3-3 84.62 NOTE
r-devel-linux-x86_64-fedora-gcc 0.3-3 82.51 NOTE
r-devel-osx-x86_64-clang 0.3-3 91.50 NOTE
r-devel-windows-ix86+x86_64 0.3-3 14.00 74.00 88.00 NOTE
r-patched-linux-x86_64 0.3-3 4.02 42.53 46.54 OK
r-patched-solaris-sparc 0.3-3 544.70 OK
r-patched-solaris-x86 0.3-3 121.60 OK
r-release-linux-x86_64 0.3-3 4.06 41.99 46.05 OK
r-release-osx-x86_64-mavericks 0.3-3 OK
r-release-windows-ix86+x86_64 0.3-3 14.00 76.00 90.00 OK
r-oldrel-windows-ix86+x86_64 0.3-3 25.00 123.00 148.00 OK

Check Details

Version: 0.3-3
Check: R code for possible problems
Result: NOTE
    dynlm: no visible global function definition for ‘head’
    Undefined global functions or variables:
     head
    Consider adding
     importFrom("utils", "head")
    to your NAMESPACE.
Flavors: r-devel-linux-x86_64-debian-gcc, r-devel-linux-x86_64-fedora-clang, r-devel-linux-x86_64-fedora-gcc, r-devel-windows-ix86+x86_64

Version: 0.3-3
Check: R code for possible problems
Result: NOTE
    dynlm: no visible global function definition for ‘head’
    Undefined global functions or variables:
     head
    Consider adding
     importFrom("utils", "head")
    to your NAMESPACE file.
Flavor: r-devel-osx-x86_64-clang