CRAN Package Check Results for Package dynlm

Last updated on 2015-07-01 16:47:19.

Flavor Version Tinstall Tcheck Ttotal Status Flags
r-devel-linux-x86_64-debian-clang 0.3-3 3.55 39.59 43.14 NOTE
r-devel-linux-x86_64-debian-gcc 0.3-3 3.50 38.04 41.54 NOTE
r-devel-linux-x86_64-fedora-clang 0.3-3 88.95 NOTE
r-devel-linux-x86_64-fedora-gcc 0.3-3 84.75 NOTE
r-devel-osx-x86_64-clang 0.3-3 81.35 OK
r-devel-windows-ix86+x86_64 0.3-3 10.00 60.00 70.00 NOTE
r-patched-linux-x86_64 0.3-3 4.03 38.86 42.89 OK
r-patched-solaris-sparc 0.3-3 539.60 OK
r-patched-solaris-x86 0.3-3 124.00 OK
r-release-linux-x86_64 0.3-3 3.50 39.30 42.80 OK
r-release-osx-x86_64-mavericks 0.3-3 OK
r-release-windows-ix86+x86_64 0.3-3 11.00 59.00 70.00 OK
r-oldrel-windows-ix86+x86_64 0.3-3 17.00 88.00 105.00 OK

Check Details

Version: 0.3-3
Check: R code for possible problems
Result: NOTE
    dynlm: no visible global function definition for ‘head’
Flavors: r-devel-linux-x86_64-debian-clang, r-devel-linux-x86_64-debian-gcc, r-devel-linux-x86_64-fedora-clang, r-devel-linux-x86_64-fedora-gcc, r-devel-windows-ix86+x86_64