CRAN Package Check Results for Package dynlm

Last updated on 2016-05-24 19:47:53.

Flavor Version Tinstall Tcheck Ttotal Status Flags
r-devel-linux-x86_64-debian-gcc 0.3-3 3.76 39.19 42.96 NOTE
r-devel-linux-x86_64-fedora-clang 0.3-3 96.80 NOTE
r-devel-linux-x86_64-fedora-gcc 0.3-3 81.10 NOTE
r-devel-osx-x86_64-clang 0.3-3 91.13 NOTE
r-devel-windows-ix86+x86_64 0.3-3 8.00 73.00 81.00 NOTE
r-patched-linux-x86_64 0.3-3 3.56 39.57 43.13 NOTE
r-patched-solaris-sparc 0.3-3 500.10 NOTE
r-patched-solaris-x86 0.3-3 114.20 NOTE
r-release-linux-x86_64 0.3-3 3.78 38.67 42.45 NOTE
r-release-osx-x86_64-mavericks 0.3-3 NOTE
r-release-windows-ix86+x86_64 0.3-3 8.00 73.00 81.00 NOTE
r-oldrel-windows-ix86+x86_64 0.3-3 16.00 67.00 83.00 OK

Check Details

Version: 0.3-3
Check: R code for possible problems
Result: NOTE
    dynlm: no visible global function definition for ‘head’
    Undefined global functions or variables:
     head
    Consider adding
     importFrom("utils", "head")
    to your NAMESPACE file.
Flavors: r-devel-linux-x86_64-debian-gcc, r-devel-linux-x86_64-fedora-clang, r-devel-linux-x86_64-fedora-gcc, r-devel-osx-x86_64-clang, r-devel-windows-ix86+x86_64, r-patched-linux-x86_64, r-patched-solaris-sparc, r-patched-solaris-x86, r-release-linux-x86_64, r-release-osx-x86_64-mavericks, r-release-windows-ix86+x86_64