CRAN Package Check Results for Package dynlm

Last updated on 2015-08-04 08:47:44.

Flavor Version Tinstall Tcheck Ttotal Status Flags
r-devel-linux-x86_64-debian-clang 0.3-3 3.98 41.62 45.60 NOTE
r-devel-linux-x86_64-debian-gcc 0.3-3 3.73 38.40 42.13 NOTE
r-devel-linux-x86_64-fedora-clang 0.3-3 90.67 NOTE
r-devel-linux-x86_64-fedora-gcc 0.3-3 87.11 NOTE
r-devel-osx-x86_64-clang 0.3-3 74.83 OK
r-devel-windows-ix86+x86_64 0.3-3 15.00 66.00 81.00 NOTE
r-patched-linux-x86_64 0.3-3 3.76 38.94 42.70 OK
r-patched-solaris-sparc 0.3-3 546.80 OK
r-patched-solaris-x86 0.3-3 124.50 OK
r-release-linux-x86_64 0.3-3 3.78 40.00 43.78 OK
r-release-osx-x86_64-mavericks 0.3-3 OK
r-release-windows-ix86+x86_64 0.3-3 13.00 65.00 78.00 OK
r-oldrel-windows-ix86+x86_64 0.3-3 17.00 97.00 114.00 OK

Check Details

Version: 0.3-3
Check: R code for possible problems
Result: NOTE
    dynlm: no visible global function definition for ‘head’
    Undefined global functions or variables:
     head
    Consider adding
     importFrom("utils", "head")
    to your NAMESPACE.
Flavors: r-devel-linux-x86_64-debian-clang, r-devel-linux-x86_64-debian-gcc, r-devel-linux-x86_64-fedora-clang, r-devel-linux-x86_64-fedora-gcc, r-devel-windows-ix86+x86_64