CRAN Package Check Results for Package dynlm

Last updated on 2016-06-29 22:47:21.

Flavor Version Tinstall Tcheck Ttotal Status Flags
r-devel-linux-x86_64-debian-gcc 0.3-3 4.48 39.37 43.84 NOTE
r-devel-linux-x86_64-fedora-clang 0.3-3 85.10 NOTE
r-devel-linux-x86_64-fedora-gcc 0.3-3 81.92 NOTE
r-devel-osx-x86_64-clang 0.3-3 66.80 NOTE
r-devel-windows-ix86+x86_64 0.3-3 10.00 97.00 107.00 NOTE
r-patched-linux-x86_64 0.3-3 4.01 40.07 44.08 NOTE
r-patched-solaris-sparc 0.3-3 495.60 NOTE
r-patched-solaris-x86 0.3-3 113.40 NOTE
r-release-linux-x86_64 0.3-3 3.98 39.08 43.07 NOTE
r-release-osx-x86_64-mavericks 0.3-3 NOTE
r-release-windows-ix86+x86_64 0.3-3 14.00 96.00 110.00 NOTE
r-oldrel-windows-ix86+x86_64 0.3-3 14.00 67.00 81.00 OK

Check Details

Version: 0.3-3
Check: R code for possible problems
Result: NOTE
    dynlm: no visible global function definition for ‘head’
    Undefined global functions or variables:
     head
    Consider adding
     importFrom("utils", "head")
    to your NAMESPACE file.
Flavors: r-devel-linux-x86_64-debian-gcc, r-devel-linux-x86_64-fedora-clang, r-devel-linux-x86_64-fedora-gcc, r-devel-osx-x86_64-clang, r-devel-windows-ix86+x86_64, r-patched-linux-x86_64, r-patched-solaris-sparc, r-patched-solaris-x86, r-release-linux-x86_64, r-release-osx-x86_64-mavericks, r-release-windows-ix86+x86_64