CRAN Package Check Results for Package dynpred

Last updated on 2014-04-23 20:47:11.

Flavor Version Tinstall Tcheck Ttotal Status Flags
r-devel-linux-x86_64-debian-clang 0.1.1 1.22 45.03 46.26 NOTE
r-devel-linux-x86_64-debian-gcc 0.1.1 1.25 45.15 46.40 NOTE
r-devel-linux-x86_64-fedora-clang 0.1.1 93.86 NOTE
r-devel-linux-x86_64-fedora-gcc 0.1.1 90.90 NOTE
r-devel-osx-x86_64-clang 0.1.1 70.91 NOTE
r-devel-osx-x86_64-gcc 0.1.1 NOTE
r-devel-windows-ix86+x86_64 0.1.1 6.00 116.00 122.00 NOTE
r-patched-linux-x86_64 0.1.1 1.22 45.56 46.78 NOTE
r-patched-solaris-sparc 0.1.1 505.20 NOTE
r-patched-solaris-x86 0.1.1 107.30 NOTE
r-release-linux-ix86 0.1.1 2.00 70.00 72.00 NOTE
r-release-linux-x86_64 0.1.1 1.23 47.76 48.99 NOTE
r-release-osx-x86_64-mavericks 0.1.1 WARN
r-release-windows-ix86+x86_64 0.1.1 14.00 158.00 172.00 NOTE
r-oldrel-windows-ix86+x86_64 0.1.1 6.00 122.00 128.00 NOTE

Memtest notes: valgrind

Check Details

Version: 0.1.1
Check: DESCRIPTION meta-information
Result: NOTE
    Package listed in more than one of Depends, Imports, Suggests, Enhances:
     ‘survival’
    A package should be listed in only one of these fields.
Flavors: r-devel-linux-x86_64-debian-clang, r-devel-linux-x86_64-debian-gcc, r-devel-linux-x86_64-fedora-clang, r-devel-linux-x86_64-fedora-gcc, r-devel-osx-x86_64-clang, r-devel-osx-x86_64-gcc, r-devel-windows-ix86+x86_64, r-patched-linux-x86_64, r-patched-solaris-sparc, r-patched-solaris-x86, r-release-linux-ix86, r-release-linux-x86_64, r-release-osx-x86_64-mavericks, r-release-windows-ix86+x86_64, r-oldrel-windows-ix86+x86_64

Version: 0.1.1
Check: dependencies in R code
Result: NOTE
    Namespace in Imports field not imported from: ‘survival’
     All declared Imports should be used.
    Package in Depends field not imported from: ‘survival’
     These packages need to be imported from (in the NAMESPACE file)
     for when this namespace is loaded but not attached.
    See the information on DESCRIPTION files in the chapter ‘Creating R
    packages’ of the ‘Writing R Extensions’ manual.
Flavors: r-devel-linux-x86_64-debian-clang, r-devel-linux-x86_64-debian-gcc, r-devel-linux-x86_64-fedora-clang, r-devel-linux-x86_64-fedora-gcc, r-devel-osx-x86_64-clang, r-devel-osx-x86_64-gcc, r-devel-windows-ix86+x86_64, r-patched-linux-x86_64, r-patched-solaris-sparc, r-patched-solaris-x86, r-release-linux-ix86, r-release-linux-x86_64, r-release-osx-x86_64-mavericks, r-release-windows-ix86+x86_64, r-oldrel-windows-ix86+x86_64

Version: 0.1.1
Check: top-level files
Result: NOTE
    Non-standard file/directory found at top level:
     ‘Changelog.txt’
Flavors: r-devel-linux-x86_64-fedora-clang, r-devel-linux-x86_64-fedora-gcc

Version: 0.1.1
Check: Rd line widths
Result: NOTE
    Rd file 'evalstep.Rd':
     \examples lines wider than 100 characters:
     evalstep(time=tm, stepf=data.frame(ta=ta,ta2=1/ta), newtime=c(0,0.2,0.3,0.6,1,1.5,3,4,5,0.1), subst=0)
    
    These lines will be truncated in the PDF manual.
Flavors: r-devel-linux-x86_64-fedora-clang, r-devel-linux-x86_64-fedora-gcc

Version: 0.1.1
Check: PDF version of manual
Result: WARNING
    LaTeX errors when creating PDF version.
    This typically indicates Rd problems.
    LaTeX errors found:
    ! LaTeX Error: File `upquote.sty' not found.
    
    Type X to quit or <RETURN> to proceed,
    or enter new name. (Default extension: sty)
    
    787af4d/Rd2.tex:8: ==> Fatal error occurred, no output PDF file produced!
Flavor: r-release-osx-x86_64-mavericks