CRAN Package Check Results for Package dynpred

Last updated on 2017-02-22 17:48:36.

Flavor Version Tinstall Tcheck Ttotal Status Flags
r-devel-linux-x86_64-debian-clang 0.1.2 2.84 44.28 47.11 NOTE
r-devel-linux-x86_64-debian-gcc 0.1.2 3.02 44.12 47.14 NOTE
r-devel-linux-x86_64-fedora-clang 0.1.2 99.18 NOTE --no-stop-on-test-error
r-devel-linux-x86_64-fedora-gcc 0.1.2 97.48 NOTE --no-stop-on-test-error
r-devel-macos-x86_64-clang 0.1.2 75.39 NOTE --no-stop-on-test-error
r-devel-windows-ix86+x86_64 0.1.2 13.00 198.00 211.00 OK
r-patched-linux-x86_64 0.1.2 2.71 40.31 43.02 OK
r-patched-solaris-sparc 0.1.2 540.30 OK
r-patched-solaris-x86 0.1.2 116.70 OK
r-release-linux-x86_64 0.1.2 2.66 39.61 42.27 OK
r-release-osx-x86_64-mavericks 0.1.2 OK
r-release-windows-ix86+x86_64 0.1.2 22.00 129.00 151.00 OK
r-oldrel-windows-ix86+x86_64 0.1.2 13.00 138.00 151.00 OK

Check Details

Version: 0.1.2
Check: compiled code
Result: NOTE
    File ‘dynpred/libs/dynpred.so’:
     Found no calls to: ‘R_registerRoutines’, ‘R_useDynamicSymbols’
    
    It is good practice to register native routines and to disable symbol
    search.
    
    See ‘Writing portable packages’ in the ‘Writing R Extensions’ manual.
Flavors: r-devel-linux-x86_64-debian-clang, r-devel-linux-x86_64-debian-gcc

Version: 0.1.2
Flags: --no-stop-on-test-error
Check: compiled code
Result: NOTE
    File ‘dynpred/libs/dynpred.so’:
     Found no calls to: ‘R_registerRoutines’, ‘R_useDynamicSymbols’
    
    It is good practice to register native routines and to disable symbol
    search.
    
    See ‘Writing portable packages’ in the ‘Writing R Extensions’ manual.
Flavors: r-devel-linux-x86_64-fedora-clang, r-devel-linux-x86_64-fedora-gcc, r-devel-macos-x86_64-clang