CRAN Package Check Results for Package dynpred

Last updated on 2020-05-28 17:50:05 CEST.

Flavor Version Tinstall Tcheck Ttotal Status Flags
r-devel-linux-x86_64-debian-clang 0.1.2 8.95 79.97 88.92 OK
r-devel-linux-x86_64-debian-gcc 0.1.2 7.14 61.77 68.91 OK
r-devel-linux-x86_64-fedora-clang 0.1.2 107.59 NOTE
r-devel-linux-x86_64-fedora-gcc 0.1.2 105.85 NOTE
r-devel-windows-ix86+x86_64 0.1.2 26.00 175.00 201.00 OK
r-patched-linux-x86_64 0.1.2 7.92 79.05 86.97 OK
r-patched-solaris-x86 0.1.2 156.00 OK
r-release-linux-x86_64 0.1.2 7.30 80.31 87.61 OK
r-release-osx-x86_64 0.1.2 OK
r-release-windows-ix86+x86_64 0.1.2 15.00 170.00 185.00 OK
r-oldrel-osx-x86_64 0.1.2 OK
r-oldrel-windows-ix86+x86_64 0.1.2 18.00 119.00 137.00 OK

Check Details

Version: 0.1.2
Check: compiled code
Result: NOTE
    File ‘dynpred/libs/dynpred.so’:
     Found no calls to: ‘R_registerRoutines’, ‘R_useDynamicSymbols’
    
    It is good practice to register native routines and to disable symbol
    search.
    
    See ‘Writing portable packages’ in the ‘Writing R Extensions’ manual.
Flavors: r-devel-linux-x86_64-fedora-clang, r-devel-linux-x86_64-fedora-gcc