CRAN Package Check Results for Package dynpred

Last updated on 2017-03-27 13:55:28.

Flavor Version Tinstall Tcheck Ttotal Status Flags
r-devel-linux-x86_64-debian-clang 0.1.2 3.10 43.69 46.80 NOTE
r-devel-linux-x86_64-debian-gcc 0.1.2 2.76 43.24 46.00 NOTE
r-devel-linux-x86_64-fedora-clang 0.1.2 100.57 NOTE --no-stop-on-test-error
r-devel-linux-x86_64-fedora-gcc 0.1.2 100.81 NOTE --no-stop-on-test-error
r-devel-macos-x86_64-clang 0.1.2 74.83 NOTE --no-stop-on-test-error
r-devel-windows-ix86+x86_64 0.1.2 13.00 117.00 130.00 OK
r-patched-linux-x86_64 0.1.2 3.17 43.13 46.30 NOTE
r-patched-solaris-sparc 0.1.2 586.40 OK
r-patched-solaris-x86 0.1.2 130.20 OK
r-release-linux-x86_64 0.1.2 2.62 39.90 42.52 OK
r-release-osx-x86_64-mavericks 0.1.2 OK
r-release-windows-ix86+x86_64 0.1.2 14.00 94.00 108.00 OK
r-oldrel-windows-ix86+x86_64 0.1.2 12.00 100.00 112.00 OK

Check Details

Version: 0.1.2
Check: compiled code
Result: NOTE
    File ‘dynpred/libs/dynpred.so’:
     Found no calls to: ‘R_registerRoutines’, ‘R_useDynamicSymbols’
    
    It is good practice to register native routines and to disable symbol
    search.
    
    See ‘Writing portable packages’ in the ‘Writing R Extensions’ manual.
Flavors: r-devel-linux-x86_64-debian-clang, r-devel-linux-x86_64-debian-gcc, r-patched-linux-x86_64

Version: 0.1.2
Flags: --no-stop-on-test-error
Check: compiled code
Result: NOTE
    File ‘dynpred/libs/dynpred.so’:
     Found no calls to: ‘R_registerRoutines’, ‘R_useDynamicSymbols’
    
    It is good practice to register native routines and to disable symbol
    search.
    
    See ‘Writing portable packages’ in the ‘Writing R Extensions’ manual.
Flavors: r-devel-linux-x86_64-fedora-clang, r-devel-linux-x86_64-fedora-gcc, r-devel-macos-x86_64-clang