CRAN Package Check Results for Package dynpred

Last updated on 2024-06-12 17:57:14 CEST.

Flavor Version Tinstall Tcheck Ttotal Status Flags
r-devel-linux-x86_64-debian-clang 0.1.2 9.83 87.32 97.15 NOTE
r-devel-linux-x86_64-debian-gcc 0.1.2 6.60 66.12 72.72 NOTE
r-devel-linux-x86_64-fedora-clang 0.1.2 126.17 NOTE
r-devel-linux-x86_64-fedora-gcc 0.1.2 116.62 NOTE
r-devel-windows-x86_64 0.1.2 9.00 92.00 101.00 NOTE
r-patched-linux-x86_64 0.1.2 9.99 85.27 95.26 NOTE
r-release-linux-x86_64 0.1.2 8.85 83.27 92.12 NOTE
r-release-macos-arm64 0.1.2 40.00 NOTE
r-release-macos-x86_64 0.1.2 56.00 NOTE
r-release-windows-x86_64 0.1.2 10.00 94.00 104.00 NOTE
r-oldrel-macos-arm64 0.1.2 43.00 NOTE
r-oldrel-macos-x86_64 0.1.2 67.00 NOTE
r-oldrel-windows-x86_64 0.1.2 12.00 105.00 117.00 NOTE

Check Details

Version: 0.1.2
Check: Rd files
Result: NOTE checkRd: (-1) NKI-breast-cancer-clinical-data.Rd:26: Escaped LaTeX specials: \& checkRd: (-1) NKI-breast-cancer-clinical-data.Rd:33: Escaped LaTeX specials: \& checkRd: (-1) NKI-breast-cancer-clinical-data.Rd:37: Escaped LaTeX specials: \& checkRd: (-1) WBC-follow-up-data.Rd:13: Escaped LaTeX specials: \& checkRd: (-1) WBC-follow-up-data.Rd:14: Escaped LaTeX specials: \& checkRd: (-1) WBC-follow-up-data.Rd:26: Escaped LaTeX specials: \& checkRd: (-1) WBC-follow-up-data.Rd:31: Escaped LaTeX specials: \& checkRd: (-1) WBC-follow-up-data.Rd:41: Escaped LaTeX specials: \& checkRd: (-1) WBC-measurements-data.Rd:13: Escaped LaTeX specials: \& checkRd: (-1) WBC-measurements-data.Rd:14: Escaped LaTeX specials: \& checkRd: (-1) WBC-measurements-data.Rd:25: Escaped LaTeX specials: \& checkRd: (-1) WBC-measurements-data.Rd:30: Escaped LaTeX specials: \& checkRd: (-1) WBC-measurements-data.Rd:40: Escaped LaTeX specials: \& Flavors: r-devel-linux-x86_64-debian-clang, r-devel-linux-x86_64-debian-gcc, r-devel-linux-x86_64-fedora-clang, r-devel-linux-x86_64-fedora-gcc, r-devel-windows-x86_64, r-patched-linux-x86_64, r-release-linux-x86_64, r-release-macos-arm64, r-release-macos-x86_64, r-release-windows-x86_64, r-oldrel-macos-arm64, r-oldrel-macos-x86_64, r-oldrel-windows-x86_64

Version: 0.1.2
Check: compiled code
Result: NOTE File ‘dynpred/libs/dynpred.so’: Found no calls to: ‘R_registerRoutines’, ‘R_useDynamicSymbols’ It is good practice to register native routines and to disable symbol search. See ‘Writing portable packages’ in the ‘Writing R Extensions’ manual. Flavors: r-devel-linux-x86_64-fedora-clang, r-devel-linux-x86_64-fedora-gcc