CRAN Package Check Results for Package dynpred

Last updated on 2019-05-22 04:46:32 CEST.

Flavor Version Tinstall Tcheck Ttotal Status Flags
r-devel-linux-x86_64-debian-clang 0.1.2 7.93 73.26 81.19 OK
r-devel-linux-x86_64-debian-gcc 0.1.2 5.65 57.54 63.19 OK
r-devel-linux-x86_64-fedora-clang 0.1.2 96.80 NOTE
r-devel-linux-x86_64-fedora-gcc 0.1.2 93.41 NOTE
r-devel-windows-ix86+x86_64 0.1.2 15.00 159.00 174.00 OK
r-patched-linux-x86_64 0.1.2 7.93 72.17 80.10 OK
r-patched-solaris-x86 0.1.2 144.70 OK
r-release-linux-x86_64 0.1.2 7.98 71.69 79.67 OK
r-release-windows-ix86+x86_64 0.1.2 29.00 123.00 152.00 OK
r-release-osx-x86_64 0.1.2 OK
r-oldrel-windows-ix86+x86_64 0.1.2 12.00 114.00 126.00 OK
r-oldrel-osx-x86_64 0.1.2 OK

Check Details

Version: 0.1.2
Check: compiled code
Result: NOTE
    File ‘dynpred/libs/dynpred.so’:
     Found no calls to: ‘R_registerRoutines’, ‘R_useDynamicSymbols’
    
    It is good practice to register native routines and to disable symbol
    search.
    
    See ‘Writing portable packages’ in the ‘Writing R Extensions’ manual.
Flavors: r-devel-linux-x86_64-fedora-clang, r-devel-linux-x86_64-fedora-gcc