CRAN Package Check Results for Package dynpred

Last updated on 2017-05-26 19:47:46.

Flavor Version Tinstall Tcheck Ttotal Status Flags
r-devel-linux-x86_64-debian-clang 0.1.2 3.05 44.39 47.44 NOTE
r-devel-linux-x86_64-debian-gcc 0.1.2 3.31 44.40 47.71 NOTE
r-devel-linux-x86_64-fedora-clang 0.1.2 99.01 NOTE
r-devel-linux-x86_64-fedora-gcc 0.1.2 95.36 NOTE
r-devel-windows-ix86+x86_64 0.1.2 11.00 147.00 158.00 OK
r-patched-linux-x86_64 0.1.2 3.30 44.51 47.81 NOTE
r-patched-solaris-sparc 0.1.2 586.40 OK
r-patched-solaris-x86 0.1.2 129.30 OK
r-release-linux-x86_64 0.1.2 2.86 43.31 46.17 NOTE
r-release-windows-ix86+x86_64 0.1.2 9.00 118.00 127.00 OK
r-release-osx-x86_64 0.1.2 OK
r-oldrel-windows-ix86+x86_64 0.1.2 15.00 95.00 110.00 OK
r-oldrel-osx-x86_64 0.1.2 OK

Check Details

Version: 0.1.2
Check: compiled code
Result: NOTE
    File ‘dynpred/libs/dynpred.so’:
     Found no calls to: ‘R_registerRoutines’, ‘R_useDynamicSymbols’
    
    It is good practice to register native routines and to disable symbol
    search.
    
    See ‘Writing portable packages’ in the ‘Writing R Extensions’ manual.
Flavors: r-devel-linux-x86_64-debian-clang, r-devel-linux-x86_64-debian-gcc, r-devel-linux-x86_64-fedora-clang, r-devel-linux-x86_64-fedora-gcc, r-patched-linux-x86_64, r-release-linux-x86_64