CRAN Package Check Results for Package dynpred

Last updated on 2017-09-19 23:47:47.

Flavor Version Tinstall Tcheck Ttotal Status Flags
r-devel-linux-x86_64-debian-clang 0.1.2 2.71 44.97 47.69 NOTE
r-devel-linux-x86_64-debian-gcc 0.1.2 2.90 44.98 47.88 NOTE
r-devel-linux-x86_64-fedora-clang 0.1.2 99.71 NOTE
r-devel-linux-x86_64-fedora-gcc 0.1.2 99.37 NOTE
r-devel-windows-ix86+x86_64 0.1.2 11.00 142.00 153.00 OK
r-patched-linux-x86_64 0.1.2 2.94 43.85 46.79 NOTE
r-patched-solaris-x86 0.1.2 132.10 OK
r-release-linux-x86_64 0.1.2 3.25 44.17 47.43 NOTE
r-release-windows-ix86+x86_64 0.1.2 11.00 111.00 122.00 OK
r-release-osx-x86_64 0.1.2 OK
r-oldrel-windows-ix86+x86_64 0.1.2 9.00 98.00 107.00 OK
r-oldrel-osx-x86_64 0.1.2 OK

Check Details

Version: 0.1.2
Check: compiled code
Result: NOTE
    File ‘dynpred/libs/dynpred.so’:
     Found no calls to: ‘R_registerRoutines’, ‘R_useDynamicSymbols’
    
    It is good practice to register native routines and to disable symbol
    search.
    
    See ‘Writing portable packages’ in the ‘Writing R Extensions’ manual.
Flavors: r-devel-linux-x86_64-debian-clang, r-devel-linux-x86_64-debian-gcc, r-devel-linux-x86_64-fedora-clang, r-devel-linux-x86_64-fedora-gcc, r-patched-linux-x86_64, r-release-linux-x86_64