CRAN Package Check Results for Package dynpred

Last updated on 2017-04-24 12:47:29.

Flavor Version Tinstall Tcheck Ttotal Status Flags
r-devel-linux-x86_64-debian-clang 0.1.2 3.00 43.95 46.94 NOTE
r-devel-linux-x86_64-debian-gcc 0.1.2 3.02 43.47 46.49 NOTE
r-devel-linux-x86_64-fedora-clang 0.1.2 99.63 NOTE --no-stop-on-test-error
r-devel-linux-x86_64-fedora-gcc 0.1.2 97.48 NOTE --no-stop-on-test-error
r-devel-windows-ix86+x86_64 0.1.2 18.00 114.00 132.00 OK
r-patched-linux-x86_64 0.1.2 2.76 43.56 46.32 NOTE
r-patched-solaris-sparc 0.1.2 586.40 OK
r-patched-solaris-x86 0.1.2 129.30 OK
r-release-linux-x86_64 0.1.2 2.99 43.57 46.56 NOTE
r-release-windows-ix86+x86_64 0.1.2 12.00 119.00 131.00 OK
r-release-osx-x86_64 0.1.2 OK
r-oldrel-windows-ix86+x86_64 0.1.2 9.00 99.00 108.00 OK
r-oldrel-osx-x86_64 0.1.2 OK

Check Details

Version: 0.1.2
Check: compiled code
Result: NOTE
    File ‘dynpred/libs/dynpred.so’:
     Found no calls to: ‘R_registerRoutines’, ‘R_useDynamicSymbols’
    
    It is good practice to register native routines and to disable symbol
    search.
    
    See ‘Writing portable packages’ in the ‘Writing R Extensions’ manual.
Flavors: r-devel-linux-x86_64-debian-clang, r-devel-linux-x86_64-debian-gcc, r-patched-linux-x86_64, r-release-linux-x86_64

Version: 0.1.2
Flags: --no-stop-on-test-error
Check: compiled code
Result: NOTE
    File ‘dynpred/libs/dynpred.so’:
     Found no calls to: ‘R_registerRoutines’, ‘R_useDynamicSymbols’
    
    It is good practice to register native routines and to disable symbol
    search.
    
    See ‘Writing portable packages’ in the ‘Writing R Extensions’ manual.
Flavors: r-devel-linux-x86_64-fedora-clang, r-devel-linux-x86_64-fedora-gcc