CRAN Package Check Results for Package dynr

Last updated on 2022-05-24 19:58:09 CEST.

Flavor Version Tinstall Tcheck Ttotal Status Flags
r-devel-linux-x86_64-debian-clang 0.1.16-27 38.84 254.07 292.91 OK
r-devel-linux-x86_64-debian-gcc 0.1.16-27 26.91 194.80 221.71 OK
r-devel-linux-x86_64-fedora-clang 0.1.16-27 386.01 NOTE
r-devel-linux-x86_64-fedora-gcc 0.1.16-27 379.23 NOTE
r-devel-windows-x86_64 0.1.16-27 118.00 437.00 555.00 NOTE
r-patched-linux-x86_64 0.1.16-27 41.77 245.63 287.40 OK
r-release-linux-x86_64 0.1.16-27 OK
r-release-macos-arm64 0.1.16-27 90.00 NOTE
r-release-macos-x86_64 0.1.16-27 164.00 NOTE
r-release-windows-x86_64 0.1.16-27 100.00 476.00 576.00 NOTE
r-oldrel-macos-arm64 0.1.16-27 175.00 NOTE
r-oldrel-macos-x86_64 0.1.16-27 164.00 NOTE
r-oldrel-windows-ix86+x86_64 0.1.16-27 93.00 353.00 446.00 NOTE

Check Details

Version: 0.1.16-27
Check: installed package size
Result: NOTE
     installed size is 5.6Mb
     sub-directories of 1Mb or more:
     data 2.5Mb
     doc 1.5Mb
Flavors: r-devel-linux-x86_64-fedora-clang, r-devel-windows-x86_64, r-release-macos-arm64, r-release-macos-x86_64, r-release-windows-x86_64, r-oldrel-macos-arm64, r-oldrel-macos-x86_64, r-oldrel-windows-ix86+x86_64

Version: 0.1.16-27
Check: dependencies in R code
Result: NOTE
    Namespace in Imports field not imported from: ‘Rdpack’
     All declared Imports should be used.
Flavors: r-devel-linux-x86_64-fedora-clang, r-devel-linux-x86_64-fedora-gcc, r-release-macos-arm64, r-release-macos-x86_64, r-oldrel-macos-arm64, r-oldrel-macos-x86_64