CRAN Package Check Results for Package dynsurv

Last updated on 2014-04-17 10:47:47.

Flavor Version Tinstall Tcheck Ttotal Status Flags
r-devel-linux-x86_64-debian-clang 0.1-8 13.12 27.00 40.12 NOTE
r-devel-linux-x86_64-debian-gcc 0.1-8 16.99 27.25 44.24 NOTE
r-devel-linux-x86_64-fedora-clang 0.1-8 81.13 NOTE
r-devel-linux-x86_64-fedora-gcc 0.1-8 81.72 NOTE
r-devel-macosx-x86_64-clang 0.1-8 78.88 NOTE
r-devel-macosx-x86_64-gcc 0.1-8 ERROR
r-devel-windows-ix86+x86_64 0.1-8 41.00 57.00 98.00 NOTE
r-patched-linux-x86_64 0.1-8 17.27 27.22 44.49 NOTE
r-patched-solaris-sparc 0.1-8 496.50 NOTE
r-patched-solaris-x86 0.1-8 134.40 NOTE
r-release-linux-ix86 0.1-8 37.00 50.00 87.00 NOTE
r-release-linux-x86_64 0.1-8 17.06 26.50 43.56 NOTE
r-release-macosx-x86_64 0.1-8 NOTE
r-release-windows-ix86+x86_64 0.1-8 38.00 57.00 95.00 NOTE
r-oldrel-windows-ix86+x86_64 0.1-8 39.00 65.00 104.00 NOTE

Check Details

Version: 0.1-8
Check: dependencies in R code
Result: NOTE
    Packages in Depends field not imported from:
     ‘ggplot2’ ‘methods’ ‘nleqslv’ ‘plyr’ ‘reshape’ ‘survival’
     These packages need to be imported from (in the NAMESPACE file)
     for when this namespace is loaded but not attached.
    See the information on DESCRIPTION files in the chapter ‘Creating R
    packages’ of the ‘Writing R Extensions’ manual.
Flavors: r-devel-linux-x86_64-debian-clang, r-devel-linux-x86_64-debian-gcc, r-devel-linux-x86_64-fedora-clang, r-devel-linux-x86_64-fedora-gcc, r-devel-macosx-x86_64-clang, r-devel-windows-ix86+x86_64, r-patched-linux-x86_64, r-patched-solaris-sparc, r-patched-solaris-x86, r-release-linux-ix86, r-release-linux-x86_64, r-release-windows-ix86+x86_64, r-oldrel-windows-ix86+x86_64

Version: 0.1-8
Check: R code for possible problems
Result: NOTE
    plotCoef: no visible global function definition for ‘unit’
    plotJumpHist: no visible binding for global variable ‘Count’
    plotJumpHist: no visible binding for global variable ‘..count..’
    plotJumpHist: no visible global function definition for ‘unit’
    plotJumpTrace: no visible global function definition for ‘unit’
    plotNu: no visible binding for global variable ‘..count..’
    plotNu: no visible global function definition for ‘unit’
Flavors: r-devel-linux-x86_64-debian-clang, r-devel-linux-x86_64-debian-gcc, r-devel-linux-x86_64-fedora-clang, r-devel-linux-x86_64-fedora-gcc, r-devel-macosx-x86_64-clang, r-devel-windows-ix86+x86_64, r-patched-linux-x86_64, r-patched-solaris-sparc, r-patched-solaris-x86, r-release-linux-ix86, r-release-linux-x86_64, r-release-macosx-x86_64, r-release-windows-ix86+x86_64, r-oldrel-windows-ix86+x86_64

Version: 0.1-8
Check: package dependencies
Result: ERROR
    Package required but not available: ‘ggplot2’
    
    See the information on DESCRIPTION files in the chapter ‘Creating R
    packages’ of the ‘Writing R Extensions’ manual.
Flavor: r-devel-macosx-x86_64-gcc