CRAN Package Check Results for Package dynsurv

Last updated on 2015-08-29 15:47:44.

Flavor Version Tinstall Tcheck Ttotal Status Flags
r-devel-linux-x86_64-debian-clang 0.2-2 12.86 17.82 30.69 NOTE
r-devel-linux-x86_64-debian-gcc 0.2-2 16.10 17.31 33.42 NOTE
r-devel-linux-x86_64-fedora-clang 0.2-2 65.69 NOTE
r-devel-linux-x86_64-fedora-gcc 0.2-2 65.19 NOTE
r-devel-osx-x86_64-clang 0.2-2 60.20 OK
r-devel-windows-ix86+x86_64 0.2-2 81.00 52.00 133.00 NOTE
r-patched-linux-x86_64 0.2-2 16.18 18.36 34.54 OK
r-patched-solaris-sparc 0.2-2 458.00 OK
r-patched-solaris-x86 0.2-2 127.60 OK
r-release-linux-x86_64 0.2-2 16.85 19.15 36.00 OK
r-release-osx-x86_64-mavericks 0.2-2 OK
r-release-windows-ix86+x86_64 0.2-2 78.00 50.00 128.00 OK
r-oldrel-windows-ix86+x86_64 0.2-2 80.00 83.00 163.00 OK

Check Details

Version: 0.2-2
Check: R code for possible problems
Result: NOTE
    bayesCox: no visible global function definition for ‘model.frame’
    bayesCox: no visible global function definition for ‘model.matrix’
    bayesCox: no visible global function definition for ‘tail’
    coef.bayesCox: no visible global function definition for ‘read.table’
    coef.bayesCox : f: no visible global function definition for ‘quantile’
    coef.tvTran: no visible binding for global variable ‘quantile’
    expand : foo: no visible global function definition for ‘head’
    jump.bayesCox: no visible global function definition for ‘read.table’
    nu.bayesCox: no visible global function definition for ‘read.table’
    print.bayesCox: no visible global function definition for ‘head’
    print.bayesCox: no visible binding for global variable ‘grid’
    print.tvTran: no visible global function definition for ‘head’
    splineCox: no visible global function definition for ‘model.matrix’
    splineCox: no visible global function definition for ‘model.frame’
    splineCox: no visible global function definition for ‘as.formula’
    tvTran: no visible global function definition for ‘model.frame’
    tvTran: no visible global function definition for ‘model.matrix’
    tvTran: no visible global function definition for ‘rnorm’
    Undefined global functions or variables:
     as.formula grid head model.frame model.matrix quantile read.table
     rnorm tail
    Consider adding
     importFrom("graphics", "grid")
     importFrom("stats", "as.formula", "model.frame", "model.matrix",
     "quantile", "rnorm")
     importFrom("utils", "head", "read.table", "tail")
    to your NAMESPACE.
Flavors: r-devel-linux-x86_64-debian-clang, r-devel-linux-x86_64-debian-gcc, r-devel-linux-x86_64-fedora-clang, r-devel-linux-x86_64-fedora-gcc, r-devel-windows-ix86+x86_64