CRAN Package Check Results for Package dynsurv

Last updated on 2017-07-21 23:49:29.

Flavor Version Tinstall Tcheck Ttotal Status Flags
r-devel-linux-x86_64-debian-clang 0.3-5 24.30 45.78 70.08 NOTE
r-devel-linux-x86_64-debian-gcc 0.3-5 17.44 43.80 61.24 NOTE
r-devel-linux-x86_64-fedora-clang 0.3-5 136.26 NOTE
r-devel-linux-x86_64-fedora-gcc 0.3-5 115.62 NOTE
r-devel-windows-ix86+x86_64 0.3-5 74.00 141.00 215.00 OK
r-patched-linux-x86_64 0.3-5 17.47 45.09 62.57 NOTE
r-patched-solaris-x86 0.3-5 195.60 OK
r-release-linux-x86_64 0.3-5 17.93 45.15 63.08 NOTE
r-release-windows-ix86+x86_64 0.3-5 49.00 145.00 194.00 OK
r-release-osx-x86_64 0.3-5 NOTE
r-oldrel-windows-ix86+x86_64 0.3-5 73.00 126.00 199.00 OK
r-oldrel-osx-x86_64 0.3-5 OK

Check Details

Version: 0.3-5
Check: compiled code
Result: NOTE
    File ‘dynsurv/libs/dynsurv.so’:
     Found no calls to: ‘R_registerRoutines’, ‘R_useDynamicSymbols’
    
    It is good practice to register native routines and to disable symbol
    search.
    
    See ‘Writing portable packages’ in the ‘Writing R Extensions’ manual.
Flavors: r-devel-linux-x86_64-debian-clang, r-devel-linux-x86_64-debian-gcc, r-devel-linux-x86_64-fedora-clang, r-devel-linux-x86_64-fedora-gcc, r-patched-linux-x86_64, r-release-linux-x86_64

Version: 0.3-5
Check: installed package size
Result: NOTE
     installed size is 5.3Mb
     sub-directories of 1Mb or more:
     libs 5.1Mb
Flavor: r-release-osx-x86_64