CRAN Package Check Results for Package dynsurv

Last updated on 2016-02-08 09:49:28.

Flavor Version Tinstall Tcheck Ttotal Status Flags
r-devel-linux-x86_64-debian-gcc 0.2-2 13.95 16.25 30.20 NOTE
r-devel-linux-x86_64-fedora-clang 0.2-2 66.59 NOTE
r-devel-linux-x86_64-fedora-gcc 0.2-2 59.57 NOTE
r-devel-osx-x86_64-clang 0.2-2 60.16 NOTE
r-devel-windows-ix86+x86_64 0.2-2 76.00 49.00 125.00 NOTE
r-patched-linux-x86_64 0.2-2 14.18 17.66 31.84 OK
r-patched-solaris-sparc 0.2-2 411.20 OK
r-patched-solaris-x86 0.2-2 111.50 OK
r-release-linux-x86_64 0.2-2 14.25 17.19 31.44 OK
r-release-osx-x86_64-mavericks 0.2-2 OK
r-release-windows-ix86+x86_64 0.2-2 69.00 80.00 149.00 OK
r-oldrel-windows-ix86+x86_64 0.2-2 67.00 67.00 134.00 OK

Check Details

Version: 0.2-2
Check: R code for possible problems
Result: NOTE
    bayesCox: no visible global function definition for ‘model.frame’
    bayesCox: no visible global function definition for ‘model.matrix’
    bayesCox: no visible global function definition for ‘tail’
    coef.bayesCox: no visible global function definition for ‘read.table’
    coef.bayesCox : f: no visible global function definition for ‘quantile’
    coef.tvTran: no visible binding for global variable ‘quantile’
    expand : foo: no visible global function definition for ‘head’
    jump.bayesCox: no visible global function definition for ‘read.table’
    nu.bayesCox: no visible global function definition for ‘read.table’
    print.bayesCox: no visible global function definition for ‘head’
    print.bayesCox: no visible binding for global variable ‘grid’
    print.tvTran: no visible global function definition for ‘head’
    splineCox: no visible global function definition for ‘model.matrix’
    splineCox: no visible global function definition for ‘model.frame’
    splineCox: no visible global function definition for ‘as.formula’
    tvTran: no visible global function definition for ‘model.frame’
    tvTran: no visible global function definition for ‘model.matrix’
    tvTran: no visible global function definition for ‘rnorm’
    Undefined global functions or variables:
     as.formula grid head model.frame model.matrix quantile read.table
     rnorm tail
    Consider adding
     importFrom("graphics", "grid")
     importFrom("stats", "as.formula", "model.frame", "model.matrix",
     "quantile", "rnorm")
     importFrom("utils", "head", "read.table", "tail")
    to your NAMESPACE file.
Flavors: r-devel-linux-x86_64-debian-gcc, r-devel-linux-x86_64-fedora-clang, r-devel-linux-x86_64-fedora-gcc, r-devel-osx-x86_64-clang, r-devel-windows-ix86+x86_64

Version: 0.2-2
Check: installed package size
Result: NOTE
     installed size is 5.2Mb
     sub-directories of 1Mb or more:
     libs 5.0Mb
Flavor: r-devel-linux-x86_64-fedora-clang