CRAN Package Check Results for Package dynsurv

Last updated on 2016-07-30 08:48:11.

Flavor Version Tinstall Tcheck Ttotal Status Flags
r-devel-linux-x86_64-debian-clang 0.3-0 24.64 37.72 62.36 OK
r-devel-linux-x86_64-debian-gcc 0.3-0 18.14 37.26 55.40 OK
r-devel-linux-x86_64-fedora-clang 0.3-0 117.95 NOTE
r-devel-linux-x86_64-fedora-gcc 0.3-0 100.31 OK
r-devel-osx-x86_64-clang 0.3-0 94.50 OK
r-devel-windows-ix86+x86_64 0.3-0 80.00 85.00 165.00 OK
r-patched-linux-x86_64 0.3-0 19.76 40.74 60.50 OK
r-patched-solaris-sparc 0.3-0 603.40 OK
r-patched-solaris-x86 0.3-0 158.90 OK
r-release-linux-x86_64 0.3-0 19.02 40.97 60.00 OK
r-release-osx-x86_64-mavericks 0.3-0 OK
r-release-windows-ix86+x86_64 0.3-0 97.00 109.00 206.00 OK
r-oldrel-windows-ix86+x86_64 0.3-0 77.00 96.00 173.00 OK

Check Details

Version: 0.3-0
Check: installed package size
Result: NOTE
     installed size is 5.3Mb
     sub-directories of 1Mb or more:
     libs 5.1Mb
Flavor: r-devel-linux-x86_64-fedora-clang