CRAN Package Check Results for Package dynsurv

Last updated on 2015-03-06 06:46:53.

Flavor Version Tinstall Tcheck Ttotal Status Flags
r-devel-linux-x86_64-debian-clang 0.2-2 14.04 19.55 33.59 NOTE
r-devel-linux-x86_64-debian-gcc 0.2-2 16.19 19.58 35.77 OK
r-devel-linux-x86_64-fedora-clang 0.2-2 66.61 OK
r-devel-linux-x86_64-fedora-gcc 0.2-2 65.53 OK
r-devel-osx-x86_64-clang 0.2-2 61.03 OK
r-devel-windows-ix86+x86_64 0.2-2 56.00 48.00 104.00 OK
r-patched-linux-x86_64 0.2-2 17.44 27.95 45.39 OK
r-patched-solaris-sparc 0.2-2 537.70 OK
r-patched-solaris-x86 0.2-2 139.60 OK
r-release-linux-ix86 0.2-2 21.36 33.52 54.88 OK
r-release-linux-x86_64 0.2-2 17.45 27.46 44.92 OK
r-release-osx-x86_64-mavericks 0.2-2 OK
r-release-osx-x86_64-snowleopard 0.2-2 OK
r-release-windows-ix86+x86_64 0.2-2 54.00 80.00 134.00 OK
r-oldrel-windows-ix86+x86_64 0.2-2 57.00 74.00 131.00 OK

Check Details

Version: 0.2-2
Check: installed package size
Result: NOTE
     installed size is 5.2Mb
     sub-directories of 1Mb or more:
     libs 5.0Mb
Flavor: r-devel-linux-x86_64-debian-clang