CRAN Package Check Results for Package dynsurv

Last updated on 2016-08-30 06:48:50.

Flavor Version Tinstall Tcheck Ttotal Status Flags
r-devel-linux-x86_64-debian-clang 0.3-0 23.87 33.66 57.53 WARN
r-devel-linux-x86_64-debian-gcc 0.3-0 17.63 33.65 51.28 WARN
r-devel-linux-x86_64-fedora-clang 0.3-0 119.83 WARN
r-devel-linux-x86_64-fedora-gcc 0.3-0 103.08 WARN
r-devel-osx-x86_64-clang 0.3-0 95.24 WARN
r-devel-windows-ix86+x86_64 0.3-0 99.00 72.00 171.00 WARN
r-patched-linux-x86_64 0.3-0 16.70 36.00 52.70 WARN
r-patched-solaris-sparc 0.3-0 623.40 WARN
r-patched-solaris-x86 0.3-0 161.80 WARN
r-release-linux-x86_64 0.3-0 16.28 32.66 48.94 OK
r-release-osx-x86_64-mavericks 0.3-0 OK
r-release-windows-ix86+x86_64 0.3-0 73.00 69.00 142.00 OK
r-oldrel-windows-ix86+x86_64 0.3-0 70.00 181.00 251.00 OK

Check Details

Version: 0.3-0
Check: compilation flags in Makevars
Result: WARN
    Non-portable flags in variable 'PKG_CXXFLAGS':
     -g
Flavors: r-devel-linux-x86_64-debian-clang, r-devel-linux-x86_64-debian-gcc, r-devel-linux-x86_64-fedora-clang, r-devel-linux-x86_64-fedora-gcc, r-devel-osx-x86_64-clang, r-devel-windows-ix86+x86_64, r-patched-linux-x86_64, r-patched-solaris-sparc, r-patched-solaris-x86

Version: 0.3-0
Check: installed package size
Result: NOTE
     installed size is 5.3Mb
     sub-directories of 1Mb or more:
     libs 5.1Mb
Flavor: r-devel-linux-x86_64-fedora-clang