CRAN Package Check Results for Package dynsurv

Last updated on 2015-07-28 09:46:58.

Flavor Version Tinstall Tcheck Ttotal Status Flags
r-devel-linux-x86_64-debian-clang 0.2-2 14.78 18.79 33.57 NOTE
r-devel-linux-x86_64-debian-gcc 0.2-2 16.30 18.47 34.77 NOTE
r-devel-linux-x86_64-fedora-clang 0.2-2 66.75 NOTE
r-devel-linux-x86_64-fedora-gcc 0.2-2 65.10 NOTE
r-devel-osx-x86_64-clang 0.2-2 61.21 OK
r-devel-windows-ix86+x86_64 0.2-2 55.00 49.00 104.00 NOTE
r-patched-linux-x86_64 0.2-2 16.42 19.31 35.73 OK
r-patched-solaris-sparc 0.2-2 458.00 OK
r-patched-solaris-x86 0.2-2 124.20 OK
r-release-linux-x86_64 0.2-2 16.82 18.94 35.76 OK
r-release-osx-x86_64-mavericks 0.2-2 OK
r-release-windows-ix86+x86_64 0.2-2 77.00 46.00 123.00 OK
r-oldrel-windows-ix86+x86_64 0.2-2 57.00 81.00 138.00 OK

Check Details

Version: 0.2-2
Check: R code for possible problems
Result: NOTE
    bayesCox: no visible global function definition for ‘model.frame’
    bayesCox: no visible global function definition for ‘model.matrix’
    bayesCox: no visible global function definition for ‘tail’
    coef.bayesCox: no visible global function definition for ‘read.table’
    coef.bayesCox : f: no visible global function definition for ‘quantile’
    coef.tvTran: no visible binding for global variable ‘quantile’
    expand : foo: no visible global function definition for ‘head’
    jump.bayesCox: no visible global function definition for ‘read.table’
    nu.bayesCox: no visible global function definition for ‘read.table’
    print.bayesCox: no visible global function definition for ‘head’
    print.bayesCox: no visible binding for global variable ‘grid’
    print.tvTran: no visible global function definition for ‘head’
    splineCox: no visible global function definition for ‘model.matrix’
    splineCox: no visible global function definition for ‘model.frame’
    splineCox: no visible global function definition for ‘as.formula’
    tvTran: no visible global function definition for ‘model.frame’
    tvTran: no visible global function definition for ‘model.matrix’
    tvTran: no visible global function definition for ‘rnorm’
    Undefined global functions or variables:
     as.formula grid head model.frame model.matrix quantile read.table
     rnorm tail
    Consider adding
     importFrom("graphics", "grid")
     importFrom("stats", "as.formula", "model.frame", "model.matrix",
     "quantile", "rnorm")
     importFrom("utils", "head", "read.table", "tail")
    to your NAMESPACE.
Flavors: r-devel-linux-x86_64-debian-clang, r-devel-linux-x86_64-debian-gcc, r-devel-linux-x86_64-fedora-clang, r-devel-linux-x86_64-fedora-gcc, r-devel-windows-ix86+x86_64