CRAN Package Check Results for Package dynsurv

Last updated on 2017-09-19 23:47:47.

Flavor Version Tinstall Tcheck Ttotal Status Flags
r-devel-linux-x86_64-debian-clang 0.3-5 24.20 38.97 63.17 NOTE
r-devel-linux-x86_64-debian-gcc 0.3-5 16.97 37.78 54.75 NOTE
r-devel-linux-x86_64-fedora-clang 0.3-5 132.21 NOTE
r-devel-linux-x86_64-fedora-gcc 0.3-5 116.87 NOTE
r-devel-windows-ix86+x86_64 0.3-5 48.00 120.00 168.00 OK
r-patched-linux-x86_64 0.3-5 17.40 38.15 55.56 NOTE
r-patched-solaris-x86 0.3-5 202.90 OK
r-release-linux-x86_64 0.3-5 17.26 38.73 55.98 NOTE
r-release-windows-ix86+x86_64 0.3-5 49.00 101.00 150.00 OK
r-release-osx-x86_64 0.3-5 NOTE
r-oldrel-windows-ix86+x86_64 0.3-5 49.00 91.00 140.00 OK
r-oldrel-osx-x86_64 0.3-5 OK

Check Details

Version: 0.3-5
Check: compiled code
Result: NOTE
    File ‘dynsurv/libs/dynsurv.so’:
     Found no calls to: ‘R_registerRoutines’, ‘R_useDynamicSymbols’
    
    It is good practice to register native routines and to disable symbol
    search.
    
    See ‘Writing portable packages’ in the ‘Writing R Extensions’ manual.
Flavors: r-devel-linux-x86_64-debian-clang, r-devel-linux-x86_64-debian-gcc, r-devel-linux-x86_64-fedora-clang, r-devel-linux-x86_64-fedora-gcc, r-patched-linux-x86_64, r-release-linux-x86_64

Version: 0.3-5
Check: installed package size
Result: NOTE
     installed size is 5.2Mb
     sub-directories of 1Mb or more:
     libs 5.0Mb
Flavors: r-devel-linux-x86_64-fedora-clang, r-release-osx-x86_64