CRAN Package Check Results for Package dynsurv

Last updated on 2014-11-23 19:47:44.

Flavor Version Tinstall Tcheck Ttotal Status Flags
r-devel-linux-x86_64-debian-clang 0.2-2 14.65 25.31 39.96 NOTE
r-devel-linux-x86_64-debian-gcc 0.2-2 19.64 25.04 44.68 OK
r-devel-linux-x86_64-fedora-clang 0.2-2 85.08 NOTE
r-devel-linux-x86_64-fedora-gcc 0.2-2 79.20 OK
r-devel-osx-x86_64-clang 0.2-2 69.41 OK
r-devel-windows-ix86+x86_64 0.2-2 53.00 64.00 117.00 OK
r-patched-linux-x86_64 0.2-2 16.95 25.56 42.52 OK
r-patched-solaris-sparc 0.2-2 494.90 OK
r-patched-solaris-x86 0.2-2 137.20 OK
r-release-linux-ix86 0.2-2 22.06 32.46 54.52 OK
r-release-linux-x86_64 0.2-2 17.26 26.04 43.30 OK
r-release-osx-x86_64-mavericks 0.2-2 OK
r-release-osx-x86_64-snowleopard 0.2-2 OK
r-release-windows-ix86+x86_64 0.2-2 59.00 65.00 124.00 OK
r-oldrel-windows-ix86+x86_64 0.2-2 52.00 67.00 119.00 OK

Check Details

Version: 0.2-2
Check: installed package size
Result: NOTE
     installed size is 5.2Mb
     sub-directories of 1Mb or more:
     libs 5.0Mb
Flavors: r-devel-linux-x86_64-debian-clang, r-devel-linux-x86_64-fedora-clang