CRAN Package Check Results for Package dynsurv

Last updated on 2014-09-18 15:48:17.

Flavor Version Tinstall Tcheck Ttotal Status Flags
r-devel-linux-x86_64-debian-clang 0.2-2 14.68 25.39 40.07 NOTE
r-devel-linux-x86_64-debian-gcc 0.2-2 16.81 24.52 41.34 OK
r-devel-linux-x86_64-fedora-clang 0.2-2 83.85 NOTE
r-devel-linux-x86_64-fedora-gcc 0.2-2 81.69 OK
r-devel-osx-x86_64-clang 0.2-2 65.83 OK
r-devel-windows-ix86+x86_64 0.2-2 50.00 58.00 108.00 OK
r-patched-linux-x86_64 0.2-2 17.28 26.02 43.30 OK
r-patched-solaris-sparc 0.2-2 510.00 OK
r-patched-solaris-x86 0.2-2 132.90 OK
r-release-linux-ix86 0.2-2 23.03 33.77 56.80 OK
r-release-linux-x86_64 0.2-2 17.58 27.32 44.90 OK
r-release-osx-x86_64-mavericks 0.2-2 OK
r-release-osx-x86_64-snowleopard 0.2-2 OK
r-release-windows-ix86+x86_64 0.2-2 58.00 66.00 124.00 OK
r-oldrel-windows-ix86+x86_64 0.2-2 53.00 69.00 122.00 OK

Check Details

Version: 0.2-2
Check: installed package size
Result: NOTE
     installed size is 5.2Mb
     sub-directories of 1Mb or more:
     libs 5.0Mb
Flavors: r-devel-linux-x86_64-debian-clang, r-devel-linux-x86_64-fedora-clang