CRAN Package Check Results for Package dynsurv

Last updated on 2014-12-18 11:50:03.

Flavor Version Tinstall Tcheck Ttotal Status Flags
r-devel-linux-x86_64-debian-clang 0.2-2 14.58 25.35 39.93 NOTE
r-devel-linux-x86_64-debian-gcc 0.2-2 17.21 25.42 42.63 OK
r-devel-linux-x86_64-fedora-clang 0.2-2 88.07 NOTE
r-devel-linux-x86_64-fedora-gcc 0.2-2 76.09 OK
r-devel-osx-x86_64-clang 0.2-2 69.04 OK
r-devel-windows-ix86+x86_64 0.2-2 51.00 62.00 113.00 OK
r-patched-linux-x86_64 0.2-2 17.20 25.31 42.52 OK
r-patched-solaris-sparc 0.2-2 494.90 OK
r-patched-solaris-x86 0.2-2 140.20 OK
r-release-linux-ix86 0.2-2 21.08 32.63 53.70 OK
r-release-linux-x86_64 0.2-2 17.62 25.32 42.94 OK
r-release-osx-x86_64-mavericks 0.2-2 OK
r-release-osx-x86_64-snowleopard 0.2-2 OK
r-release-windows-ix86+x86_64 0.2-2 56.00 71.00 127.00 OK
r-oldrel-windows-ix86+x86_64 0.2-2 55.00 70.00 125.00 OK

Check Details

Version: 0.2-2
Check: installed package size
Result: NOTE
     installed size is 5.2Mb
     sub-directories of 1Mb or more:
     libs 5.0Mb
Flavors: r-devel-linux-x86_64-debian-clang, r-devel-linux-x86_64-fedora-clang