CRAN Package Check Results for Package dynsurv

Last updated on 2018-02-24 17:48:12 CET.

Flavor Version Tinstall Tcheck Ttotal Status Flags
r-devel-linux-x86_64-debian-clang 0.3-6 37.75 59.26 97.01 OK
r-devel-linux-x86_64-debian-gcc 0.3-6 21.52 47.44 68.96 OK
r-devel-linux-x86_64-fedora-clang 0.3-6 125.40 NOTE
r-devel-linux-x86_64-fedora-gcc 0.3-6 104.98 OK
r-devel-windows-ix86+x86_64 0.3-6 64.00 136.00 200.00 OK
r-patched-linux-x86_64 0.3-6 22.49 60.37 82.86 OK
r-patched-solaris-x86 0.3-6 198.60 OK
r-release-linux-x86_64 0.3-6 21.79 59.50 81.29 OK
r-release-windows-ix86+x86_64 0.3-6 74.00 139.00 213.00 OK
r-release-osx-x86_64 0.3-6 NOTE
r-oldrel-windows-ix86+x86_64 0.3-6 51.00 129.00 180.00 OK
r-oldrel-osx-x86_64 0.3-6 OK

Check Details

Version: 0.3-6
Check: installed package size
Result: NOTE
     installed size is 5.3Mb
     sub-directories of 1Mb or more:
     libs 5.0Mb
Flavors: r-devel-linux-x86_64-fedora-clang, r-release-osx-x86_64