CRAN Package Check Results for Package dynsurv

Last updated on 2015-01-29 22:48:38.

Flavor Version Tinstall Tcheck Ttotal Status Flags
r-devel-linux-x86_64-debian-clang 0.2-2 14.10 18.59 32.69 NOTE
r-devel-linux-x86_64-debian-gcc 0.2-2 16.99 18.25 35.24 OK
r-devel-linux-x86_64-fedora-clang 0.2-2 75.93 NOTE
r-devel-linux-x86_64-fedora-gcc 0.2-2 70.18 OK
r-devel-osx-x86_64-clang 0.2-2 69.45 OK
r-devel-windows-ix86+x86_64 0.2-2 72.00 47.00 119.00 OK
r-patched-linux-x86_64 0.2-2 17.42 26.02 43.44 OK
r-patched-solaris-sparc 0.2-2 499.10 OK
r-patched-solaris-x86 0.2-2 139.40 OK
r-release-linux-ix86 0.2-2 21.25 32.82 54.07 OK
r-release-linux-x86_64 0.2-2 17.16 25.83 42.99 OK
r-release-osx-x86_64-mavericks 0.2-2 OK
r-release-osx-x86_64-snowleopard 0.2-2 OK
r-release-windows-ix86+x86_64 0.2-2 52.00 64.00 116.00 OK
r-oldrel-windows-ix86+x86_64 0.2-2 55.00 68.00 123.00 OK

Check Details

Version: 0.2-2
Check: installed package size
Result: NOTE
     installed size is 5.2Mb
     sub-directories of 1Mb or more:
     libs 5.0Mb
Flavors: r-devel-linux-x86_64-debian-clang, r-devel-linux-x86_64-fedora-clang