CRAN Package Check Results for Package dynsurv

Last updated on 2017-03-28 06:47:45.

Flavor Version Tinstall Tcheck Ttotal Status Flags
r-devel-linux-x86_64-debian-clang 0.3-5 24.99 38.79 63.78 NOTE
r-devel-linux-x86_64-debian-gcc 0.3-5 17.96 38.86 56.82 NOTE
r-devel-linux-x86_64-fedora-clang 0.3-5 133.59 NOTE --no-stop-on-test-error
r-devel-linux-x86_64-fedora-gcc 0.3-5 118.46 NOTE --no-stop-on-test-error
r-devel-macos-x86_64-clang 0.3-5 97.00 NOTE --no-stop-on-test-error
r-devel-windows-ix86+x86_64 0.3-5 52.00 100.00 152.00 OK
r-patched-linux-x86_64 0.3-5 16.38 38.91 55.29 NOTE
r-patched-solaris-sparc 0.3-5 829.20 OK
r-patched-solaris-x86 0.3-5 219.70 OK
r-release-linux-x86_64 0.3-5 16.44 34.72 51.16 OK
r-release-osx-x86_64-mavericks 0.3-5 OK
r-release-windows-ix86+x86_64 0.3-5 70.00 92.00 162.00 OK
r-oldrel-windows-ix86+x86_64 0.3-5 47.00 97.00 144.00 OK

Check Details

Version: 0.3-5
Check: compiled code
Result: NOTE
    File ‘dynsurv/libs/dynsurv.so’:
     Found no calls to: ‘R_registerRoutines’, ‘R_useDynamicSymbols’
    
    It is good practice to register native routines and to disable symbol
    search.
    
    See ‘Writing portable packages’ in the ‘Writing R Extensions’ manual.
Flavors: r-devel-linux-x86_64-debian-clang, r-devel-linux-x86_64-debian-gcc, r-patched-linux-x86_64

Version: 0.3-5
Flags: --no-stop-on-test-error
Check: compiled code
Result: NOTE
    File ‘dynsurv/libs/dynsurv.so’:
     Found no calls to: ‘R_registerRoutines’, ‘R_useDynamicSymbols’
    
    It is good practice to register native routines and to disable symbol
    search.
    
    See ‘Writing portable packages’ in the ‘Writing R Extensions’ manual.
Flavors: r-devel-linux-x86_64-fedora-clang, r-devel-linux-x86_64-fedora-gcc, r-devel-macos-x86_64-clang