CRAN Package Check Results for Package dynsurv

Last updated on 2014-10-31 06:47:16.

Flavor Version Tinstall Tcheck Ttotal Status Flags
r-devel-linux-x86_64-debian-clang 0.2-2 14.46 25.11 39.57 NOTE
r-devel-linux-x86_64-debian-gcc 0.2-2 16.92 25.81 42.73 OK
r-devel-linux-x86_64-fedora-clang 0.2-2 85.71 NOTE
r-devel-linux-x86_64-fedora-gcc 0.2-2 79.98 OK
r-devel-osx-x86_64-clang 0.2-2 67.76 OK
r-devel-windows-ix86+x86_64 0.2-2 51.00 58.00 109.00 OK
r-patched-linux-x86_64 0.2-2 16.99 27.05 44.04 OK
r-patched-solaris-sparc 0.2-2 510.00 OK
r-patched-solaris-x86 0.2-2 140.10 OK
r-release-linux-ix86 0.2-2 22.44 33.92 56.36 OK
r-release-linux-x86_64 0.2-2 17.05 26.22 43.27 OK
r-release-osx-x86_64-mavericks 0.2-2 OK
r-release-osx-x86_64-snowleopard 0.2-2 OK
r-release-windows-ix86+x86_64 0.2-2 54.00 69.00 123.00 OK
r-oldrel-windows-ix86+x86_64 0.2-2 53.00 70.00 123.00 OK

Check Details

Version: 0.2-2
Check: installed package size
Result: NOTE
     installed size is 5.2Mb
     sub-directories of 1Mb or more:
     libs 5.0Mb
Flavors: r-devel-linux-x86_64-debian-clang, r-devel-linux-x86_64-fedora-clang