CRAN Package Check Results for Package dynsurv

Last updated on 2015-06-30 19:47:43.

Flavor Version Tinstall Tcheck Ttotal Status Flags
r-devel-linux-x86_64-debian-clang 0.2-2 12.85 18.26 31.11 NOTE
r-devel-linux-x86_64-debian-gcc 0.2-2 16.59 18.14 34.73 NOTE
r-devel-linux-x86_64-fedora-clang 0.2-2 67.07 NOTE
r-devel-linux-x86_64-fedora-gcc 0.2-2 64.48 OK
r-devel-osx-x86_64-clang 0.2-2 64.80 OK
r-devel-windows-ix86+x86_64 0.2-2 54.00 49.00 103.00 NOTE
r-patched-linux-x86_64 0.2-2 16.25 18.40 34.65 OK
r-patched-solaris-sparc 0.2-2 476.20 OK
r-patched-solaris-x86 0.2-2 122.30 OK
r-release-linux-x86_64 0.2-2 16.10 19.08 35.18 OK
r-release-osx-x86_64-mavericks 0.2-2 OK
r-release-windows-ix86+x86_64 0.2-2 77.00 46.00 123.00 OK
r-oldrel-windows-ix86+x86_64 0.2-2 54.00 76.00 130.00 OK

Check Details

Version: 0.2-2
Check: R code for possible problems
Result: NOTE
    bayesCox: no visible global function definition for ‘model.frame’
    bayesCox: no visible global function definition for ‘model.matrix’
    bayesCox: no visible global function definition for ‘tail’
    coef.bayesCox: no visible global function definition for ‘read.table’
    coef.bayesCox : f: no visible global function definition for ‘quantile’
    coef.tvTran: no visible binding for global variable ‘quantile’
    expand : foo: no visible global function definition for ‘head’
    jump.bayesCox: no visible global function definition for ‘read.table’
    nu.bayesCox: no visible global function definition for ‘read.table’
    print.bayesCox: no visible global function definition for ‘head’
    print.bayesCox: no visible binding for global variable ‘grid’
    print.tvTran: no visible global function definition for ‘head’
    splineCox: no visible global function definition for ‘model.matrix’
    splineCox: no visible global function definition for ‘model.frame’
    splineCox: no visible global function definition for ‘as.formula’
    tvTran: no visible global function definition for ‘model.frame’
    tvTran: no visible global function definition for ‘model.matrix’
    tvTran: no visible global function definition for ‘rnorm’
Flavors: r-devel-linux-x86_64-debian-clang, r-devel-linux-x86_64-debian-gcc, r-devel-linux-x86_64-fedora-clang, r-devel-windows-ix86+x86_64