CRAN Package Check Results for Package dynsurv

Last updated on 2017-02-27 18:48:52.

Flavor Version Tinstall Tcheck Ttotal Status Flags
r-devel-linux-x86_64-debian-clang 0.3-5 24.03 37.77 61.80 NOTE
r-devel-linux-x86_64-debian-gcc 0.3-5 17.45 37.28 54.73 NOTE
r-devel-linux-x86_64-fedora-clang 0.3-5 122.96 NOTE --no-stop-on-test-error
r-devel-linux-x86_64-fedora-gcc 0.3-5 115.90 NOTE --no-stop-on-test-error
r-devel-macos-x86_64-clang 0.3-5 97.85 NOTE --no-stop-on-test-error
r-devel-windows-ix86+x86_64 0.3-5 80.00 203.00 283.00 OK
r-patched-linux-x86_64 0.3-5 16.32 34.37 50.69 OK
r-patched-solaris-sparc 0.3-5 632.90 OK
r-patched-solaris-x86 0.3-5 142.80 OK
r-release-linux-x86_64 0.3-5 16.55 34.00 50.56 OK
r-release-osx-x86_64-mavericks 0.3-5 OK
r-release-windows-ix86+x86_64 0.3-5 98.00 187.00 285.00 OK
r-oldrel-windows-ix86+x86_64 0.3-5 62.00 119.00 181.00 OK

Check Details

Version: 0.3-5
Check: compiled code
Result: NOTE
    File ‘dynsurv/libs/dynsurv.so’:
     Found no calls to: ‘R_registerRoutines’, ‘R_useDynamicSymbols’
    
    It is good practice to register native routines and to disable symbol
    search.
    
    See ‘Writing portable packages’ in the ‘Writing R Extensions’ manual.
Flavors: r-devel-linux-x86_64-debian-clang, r-devel-linux-x86_64-debian-gcc

Version: 0.3-5
Flags: --no-stop-on-test-error
Check: compiled code
Result: NOTE
    File ‘dynsurv/libs/dynsurv.so’:
     Found no calls to: ‘R_registerRoutines’, ‘R_useDynamicSymbols’
    
    It is good practice to register native routines and to disable symbol
    search.
    
    See ‘Writing portable packages’ in the ‘Writing R Extensions’ manual.
Flavors: r-devel-linux-x86_64-fedora-clang, r-devel-linux-x86_64-fedora-gcc, r-devel-macos-x86_64-clang