CRAN Package Check Results for Package dynsurv

Last updated on 2016-05-26 21:49:24.

Flavor Version Tinstall Tcheck Ttotal Status Flags
r-devel-linux-x86_64-debian-gcc 0.2-2 18.46 35.40 53.86 NOTE
r-devel-linux-x86_64-fedora-clang 0.2-2 122.18 NOTE
r-devel-linux-x86_64-fedora-gcc 0.2-2 97.27 NOTE
r-devel-osx-x86_64-clang 0.2-2 121.28 NOTE
r-devel-windows-ix86+x86_64 0.2-2 82.00 84.00 166.00 NOTE
r-patched-linux-x86_64 0.2-2 16.62 34.49 51.11 NOTE
r-patched-solaris-sparc 0.2-2 619.30 NOTE
r-patched-solaris-x86 0.2-2 159.60 NOTE
r-release-linux-x86_64 0.2-2 16.64 34.70 51.34 NOTE
r-release-osx-x86_64-mavericks 0.2-2 NOTE
r-release-windows-ix86+x86_64 0.2-2 100.00 71.00 171.00 NOTE
r-oldrel-windows-ix86+x86_64 0.2-2 53.00 86.00 139.00 OK

Check Details

Version: 0.2-2
Check: R code for possible problems
Result: NOTE
    bayesCox: no visible global function definition for ‘model.frame’
    bayesCox: no visible global function definition for ‘model.matrix’
    bayesCox: no visible global function definition for ‘tail’
    coef.bayesCox: no visible global function definition for ‘read.table’
    coef.bayesCox : f: no visible global function definition for ‘quantile’
    coef.tvTran: no visible binding for global variable ‘quantile’
    expand : foo: no visible global function definition for ‘head’
    jump.bayesCox: no visible global function definition for ‘read.table’
    nu.bayesCox: no visible global function definition for ‘read.table’
    print.bayesCox: no visible global function definition for ‘head’
    print.bayesCox: no visible binding for global variable ‘grid’
    print.tvTran: no visible global function definition for ‘head’
    splineCox: no visible global function definition for ‘model.matrix’
    splineCox: no visible global function definition for ‘model.frame’
    splineCox: no visible global function definition for ‘as.formula’
    tvTran: no visible global function definition for ‘model.frame’
    tvTran: no visible global function definition for ‘model.matrix’
    tvTran: no visible global function definition for ‘rnorm’
    Undefined global functions or variables:
     as.formula grid head model.frame model.matrix quantile read.table
     rnorm tail
    Consider adding
     importFrom("graphics", "grid")
     importFrom("stats", "as.formula", "model.frame", "model.matrix",
     "quantile", "rnorm")
     importFrom("utils", "head", "read.table", "tail")
    to your NAMESPACE file.
Flavors: r-devel-linux-x86_64-debian-gcc, r-devel-linux-x86_64-fedora-clang, r-devel-linux-x86_64-fedora-gcc, r-devel-osx-x86_64-clang, r-devel-windows-ix86+x86_64, r-patched-linux-x86_64, r-patched-solaris-sparc, r-patched-solaris-x86, r-release-linux-x86_64, r-release-osx-x86_64-mavericks, r-release-windows-ix86+x86_64

Version: 0.2-2
Check: installed package size
Result: NOTE
     installed size is 5.3Mb
     sub-directories of 1Mb or more:
     libs 5.1Mb
Flavor: r-devel-linux-x86_64-fedora-clang