CRAN Package Check Results for Package dynsurv

Last updated on 2022-01-21 16:50:50 CET.

Flavor Version Tinstall Tcheck Ttotal Status Flags
r-devel-linux-x86_64-debian-clang 0.4-2 41.26 101.62 142.88 OK
r-devel-linux-x86_64-debian-gcc 0.4-2 29.55 75.96 105.51 OK
r-devel-linux-x86_64-fedora-clang 0.4-2 187.25 OK
r-devel-linux-x86_64-fedora-gcc 0.4-2 161.89 OK
r-devel-windows-x86_64-new-UL 0.4-2 58.00 140.00 198.00 OK
r-devel-windows-x86_64-new-TK 0.4-2 OK
r-patched-linux-x86_64 0.4-2 28.87 96.33 125.20 OK
r-release-linux-x86_64 0.4-2 36.26 95.41 131.67 OK
r-release-macos-arm64 0.4-2 NOTE
r-release-macos-x86_64 0.4-2 NOTE
r-release-windows-ix86+x86_64 0.4-2 76.00 155.00 231.00 OK
r-oldrel-macos-x86_64 0.4-2 NOTE
r-oldrel-windows-ix86+x86_64 0.4-2 78.00 164.00 242.00 OK

Check Details

Version: 0.4-2
Check: installed package size
Result: NOTE
     installed size is 7.1Mb
     sub-directories of 1Mb or more:
     libs 6.9Mb
Flavors: r-release-macos-arm64, r-release-macos-x86_64, r-oldrel-macos-x86_64