CRAN Package Check Results for Package dynsurv

Last updated on 2018-04-22 23:50:06 CEST.

Flavor Version Tinstall Tcheck Ttotal Status Flags
r-devel-linux-x86_64-debian-clang 0.3-6 34.81 53.07 87.88 OK
r-devel-linux-x86_64-debian-gcc 0.3-6 20.99 47.56 68.55 OK
r-devel-linux-x86_64-fedora-clang 0.3-6 125.22 NOTE
r-devel-linux-x86_64-fedora-gcc 0.3-6 104.58 OK
r-devel-windows-ix86+x86_64 0.3-6 72.00 104.00 176.00 OK
r-devel-osx-x86_64 0.3-6 NOTE
r-patched-linux-x86_64 0.3-6 26.45 58.52 84.97 OK
r-patched-solaris-x86 0.3-6 195.80 OK
r-release-linux-x86_64 0.3-6 26.81 60.07 86.88 OK
r-release-windows-ix86+x86_64 0.3-6 54.00 146.00 200.00 OK
r-release-osx-x86_64 0.3-6 NOTE
r-oldrel-windows-ix86+x86_64 0.3-6 69.00 93.00 162.00 OK

Check Details

Version: 0.3-6
Check: installed package size
Result: NOTE
     installed size is 5.3Mb
     sub-directories of 1Mb or more:
     libs 5.0Mb
Flavors: r-devel-linux-x86_64-fedora-clang, r-devel-osx-x86_64, r-release-osx-x86_64