CRAN Package Check Results for Package dynsurv

Last updated on 2017-11-21 08:57:05 CET.

Flavor Version Tinstall Tcheck Ttotal Status Flags
r-devel-linux-x86_64-debian-clang 0.3-6 23.21 33.93 57.14 OK
r-devel-linux-x86_64-debian-gcc 0.3-6 19.07 77.39 96.47 OK
r-devel-linux-x86_64-fedora-clang 0.3-6 108.00 NOTE
r-devel-linux-x86_64-fedora-gcc 0.3-6 147.27 OK
r-devel-windows-ix86+x86_64 0.3-6 64.00 95.00 159.00 OK
r-patched-linux-x86_64 0.3-6 18.00 38.77 56.77 OK
r-patched-solaris-x86 0.3-6 213.20 OK
r-release-linux-x86_64 0.3-6 17.25 39.15 56.40 OK
r-release-windows-ix86+x86_64 0.3-6 55.00 87.00 142.00 OK
r-release-osx-x86_64 0.3-6 NOTE
r-oldrel-windows-ix86+x86_64 0.3-6 54.00 89.00 143.00 OK
r-oldrel-osx-x86_64 0.3-6 OK

Check Details

Version: 0.3-6
Check: installed package size
Result: NOTE
     installed size is 5.2Mb
     sub-directories of 1Mb or more:
     libs 5.0Mb
Flavors: r-devel-linux-x86_64-fedora-clang, r-release-osx-x86_64