CRAN Package Check Results for Package dynsurv

Last updated on 2017-05-29 16:48:19.

Flavor Version Tinstall Tcheck Ttotal Status Flags
r-devel-linux-x86_64-debian-clang 0.3-5 25.57 39.81 65.39 NOTE
r-devel-linux-x86_64-debian-gcc 0.3-5 18.37 37.89 56.26 NOTE
r-devel-linux-x86_64-fedora-clang 0.3-5 132.08 NOTE
r-devel-linux-x86_64-fedora-gcc 0.3-5 116.26 NOTE
r-devel-windows-ix86+x86_64 0.3-5 50.00 120.00 170.00 OK
r-patched-linux-x86_64 0.3-5 16.33 38.87 55.19 NOTE
r-patched-solaris-sparc 0.3-5 829.20 OK
r-patched-solaris-x86 0.3-5 195.50 OK
r-release-linux-x86_64 0.3-5 16.84 39.28 56.12 NOTE
r-release-windows-ix86+x86_64 0.3-5 66.00 131.00 197.00 OK
r-release-osx-x86_64 0.3-5 NOTE
r-oldrel-windows-ix86+x86_64 0.3-5 51.00 88.00 139.00 OK
r-oldrel-osx-x86_64 0.3-5 OK

Check Details

Version: 0.3-5
Check: compiled code
Result: NOTE
    File ‘dynsurv/libs/dynsurv.so’:
     Found no calls to: ‘R_registerRoutines’, ‘R_useDynamicSymbols’
    
    It is good practice to register native routines and to disable symbol
    search.
    
    See ‘Writing portable packages’ in the ‘Writing R Extensions’ manual.
Flavors: r-devel-linux-x86_64-debian-clang, r-devel-linux-x86_64-debian-gcc, r-devel-linux-x86_64-fedora-clang, r-devel-linux-x86_64-fedora-gcc, r-patched-linux-x86_64, r-release-linux-x86_64

Version: 0.3-5
Check: installed package size
Result: NOTE
     installed size is 5.3Mb
     sub-directories of 1Mb or more:
     libs 5.1Mb
Flavor: r-release-osx-x86_64