CRAN Package Check Results for Package e1071

Last updated on 2014-04-20 01:47:55.

Flavor Version Tinstall Tcheck Ttotal Status Flags
r-devel-linux-x86_64-debian-clang 1.6-3 3.27 31.62 34.89 OK
r-devel-linux-x86_64-debian-gcc 1.6-3 3.90 31.90 35.79 OK
r-devel-linux-x86_64-fedora-clang 1.6-3 69.37 OK
r-devel-linux-x86_64-fedora-gcc 1.6-3 67.43 OK
r-devel-macosx-x86_64-clang 1.6-3 59.55 OK
r-devel-macosx-x86_64-gcc 1.6-3 NOTE
r-devel-windows-ix86+x86_64 1.6-3 14.00 64.00 78.00 OK
r-patched-linux-x86_64 1.6-3 4.01 31.62 35.63 OK
r-patched-solaris-sparc 1.6-3 393.00 OK
r-patched-solaris-x86 1.6-3 90.00 OK
r-release-linux-ix86 OK
r-release-linux-x86_64 1.6-3 3.90 32.58 36.48 OK
r-release-macosx-x86_64 1.6-3 OK
r-release-windows-ix86+x86_64 1.6-3 17.00 67.00 84.00 OK
r-oldrel-windows-ix86+x86_64 1.6-3 13.00 67.00 80.00 OK

Memtest notes: UBSAN valgrind

Check Details

Version: 1.6-3
Check: package dependencies
Result: NOTE
    Package suggested but not available for checking: ‘randomForest’
Flavor: r-devel-macosx-x86_64-gcc

Version: 1.6-3
Check: Rd cross-references
Result: NOTE
    Package unavailable to check Rd xrefs: ‘slam’
Flavor: r-devel-macosx-x86_64-gcc