CRAN Package Check Results for Package e1071

Last updated on 2014-12-22 19:48:20.

Flavor Version Tinstall Tcheck Ttotal Status Flags
r-devel-linux-x86_64-debian-clang 1.6-4 3.49 29.23 32.72 OK
r-devel-linux-x86_64-debian-gcc 1.6-4 3.88 28.41 32.28 OK
r-devel-linux-x86_64-fedora-clang 1.6-4 63.49 OK
r-devel-linux-x86_64-fedora-gcc 1.6-4 60.59 OK
r-devel-osx-x86_64-clang 1.6-4 64.02 OK
r-devel-windows-ix86+x86_64 1.6-4 17.00 61.00 78.00 OK
r-patched-linux-x86_64 1.6-4 3.87 29.72 33.59 OK
r-patched-solaris-sparc 1.6-4 379.70 OK
r-patched-solaris-x86 1.6-4 84.50 OK
r-release-linux-ix86 1.6-4 5.30 39.26 44.56 OK
r-release-linux-x86_64 1.6-4 3.89 29.66 33.55 OK
r-release-osx-x86_64-mavericks 1.6-4 NOTE
r-release-osx-x86_64-snowleopard 1.6-4 OK
r-release-windows-ix86+x86_64 1.6-4 16.00 62.00 78.00 OK
r-oldrel-windows-ix86+x86_64 1.6-4 16.00 75.00 91.00 OK

Memtest notes: UBSAN-clang-trunk UBSAN

Check Details

Version: 1.6-4
Check: re-building of vignette outputs
Result: NOTE
    Error in re-building vignettes:
     ...
    Error in texi2dvi(file = file, pdf = TRUE, clean = clean, quiet = quiet, :
     Running 'texi2dvi' on 'svminternals.tex' failed.
    LaTeX errors:
    ! LaTeX Error: File `a4wide.sty' not found.
    
    Type X to quit or <RETURN> to proceed,
    or enter new name. (Default extension: sty)
    
    est/e1071/vignettes/svminternals.tex:3: ==> Fatal error occurred, no output PD
    F file produced!
    Calls: buildVignettes -> texi2pdf -> texi2dvi
    Execution halted
Flavor: r-release-osx-x86_64-mavericks