CRAN Package Check Results for Package e1071

Last updated on 2017-07-25 19:48:04.

Flavor Version Tinstall Tcheck Ttotal Status Flags
r-devel-linux-x86_64-debian-clang 1.6-8 5.37 53.91 59.28 OK
r-devel-linux-x86_64-debian-gcc 1.6-8 4.38 53.07 57.44 OK
r-devel-linux-x86_64-fedora-clang 1.6-8 73.60 OK
r-devel-linux-x86_64-fedora-gcc 1.6-8 69.17 OK
r-devel-windows-ix86+x86_64 1.6-8 17.00 92.00 109.00 OK
r-patched-linux-x86_64 1.6-8 4.47 53.03 57.50 OK
r-patched-solaris-x86 1.6-8 90.90 OK
r-release-linux-x86_64 1.6-8 4.68 52.71 57.39 OK
r-release-windows-ix86+x86_64 1.6-8 16.00 117.00 133.00 OK
r-release-osx-x86_64 1.6-8 NOTE
r-oldrel-windows-ix86+x86_64 1.6-8 17.00 88.00 105.00 OK
r-oldrel-osx-x86_64 1.6-8 OK

Additional issues

clang-UBSAN

Check Details

Version: 1.6-8
Check: re-building of vignette outputs
Result: NOTE
    Error in re-building vignettes:
     ...
    Error in texi2dvi(file = file, pdf = TRUE, clean = clean, quiet = quiet, :
     Running 'texi2dvi' on 'svminternals.tex' failed.
    LaTeX errors:
    ! LaTeX Error: File `a4wide.sty' not found.
    
    Type X to quit or <RETURN> to proceed,
    or enter new name. (Default extension: sty)
    
    ! Emergency stop.
    <read *>
    
    l.3 \usepackage
     {Sweave}^^M
    ! ==> Fatal error occurred, no output PDF file produced!
    Calls: buildVignettes -> texi2pdf -> texi2dvi
    Execution halted
Flavor: r-release-osx-x86_64