CRAN Package Check Results for Package e1071

Last updated on 2015-02-28 05:47:58.

Flavor Version Tinstall Tcheck Ttotal Status Flags
r-devel-linux-x86_64-debian-clang 1.6-4 3.50 28.03 31.53 NOTE
r-devel-linux-x86_64-debian-gcc 1.6-4 3.83 27.19 31.02 NOTE
r-devel-linux-x86_64-fedora-clang 1.6-4 60.16 NOTE
r-devel-linux-x86_64-fedora-gcc 1.6-4 59.35 NOTE
r-devel-osx-x86_64-clang 1.6-4 63.21 NOTE
r-devel-windows-ix86+x86_64 1.6-4 20.00 63.00 83.00 NOTE
r-patched-linux-x86_64 1.6-4 3.90 29.86 33.76 NOTE
r-patched-solaris-sparc 1.6-4 412.30 NOTE
r-release-linux-ix86 1.6-4 5.72 42.02 47.74 OK
r-release-linux-x86_64 1.6-4 3.87 31.28 35.14 OK
r-release-osx-x86_64-mavericks 1.6-4 OK
r-release-osx-x86_64-snowleopard 1.6-4 OK
r-release-windows-ix86+x86_64 1.6-4 16.00 67.00 83.00 OK
r-oldrel-windows-ix86+x86_64 1.6-4 16.00 71.00 87.00 OK

Memtest notes: UBSAN-clang-trunk UBSAN

Check Details

Version: 1.6-4
Check: dependencies in R code
Result: NOTE
    'library' or 'require' calls in package code:
     ‘Matrix’ ‘SparseM’ ‘nnet’ ‘randomForest’ ‘rpart’
     Please use :: or requireNamespace() instead.
     See section 'Suggested packages' in the 'Writing R Extensions' manual.
Flavors: r-devel-linux-x86_64-debian-clang, r-devel-linux-x86_64-debian-gcc, r-devel-linux-x86_64-fedora-clang, r-devel-linux-x86_64-fedora-gcc, r-devel-osx-x86_64-clang, r-devel-windows-ix86+x86_64, r-patched-linux-x86_64, r-patched-solaris-sparc