CRAN Package Check Results for Package e1071

Last updated on 2015-05-05 17:47:17.

Flavor Version Tinstall Tcheck Ttotal Status Flags
r-devel-linux-x86_64-debian-clang 1.6-4 3.58 28.63 32.20 NOTE
r-devel-linux-x86_64-debian-gcc 1.6-4 3.86 27.24 31.10 NOTE
r-devel-linux-x86_64-fedora-clang 1.6-4 61.35 NOTE
r-devel-linux-x86_64-fedora-gcc 1.6-4 58.44 NOTE
r-devel-osx-x86_64-clang 1.6-4 62.56 NOTE
r-devel-windows-ix86+x86_64 1.6-4 16.00 63.00 79.00 NOTE
r-patched-linux-x86_64 1.6-4 3.92 27.69 31.62 NOTE
r-patched-solaris-sparc 1.6-4 393.30 NOTE
r-patched-solaris-x86 1.6-4 79.90 NOTE
r-release-linux-x86_64 1.6-4 3.90 27.38 31.28 NOTE
r-release-osx-x86_64-mavericks 1.6-4 NOTE
r-release-osx-x86_64-snowleopard 1.6-4 NOTE
r-release-windows-ix86+x86_64 1.6-4 17.00 81.00 98.00 NOTE
r-oldrel-windows-ix86+x86_64 1.6-4 16.00 91.00 107.00 NOTE

Memtest notes: UBSAN

Check Details

Version: 1.6-4
Check: dependencies in R code
Result: NOTE
    'library' or 'require' calls in package code:
     ‘Matrix’ ‘SparseM’ ‘nnet’ ‘randomForest’ ‘rpart’
     Please use :: or requireNamespace() instead.
     See section 'Suggested packages' in the 'Writing R Extensions' manual.
Flavors: r-devel-linux-x86_64-debian-clang, r-devel-linux-x86_64-debian-gcc, r-devel-linux-x86_64-fedora-clang, r-devel-linux-x86_64-fedora-gcc, r-devel-osx-x86_64-clang, r-devel-windows-ix86+x86_64, r-patched-linux-x86_64, r-patched-solaris-sparc, r-patched-solaris-x86, r-release-linux-x86_64, r-release-osx-x86_64-mavericks, r-release-osx-x86_64-snowleopard, r-release-windows-ix86+x86_64, r-oldrel-windows-ix86+x86_64