CRAN Package Check Results for Package e1071

Last updated on 2015-03-29 19:48:38.

Flavor Version Tinstall Tcheck Ttotal Status Flags
r-devel-linux-x86_64-debian-clang 1.6-4 3.61 29.32 32.93 NOTE
r-devel-linux-x86_64-debian-gcc 1.6-4 3.77 28.10 31.86 NOTE
r-devel-linux-x86_64-fedora-clang 1.6-4 60.38 NOTE
r-devel-linux-x86_64-fedora-gcc 1.6-4 60.74 NOTE
r-devel-osx-x86_64-clang 1.6-4 72.84 NOTE
r-prerel-windows-ix86+x86_64 1.6-4 24.00 64.00 88.00 NOTE
r-prerel-linux-x86_64 1.6-4 3.76 27.40 31.16 NOTE
r-prerel-solaris-sparc 1.6-4 393.30 NOTE
r-prerel-solaris-x86 1.6-4 77.60 NOTE
r-release-linux-x86_64 1.6-4 4.32 29.90 34.22 NOTE
r-release-osx-x86_64-mavericks 1.6-4 OK
r-release-osx-x86_64-snowleopard 1.6-4 OK
r-release-windows-ix86+x86_64 1.6-4 16.00 65.00 81.00 NOTE
r-oldrel-windows-ix86+x86_64 1.6-4 16.00 99.00 115.00 OK

Memtest notes: UBSAN

Check Details

Version: 1.6-4
Check: dependencies in R code
Result: NOTE
    'library' or 'require' calls in package code:
     ‘Matrix’ ‘SparseM’ ‘nnet’ ‘randomForest’ ‘rpart’
     Please use :: or requireNamespace() instead.
     See section 'Suggested packages' in the 'Writing R Extensions' manual.
Flavors: r-devel-linux-x86_64-debian-clang, r-devel-linux-x86_64-debian-gcc, r-devel-linux-x86_64-fedora-clang, r-devel-linux-x86_64-fedora-gcc, r-devel-osx-x86_64-clang, r-prerel-windows-ix86+x86_64, r-prerel-linux-x86_64, r-prerel-solaris-sparc, r-prerel-solaris-x86, r-release-linux-x86_64, r-release-windows-ix86+x86_64