CRAN Package Check Results for Package e1071

Last updated on 2015-01-27 12:47:26.

Flavor Version Tinstall Tcheck Ttotal Status Flags
r-devel-linux-x86_64-debian-clang 1.6-4 3.38 28.36 31.74 NOTE
r-devel-linux-x86_64-debian-gcc 1.6-4 4.12 27.55 31.67 NOTE
r-devel-linux-x86_64-fedora-clang 1.6-4 63.75 NOTE
r-devel-linux-x86_64-fedora-gcc 1.6-4 64.10 NOTE
r-devel-osx-x86_64-clang 1.6-4 65.96 NOTE
r-devel-windows-ix86+x86_64 1.6-4 15.00 63.00 78.00 NOTE
r-patched-linux-x86_64 1.6-4 3.88 29.32 33.20 OK
r-patched-solaris-sparc 1.6-4 379.30 OK
r-patched-solaris-x86 1.6-4 83.60 OK
r-release-linux-ix86 1.6-4 5.45 39.62 45.07 OK
r-release-linux-x86_64 1.6-4 4.02 29.84 33.86 OK
r-release-osx-x86_64-mavericks 1.6-4 OK
r-release-osx-x86_64-snowleopard 1.6-4 OK
r-release-windows-ix86+x86_64 1.6-4 16.00 65.00 81.00 OK
r-oldrel-windows-ix86+x86_64 1.6-4 23.00 68.00 91.00 OK

Memtest notes: UBSAN-clang-trunk UBSAN

Check Details

Version: 1.6-4
Check: dependencies in R code
Result: NOTE
    'library' or 'require' calls in package code:
     ‘Matrix’ ‘SparseM’ ‘nnet’ ‘randomForest’ ‘rpart’
     Please use :: or requireNamespace() instead.
     See section 'Suggested packages' in the 'Writing R Extensions' manual.
Flavors: r-devel-linux-x86_64-debian-clang, r-devel-linux-x86_64-debian-gcc, r-devel-linux-x86_64-fedora-clang, r-devel-linux-x86_64-fedora-gcc, r-devel-osx-x86_64-clang, r-devel-windows-ix86+x86_64