CRAN Package Check Results for Package e1071

Last updated on 2015-07-05 22:47:24.

Flavor Version Tinstall Tcheck Ttotal Status Flags
r-devel-linux-x86_64-debian-clang 1.6-4 3.56 26.90 30.46 NOTE
r-devel-linux-x86_64-debian-gcc 1.6-4 3.83 26.78 30.61 NOTE
r-devel-linux-x86_64-fedora-clang 1.6-4 58.17 NOTE
r-devel-linux-x86_64-fedora-gcc 1.6-4 53.63 NOTE
r-devel-osx-x86_64-clang 1.6-4 56.73 NOTE
r-devel-windows-ix86+x86_64 1.6-4 23.00 65.00 88.00 NOTE
r-patched-linux-x86_64 1.6-4 3.89 26.65 30.54 NOTE
r-patched-solaris-sparc 1.6-4 376.90 NOTE
r-patched-solaris-x86 1.6-4 78.60 NOTE
r-release-linux-x86_64 1.6-4 3.83 26.99 30.82 NOTE
r-release-osx-x86_64-mavericks 1.6-4 NOTE
r-release-windows-ix86+x86_64 1.6-4 21.00 95.00 116.00 NOTE
r-oldrel-windows-ix86+x86_64 1.6-4 21.00 67.00 88.00 NOTE

Memtest notes: UBSAN

Check Details

Version: 1.6-4
Check: dependencies in R code
Result: NOTE
    'library' or 'require' calls in package code:
     ‘Matrix’ ‘SparseM’ ‘nnet’ ‘randomForest’ ‘rpart’
     Please use :: or requireNamespace() instead.
     See section 'Suggested packages' in the 'Writing R Extensions' manual.
Flavors: r-devel-linux-x86_64-debian-clang, r-devel-linux-x86_64-debian-gcc, r-devel-linux-x86_64-fedora-clang, r-devel-linux-x86_64-fedora-gcc, r-devel-osx-x86_64-clang, r-devel-windows-ix86+x86_64, r-patched-linux-x86_64, r-patched-solaris-sparc, r-patched-solaris-x86, r-release-linux-x86_64, r-release-osx-x86_64-mavericks, r-release-windows-ix86+x86_64, r-oldrel-windows-ix86+x86_64

Version: 1.6-4
Check: R code for possible problems
Result: NOTE
    bclust: no visible global function definition for ‘complete.cases’
    bootstrap.lca: no visible global function definition for ‘runif’
    bootstrap.lca: no visible global function definition for ‘sd’
    bootstrap.lca: no visible global function definition for ‘pnorm’
    cshell: no visible global function definition for ‘runif’
    cshell: no visible global function definition for ‘optim’
    fclustIndex : separation.index: no visible global function definition
     for ‘dist’
    hclust.bclust: no visible global function definition for ‘dist’
    hclust.bclust: no visible global function definition for ‘cmdscale’
    hclust.bclust: no visible global function definition for ‘cutree’
    hclust.bclust: no visible global function definition for ‘kmeans’
    ica: no visible global function definition for ‘rnorm’
    impute : <anonymous>: no visible global function definition for
     ‘median’
    lca: no visible global function definition for ‘runif’
    matchControls: no visible global function definition for
     ‘model.response’
    naiveBayes.default : est: no visible binding for global variable ‘sd’
    naiveBayes.formula: no visible binding for global variable ‘na.pass’
    naiveBayes.formula: no visible global function definition for
     ‘model.extract’
    plot.svm: no visible global function definition for ‘delete.response’
    plot.svm: no visible global function definition for ‘terms’
    plot.svm: no visible global function definition for ‘model.frame’
    plot.svm: no visible global function definition for ‘predict’
    plot.svm: no visible global function definition for ‘model.response’
    plot.tune: no visible global function definition for ‘xtabs’
    predict.naiveBayes : <anonymous> : <anonymous>: no visible global
     function definition for ‘dnorm’
    predict.svm: no visible binding for global variable ‘na.omit’
    predict.svm: no visible global function definition for ‘fitted’
    predict.svm: no visible global function definition for ‘as’
    predict.svm: no visible global function definition for ‘new’
    predict.svm: no visible global function definition for ‘model.matrix’
    predict.svm: no visible global function definition for
     ‘delete.response’
    predict.svm: no visible global function definition for ‘terms’
    predict.svm: no visible global function definition for ‘napredict’
    probplot: no visible binding for global variable ‘qnorm’
    probplot: no visible global function definition for ‘ppoints’
    probplot: no visible global function definition for ‘quantile’
    rbridge: no visible global function definition for ‘ts’
    rbridge: no visible global function definition for ‘time’
    read.matrix.csr: no visible global function definition for ‘new’
    read.matrix.csr: no visible global function definition for ‘getClass’
    rwiener: no visible global function definition for ‘rnorm’
    rwiener: no visible global function definition for ‘ts’
    scale.data.frame: no visible global function definition for ‘na.omit’
    stft: no visible global function definition for ‘fft’
    summary.lca: no visible global function definition for ‘pchisq’
    svm.default: no visible binding for global variable ‘na.omit’
    svm.default: no visible global function definition for ‘as’
    svm.default: no visible global function definition for ‘new’
    svm.default: no visible global function definition for ‘na.fail’
    svm.default: no visible binding for global variable ‘var’
    svm.default: no visible global function definition for ‘predict’
    svm.formula: no visible binding for global variable ‘na.omit’
    svm.formula: no visible global function definition for ‘model.matrix’
    svm.formula: no visible global function definition for ‘model.extract’
    tune: no visible binding for global variable ‘predict’
    tune : resp: no visible global function definition for ‘model.response’
    tune : resp: no visible global function definition for ‘model.frame’
    tune: no visible global function definition for ‘model.frame’
    tune.control: no visible binding for global variable ‘sd’
    tune.nnet: no visible binding for global variable ‘predict’
    tune.nnet: no visible global function definition for ‘model.response’
    tune.nnet: no visible global function definition for ‘model.frame’
    tune.nnet : predict.func: no visible global function definition for
     ‘predict’
    tune.rpart: no visible binding for global variable ‘na.omit’
    tune.rpart: no visible global function definition for ‘model.response’
    tune.rpart: no visible global function definition for ‘model.frame’
    tune.rpart : <anonymous>: no visible global function definition for
     ‘predict’
    tune.rpart: no visible binding for global variable ‘predict’
    Undefined global functions or variables:
     as cmdscale complete.cases cutree delete.response dist dnorm fft
     fitted getClass kmeans median model.extract model.frame model.matrix
     model.response na.fail na.omit na.pass napredict new optim pchisq
     pnorm ppoints predict qnorm quantile rnorm runif sd terms time ts var
     xtabs
Flavors: r-devel-linux-x86_64-debian-clang, r-devel-linux-x86_64-debian-gcc, r-devel-linux-x86_64-fedora-clang, r-devel-linux-x86_64-fedora-gcc, r-devel-windows-ix86+x86_64