CRAN Package Check Results for Package e1071

Last updated on 2014-07-31 03:48:31.

Flavor Version Tinstall Tcheck Ttotal Status Flags
r-devel-linux-x86_64-debian-clang 1.6-3 3.13 30.56 33.70 OK
r-devel-linux-x86_64-debian-gcc 1.6-3 3.90 29.97 33.88 OK
r-devel-linux-x86_64-fedora-clang 1.6-3 69.84 OK
r-devel-linux-x86_64-fedora-gcc 1.6-3 65.51 OK
r-devel-osx-x86_64-clang 1.6-3 65.56 OK
r-devel-windows-ix86+x86_64 1.6-3 16.00 66.00 82.00 OK
r-patched-linux-x86_64 1.6-3 3.91 29.74 33.64 OK
r-patched-solaris-sparc 1.6-3 396.80 OK
r-patched-solaris-x86 1.6-3 91.70 OK
r-release-linux-ix86 1.6-3 5.38 42.23 47.61 OK
r-release-linux-x86_64 1.6-3 4.08 29.96 34.05 OK
r-release-osx-x86_64-mavericks 1.6-3 NOTE
r-release-osx-x86_64-snowleopard 1.6-3 OK
r-release-windows-ix86+x86_64 1.6-3 24.00 90.00 114.00 OK
r-oldrel-windows-ix86+x86_64 1.6-3 24.00 92.00 116.00 OK

Memtest notes: UBSAN valgrind

Check Details

Version: 1.6-3
Check: re-building of vignette outputs
Result: NOTE
    Error in re-building vignettes:
     ...
    Error in texi2dvi(file = file, pdf = TRUE, clean = clean, quiet = quiet, :
     Running 'texi2dvi' on 'svminternals.tex' failed.
    LaTeX errors:
    ! LaTeX Error: File `a4wide.sty' not found.
    
    Type X to quit or <RETURN> to proceed,
    or enter new name. (Default extension: sty)
    
    est/e1071/vignettes/svminternals.tex:3: ==> Fatal error occurred, no output PD
    F file produced!
    Calls: buildVignettes -> texi2pdf -> texi2dvi
    Execution halted
Flavor: r-release-osx-x86_64-mavericks