CRAN Package Check Results for Package e1071

Last updated on 2014-11-23 03:47:57.

Flavor Version Tinstall Tcheck Ttotal Status Flags
r-devel-linux-x86_64-debian-clang 1.6-4 3.56 29.36 32.92 OK
r-devel-linux-x86_64-debian-gcc 1.6-4 4.01 28.26 32.27 OK
r-devel-linux-x86_64-fedora-clang 1.6-4 63.60 OK
r-devel-linux-x86_64-fedora-gcc 1.6-4 61.18 OK
r-devel-osx-x86_64-clang 1.6-4 64.92 OK
r-devel-windows-ix86+x86_64 1.6-4 16.00 65.00 81.00 OK
r-patched-linux-x86_64 1.6-4 3.93 29.24 33.17 OK
r-patched-solaris-sparc 1.6-4 362.20 OK
r-patched-solaris-x86 1.6-4 85.00 OK
r-release-linux-ix86 1.6-4 5.37 39.14 44.51 OK
r-release-linux-x86_64 1.6-4 3.96 30.28 34.24 OK
r-release-osx-x86_64-mavericks 1.6-4 NOTE
r-release-osx-x86_64-snowleopard 1.6-4 OK
r-release-windows-ix86+x86_64 1.6-4 18.00 65.00 83.00 OK
r-oldrel-windows-ix86+x86_64 1.6-4 14.00 73.00 87.00 OK

Memtest notes: UBSAN

Check Details

Version: 1.6-4
Check: re-building of vignette outputs
Result: NOTE
    Error in re-building vignettes:
     ...
    Error in texi2dvi(file = file, pdf = TRUE, clean = clean, quiet = quiet, :
     Running 'texi2dvi' on 'svminternals.tex' failed.
    LaTeX errors:
    ! LaTeX Error: File `a4wide.sty' not found.
    
    Type X to quit or <RETURN> to proceed,
    or enter new name. (Default extension: sty)
    
    est/e1071/vignettes/svminternals.tex:3: ==> Fatal error occurred, no output PD
    F file produced!
    Calls: buildVignettes -> texi2pdf -> texi2dvi
    Execution halted
Flavor: r-release-osx-x86_64-mavericks