CRAN Package Check Results for Package e1071

Last updated on 2014-09-18 21:46:43.

Flavor Version Tinstall Tcheck Ttotal Status Flags
r-devel-linux-x86_64-debian-clang 1.6-4 3.58 28.86 32.44 OK
r-devel-linux-x86_64-debian-gcc 1.6-4 3.93 28.75 32.68 OK
r-devel-linux-x86_64-fedora-clang 1.6-4 61.44 OK
r-devel-linux-x86_64-fedora-gcc 1.6-4 60.77 OK
r-devel-osx-x86_64-clang 1.6-4 59.44 OK
r-devel-windows-ix86+x86_64 1.6-4 15.00 61.00 76.00 OK
r-patched-linux-x86_64 1.6-4 3.89 31.97 35.86 OK
r-patched-solaris-sparc 1.6-4 362.20 OK
r-patched-solaris-x86 1.6-4 88.40 OK
r-release-linux-ix86 1.6-4 5.52 42.74 48.26 OK
r-release-linux-x86_64 1.6-4 3.92 31.85 35.76 OK
r-release-osx-x86_64-mavericks 1.6-4 NOTE
r-release-osx-x86_64-snowleopard 1.6-4 OK
r-release-windows-ix86+x86_64 1.6-4 15.00 67.00 82.00 OK
r-oldrel-windows-ix86+x86_64 1.6-4 17.00 63.00 80.00 OK

Memtest notes: UBSAN

Check Details

Version: 1.6-4
Check: re-building of vignette outputs
Result: NOTE
    Error in re-building vignettes:
     ...
    Error in texi2dvi(file = file, pdf = TRUE, clean = clean, quiet = quiet, :
     Running 'texi2dvi' on 'svminternals.tex' failed.
    LaTeX errors:
    ! LaTeX Error: File `a4wide.sty' not found.
    
    Type X to quit or <RETURN> to proceed,
    or enter new name. (Default extension: sty)
    
    est/e1071/vignettes/svminternals.tex:3: ==> Fatal error occurred, no output PD
    F file produced!
    Calls: buildVignettes -> texi2pdf -> texi2dvi
    Execution halted
Flavor: r-release-osx-x86_64-mavericks