CRAN Package Check Results for Package e1071

Last updated on 2017-04-26 03:48:07.

Flavor Version Tinstall Tcheck Ttotal Status Flags
r-devel-linux-x86_64-debian-clang 1.6-8 5.35 34.40 39.75 OK
r-devel-linux-x86_64-debian-gcc 1.6-8 4.75 34.03 38.78 OK
r-devel-linux-x86_64-fedora-clang 1.6-8 71.46 OK --no-stop-on-test-error
r-devel-linux-x86_64-fedora-gcc 1.6-8 68.95 OK --no-stop-on-test-error
r-devel-windows-ix86+x86_64 1.6-8 24.00 90.00 114.00 OK
r-patched-linux-x86_64 1.6-8 4.22 34.19 38.41 OK
r-patched-solaris-sparc 1.6-8 427.20 OK
r-patched-solaris-x86 1.6-8 88.40 OK
r-release-linux-x86_64 1.6-8 6.19 33.80 39.99 OK
r-release-windows-ix86+x86_64 1.6-8 17.00 87.00 104.00 OK
r-release-osx-x86_64 1.6-8 NOTE
r-oldrel-windows-ix86+x86_64 1.6-8 17.00 75.00 92.00 OK
r-oldrel-osx-x86_64 1.6-8 OK

Memtest notes: clang-UBSAN

Check Details

Version: 1.6-8
Check: re-building of vignette outputs
Result: NOTE
    Error in re-building vignettes:
     ...
    Error in texi2dvi(file = file, pdf = TRUE, clean = clean, quiet = quiet, :
     Running 'texi2dvi' on 'svminternals.tex' failed.
    LaTeX errors:
    ! LaTeX Error: File `a4wide.sty' not found.
    
    Type X to quit or <RETURN> to proceed,
    or enter new name. (Default extension: sty)
    
    ! Emergency stop.
    <read *>
    
    l.3 \usepackage
     {Sweave}^^M
    ! ==> Fatal error occurred, no output PDF file produced!
    Calls: buildVignettes -> texi2pdf -> texi2dvi
    Execution halted
Flavor: r-release-osx-x86_64