CRAN Package Check Results for Package e1071

Last updated on 2017-09-22 10:47:15.

Flavor Version Tinstall Tcheck Ttotal Status Flags
r-devel-linux-x86_64-debian-clang 1.6-8 4.90 35.08 39.97 OK
r-devel-linux-x86_64-debian-gcc 1.6-8 4.46 34.03 38.50 OK
r-devel-linux-x86_64-fedora-clang 1.6-8 70.79 OK
r-devel-linux-x86_64-fedora-gcc 1.6-8 69.17 OK
r-devel-windows-ix86+x86_64 1.6-8 15.00 87.00 102.00 OK
r-patched-linux-x86_64 1.6-8 4.41 34.68 39.09 OK
r-patched-solaris-x86 1.6-8 93.70 OK
r-release-linux-x86_64 1.6-8 4.48 33.94 38.43 OK
r-release-windows-ix86+x86_64 1.6-8 18.00 95.00 113.00 OK
r-release-osx-x86_64 1.6-8 NOTE
r-oldrel-windows-ix86+x86_64 1.6-8 16.00 83.00 99.00 OK
r-oldrel-osx-x86_64 1.6-8 OK

Additional issues

clang-UBSAN

Check Details

Version: 1.6-8
Check: re-building of vignette outputs
Result: NOTE
    Error in re-building vignettes:
     ...
    Error in texi2dvi(file = file, pdf = TRUE, clean = clean, quiet = quiet, :
     Running 'texi2dvi' on 'svminternals.tex' failed.
    LaTeX errors:
    ! LaTeX Error: File `a4wide.sty' not found.
    
    Type X to quit or <RETURN> to proceed,
    or enter new name. (Default extension: sty)
    
    ! Emergency stop.
    <read *>
    
    l.3 \usepackage
     {Sweave}^^M
    ! ==> Fatal error occurred, no output PDF file produced!
    Calls: buildVignettes -> texi2pdf -> texi2dvi
    Execution halted
Flavor: r-release-osx-x86_64