CRAN Package Check Results for Package eHOF

Last updated on 2015-03-05 02:47:36.

Flavor Version Tinstall Tcheck Ttotal Status Flags
r-devel-linux-x86_64-debian-clang 1.5.7 3.08 71.22 74.30 NOTE
r-devel-linux-x86_64-debian-gcc 1.5.7 2.83 63.70 66.53 NOTE
r-devel-linux-x86_64-fedora-clang 1.5.7 133.29 NOTE
r-devel-linux-x86_64-fedora-gcc 1.5.7 125.58 NOTE
r-devel-osx-x86_64-clang 1.5.7 118.66 NOTE
r-devel-windows-ix86+x86_64 1.5.7 9.00 94.00 103.00 OK
r-patched-linux-x86_64 1.5.7 3.72 76.77 80.49 OK
r-patched-solaris-sparc 1.5.7 1003.30 OK
r-patched-solaris-x86 1.5.7 207.20 OK
r-release-linux-ix86 1.5.7 4.28 98.96 103.24 OK
r-release-linux-x86_64 1.5.7 3.98 78.46 82.44 OK
r-release-osx-x86_64-mavericks 1.5.7 OK
r-release-osx-x86_64-snowleopard 1.5.7 OK
r-release-windows-ix86+x86_64 1.5.7 11.00 124.00 135.00 OK
r-oldrel-windows-ix86+x86_64 1.5.7 9.00 109.00 118.00 OK

Check Details

Version: 1.5.7
Check: S3 generic/method consistency
Result: NOTE
    Found the following apparent S3 methods exported but not registered:
     HOF.fun HOF.model Para.deriv Para.niche Para.opt
    See section ‘Registering S3 methods’ in the ‘Writing R Extensions’
    manual.
Flavors: r-devel-linux-x86_64-debian-clang, r-devel-linux-x86_64-debian-gcc, r-devel-linux-x86_64-fedora-clang, r-devel-linux-x86_64-fedora-gcc, r-devel-osx-x86_64-clang