CRAN Package Check Results for Package eHOF

Last updated on 2016-12-09 23:49:29.

Flavor Version Tinstall Tcheck Ttotal Status Flags
r-devel-linux-x86_64-debian-clang 1.7 2.50 55.11 57.62 OK
r-devel-linux-x86_64-debian-gcc 1.7 2.66 53.32 55.98 OK
r-devel-linux-x86_64-fedora-clang 1.7 125.13 OK --no-stop-on-test-error
r-devel-linux-x86_64-fedora-gcc 1.7 119.76 OK --no-stop-on-test-error
r-devel-macos-x86_64-clang 1.7 88.20 OK --no-stop-on-test-error
r-devel-windows-ix86+x86_64 1.7 7.00 92.00 99.00 OK
r-patched-linux-x86_64 1.7 2.48 46.97 49.44 OK
r-patched-solaris-sparc 1.7 488.40 WARN
r-patched-solaris-x86 1.7 108.30 WARN
r-release-linux-x86_64 1.7 2.38 46.29 48.67 OK
r-release-osx-x86_64-mavericks 1.7 OK
r-release-windows-ix86+x86_64 1.7 7.00 83.00 90.00 OK
r-oldrel-windows-ix86+x86_64 1.7 11.00 79.00 90.00 OK

Check Details

Version: 1.7
Check: re-building of vignette outputs
Result: WARN
    Error in re-building vignettes:
     ...
    Loading required package: foreign
    This is vegdata 0.8.9
    
    No Turbowin installation path found.
    
    ############################################################
    Turboveg root directory is set to "/tmp/RtmpV.aO1d"
    If you want to change this use: options(tv_home="<path_to_your_Turbowin_root>")
    ############################################################
    Quitting from lines 52-62 (eHOF.Rnw)
    Error: processing vignette 'eHOF.Rnw' failed with diagnostics:
    unsupported conversion from 'CP437' to ''
    Execution halted
Flavor: r-patched-solaris-sparc

Version: 1.7
Check: re-building of vignette outputs
Result: WARN
    Error in re-building vignettes:
     ...
    Loading required package: foreign
    This is vegdata 0.9
    
    No Turbowin installation path found.
    
    ############################################################
    Turboveg root directory is set to "/tmp/RtmpoUaOrW"
    If you want to change this use: options(tv_home="<path_to_your_Turbowin_root>")
    ############################################################
    Quitting from lines 52-62 (eHOF.Rnw)
    Error: processing vignette 'eHOF.Rnw' failed with diagnostics:
    unsupported conversion from 'CP437' to ''
    Execution halted
Flavor: r-patched-solaris-x86