CRAN Package Check Results for Package eHOF

Last updated on 2016-09-28 15:47:54.

Flavor Version Tinstall Tcheck Ttotal Status Flags
r-devel-linux-x86_64-debian-clang 1.7 2.42 46.26 48.69 OK
r-devel-linux-x86_64-debian-gcc 1.7 2.36 46.20 48.57 OK
r-devel-linux-x86_64-fedora-clang 1.7 100.03 OK
r-devel-linux-x86_64-fedora-gcc 1.7 94.87 OK
r-devel-macos-x86_64-clang 1.7 74.36 OK
r-devel-windows-ix86+x86_64 1.7 12.00 104.00 116.00 OK
r-patched-linux-x86_64 1.7 2.37 45.77 48.13 OK
r-patched-solaris-sparc 1.7 488.40 WARN
r-patched-solaris-x86 1.7 107.60 WARN
r-release-linux-x86_64 1.7 2.35 46.40 48.75 OK
r-release-osx-x86_64-mavericks 1.7 OK
r-release-windows-ix86+x86_64 1.7 10.00 78.00 88.00 OK
r-oldrel-windows-ix86+x86_64 1.7 12.00 115.00 127.00 OK

Check Details

Version: 1.7
Check: re-building of vignette outputs
Result: WARN
    Error in re-building vignettes:
     ...
    Loading required package: foreign
    This is vegdata 0.8.9
    
    No Turbowin installation path found.
    
    ############################################################
    Turboveg root directory is set to "/tmp/RtmpV.aO1d"
    If you want to change this use: options(tv_home="<path_to_your_Turbowin_root>")
    ############################################################
    Quitting from lines 52-62 (eHOF.Rnw)
    Error: processing vignette 'eHOF.Rnw' failed with diagnostics:
    unsupported conversion from 'CP437' to ''
    Execution halted
Flavor: r-patched-solaris-sparc

Version: 1.7
Check: re-building of vignette outputs
Result: WARN
    Error in re-building vignettes:
     ...
    Loading required package: foreign
    This is vegdata 0.9
    
    No Turbowin installation path found.
    
    ############################################################
    Turboveg root directory is set to "/tmp/RtmpQJaOzA"
    If you want to change this use: options(tv_home="<path_to_your_Turbowin_root>")
    ############################################################
    Quitting from lines 52-62 (eHOF.Rnw)
    Error: processing vignette 'eHOF.Rnw' failed with diagnostics:
    unsupported conversion from 'CP437' to ''
    Execution halted
Flavor: r-patched-solaris-x86