CRAN Package Check Results for Package eHOF

Last updated on 2014-07-31 19:48:08.

Flavor Version Tinstall Tcheck Ttotal Status Flags
r-devel-linux-x86_64-debian-clang 1.4 3.57 67.03 70.60 OK
r-devel-linux-x86_64-debian-gcc 1.4 3.52 65.96 69.48 OK
r-devel-linux-x86_64-fedora-clang 1.4 167.17 OK
r-devel-linux-x86_64-fedora-gcc 1.4 154.82 OK
r-devel-osx-x86_64-clang 1.4 128.26 OK
r-devel-windows-ix86+x86_64 1.4 10.00 99.00 109.00 OK
r-patched-linux-x86_64 1.4 3.58 66.63 70.22 OK
r-patched-solaris-sparc 1.4 933.30 OK
r-patched-solaris-x86 1.4 201.30 OK
r-release-linux-ix86 1.4 4.27 85.05 89.32 OK
r-release-linux-x86_64 1.4 3.62 68.38 72.00 OK
r-release-osx-x86_64-mavericks 1.4 NOTE
r-release-osx-x86_64-snowleopard 1.4 OK
r-release-windows-ix86+x86_64 1.4 13.00 136.00 149.00 OK
r-oldrel-windows-ix86+x86_64 1.4 13.00 130.00 143.00 OK

Check Details

Version: 1.4
Check: re-building of vignette outputs
Result: NOTE
    Error in re-building vignettes:
     ...
    Warning: running command 'kpsewhich framed.sty' had status 1
    Warning in test_latex_pkg("framed", system.file("misc", "framed.sty", package = "knitr")) :
     unable to find LaTeX package 'framed'; will use a copy from knitr
    Loading required package: foreign
    This is vegdata 0.6-6
    ############################################################
    Turboveg root directory is set to "/var/folders/8q/c881c7rn7_x34vj58f4ywhvm0000h3/T//Rtmp2Wi6KR"
    If you want to change this use: options(tv_home="<path_to_your_Turbowin_root>")
    ############################################################
    Error in texi2dvi(file = file, pdf = TRUE, clean = clean, quiet = quiet, :
     Running 'texi2dvi' on 'eHOF.tex' failed.
    LaTeX errors:
    ! LaTeX Error: File `utf8x.def' not found.
    
    Type X to quit or <RETURN> to proceed,
    or enter new name. (Default extension: def)
    Calls: buildVignettes -> texi2pdf -> texi2dvi
    Execution halted
Flavor: r-release-osx-x86_64-mavericks