CRAN Package Check Results for Package eHOF

Last updated on 2017-03-24 06:48:07.

Flavor Version Tinstall Tcheck Ttotal Status Flags
r-devel-linux-x86_64-debian-clang 1.8 2.46 51.00 53.46 OK
r-devel-linux-x86_64-debian-gcc 1.8 2.65 51.17 53.82 OK
r-devel-linux-x86_64-fedora-clang 1.8 121.15 OK --no-stop-on-test-error
r-devel-linux-x86_64-fedora-gcc 1.8 118.11 OK --no-stop-on-test-error
r-devel-macos-x86_64-clang 1.8 89.13 OK --no-stop-on-test-error
r-devel-windows-ix86+x86_64 1.8 8.00 90.00 98.00 OK
r-patched-linux-x86_64 1.8 2.55 44.90 47.45 OK
r-patched-solaris-sparc 1.8 562.80 WARN
r-patched-solaris-x86 1.8 131.10 WARN
r-release-linux-x86_64 1.8 2.70 45.64 48.34 OK
r-release-osx-x86_64-mavericks 1.8 OK
r-release-windows-ix86+x86_64 1.8 11.00 83.00 94.00 OK
r-oldrel-windows-ix86+x86_64 1.8 10.00 125.00 135.00 OK

Check Details

Version: 1.8
Check: re-building of vignette outputs
Result: WARN
    Error in re-building vignettes:
     ...
    Loading required package: foreign
    This is vegdata 0.9
    
    No Turbowin installation path found.
    
    ############################################################
    Turboveg root directory is set to "/tmp/RtmppUayQ5"
    If you want to change this use: options(tv_home="<path_to_your_Turbowin_root>")
    ############################################################
    Quitting from lines 51-61 (eHOF.Rnw)
    Error: processing vignette 'eHOF.Rnw' failed with diagnostics:
    unsupported conversion from 'CP437' to ''
    Execution halted
Flavor: r-patched-solaris-sparc

Version: 1.8
Check: re-building of vignette outputs
Result: WARN
    Error in re-building vignettes:
     ...
    Loading required package: foreign
    This is vegdata 0.9
    
    No Turbowin installation path found.
    
    ############################################################
    Turboveg root directory is set to "/tmp/RtmpLuaavW"
    If you want to change this use: options(tv_home="<path_to_your_Turbowin_root>")
    ############################################################
    Quitting from lines 51-61 (eHOF.Rnw)
    Error: processing vignette 'eHOF.Rnw' failed with diagnostics:
    unsupported conversion from 'CP437' to ''
    Execution halted
Flavor: r-patched-solaris-x86