CRAN Package Check Results for Package eHOF

Last updated on 2017-01-20 19:46:55.

Flavor Version Tinstall Tcheck Ttotal Status Flags
r-devel-linux-x86_64-debian-clang 1.8 2.48 52.06 54.54 OK
r-devel-linux-x86_64-debian-gcc 1.8 2.94 50.86 53.80 OK
r-devel-linux-x86_64-fedora-clang 1.8 115.10 OK --no-stop-on-test-error
r-devel-linux-x86_64-fedora-gcc 1.8 115.92 OK --no-stop-on-test-error
r-devel-macos-x86_64-clang 1.8 87.91 OK --no-stop-on-test-error
r-devel-windows-ix86+x86_64 1.8 12.00 96.00 108.00 OK
r-patched-linux-x86_64 1.8 2.36 44.93 47.29 OK
r-patched-solaris-sparc 1.8 499.20 WARN
r-patched-solaris-x86 1.8 106.60 WARN
r-release-linux-x86_64 1.8 2.47 45.74 48.21 OK
r-release-osx-x86_64-mavericks 1.8 OK
r-release-windows-ix86+x86_64 1.8 7.00 91.00 98.00 OK
r-oldrel-windows-ix86+x86_64 1.8 9.00 109.00 118.00 OK

Check Details

Version: 1.8
Check: re-building of vignette outputs
Result: WARN
    Error in re-building vignettes:
     ...
    Loading required package: foreign
    This is vegdata 0.9
    
    No Turbowin installation path found.
    
    ############################################################
    Turboveg root directory is set to "/tmp/RtmpAcaWk3"
    If you want to change this use: options(tv_home="<path_to_your_Turbowin_root>")
    ############################################################
    Quitting from lines 51-61 (eHOF.Rnw)
    Error: processing vignette 'eHOF.Rnw' failed with diagnostics:
    unsupported conversion from 'CP437' to ''
    Execution halted
Flavor: r-patched-solaris-sparc

Version: 1.8
Check: re-building of vignette outputs
Result: WARN
    Error in re-building vignettes:
     ...
    Loading required package: foreign
    This is vegdata 0.9
    
    No Turbowin installation path found.
    
    ############################################################
    Turboveg root directory is set to "/tmp/RtmpElayGB"
    If you want to change this use: options(tv_home="<path_to_your_Turbowin_root>")
    ############################################################
    Quitting from lines 51-61 (eHOF.Rnw)
    Error: processing vignette 'eHOF.Rnw' failed with diagnostics:
    unsupported conversion from 'CP437' to ''
    Execution halted
Flavor: r-patched-solaris-x86