CRAN Package Check Results for Package eHOF

Last updated on 2015-01-30 14:48:46.

Flavor Version Tinstall Tcheck Ttotal Status Flags
r-devel-linux-x86_64-debian-clang 1.5.7 3.29 68.14 71.43 NOTE
r-devel-linux-x86_64-debian-gcc 1.5.7 3.78 65.89 69.66 NOTE
r-devel-linux-x86_64-fedora-clang 1.5.7 161.52 NOTE
r-devel-linux-x86_64-fedora-gcc 1.5.7 156.58 NOTE
r-devel-osx-x86_64-clang 1.5.7 139.17 NOTE
r-devel-windows-ix86+x86_64 1.5.7 12.00 90.00 102.00 OK
r-patched-linux-x86_64 1.5.7 3.99 76.96 80.95 OK
r-patched-solaris-sparc 1.5.7 993.20 OK
r-patched-solaris-x86 1.5.7 208.70 OK
r-release-linux-ix86 1.5.7 4.33 93.17 97.50 OK
r-release-linux-x86_64 1.5.7 3.66 78.03 81.69 OK
r-release-osx-x86_64-mavericks 1.5.7 OK
r-release-osx-x86_64-snowleopard 1.5.7 OK
r-release-windows-ix86+x86_64 1.5.7 11.00 120.00 131.00 OK
r-oldrel-windows-ix86+x86_64 1.5.7 13.00 111.00 124.00 OK

Check Details

Version: 1.5.7
Check: S3 generic/method consistency
Result: NOTE
    Found the following apparent S3 methods exported but not registered:
     HOF.fun HOF.model Para.deriv Para.niche Para.opt
    See section ‘Registering S3 methods’ in the ‘Writing R Extensions’
    manual.
Flavors: r-devel-linux-x86_64-debian-clang, r-devel-linux-x86_64-debian-gcc, r-devel-linux-x86_64-fedora-clang, r-devel-linux-x86_64-fedora-gcc, r-devel-osx-x86_64-clang