CRAN Package Check Results for Package eHOF

Last updated on 2016-05-04 19:49:45.

Flavor Version Tinstall Tcheck Ttotal Status Flags
r-devel-linux-x86_64-debian-gcc 1.7 2.81 47.93 50.74 OK
r-devel-linux-x86_64-fedora-clang 1.7 97.88 OK
r-devel-linux-x86_64-fedora-gcc 1.7 91.64 OK
r-devel-osx-x86_64-clang 1.7 105.97 OK
r-devel-windows-ix86+x86_64 1.7 8.00 111.00 119.00 OK
r-patched-linux-x86_64 1.7 2.82 47.91 50.73 OK
r-patched-solaris-sparc 1.7 482.90 WARN
r-patched-solaris-x86 1.7 108.90 WARN
r-release-linux-x86_64 1.7 2.92 47.65 50.56 OK
r-release-osx-x86_64-mavericks 1.7 OK
r-release-windows-ix86+x86_64 1.7 8.00 111.00 119.00 OK
r-oldrel-windows-ix86+x86_64 1.7 11.00 109.00 120.00 OK

Check Details

Version: 1.7
Check: re-building of vignette outputs
Result: WARN
    Error in re-building vignettes:
     ...
    Loading required package: foreign
    This is vegdata 0.8.9
    
    No Turbowin installation path found.
    
    ############################################################
    Turboveg root directory is set to "/tmp/RtmpiQaOot"
    If you want to change this use: options(tv_home="<path_to_your_Turbowin_root>")
    ############################################################
    Quitting from lines 52-62 (eHOF.Rnw)
    Error: processing vignette 'eHOF.Rnw' failed with diagnostics:
    unsupported conversion from 'CP437' to ''
    Execution halted
Flavor: r-patched-solaris-sparc

Version: 1.7
Check: re-building of vignette outputs
Result: WARN
    Error in re-building vignettes:
     ...
    Loading required package: foreign
    This is vegdata 0.8.9
    
    No Turbowin installation path found.
    
    ############################################################
    Turboveg root directory is set to "/tmp/RtmpfpaOTx"
    If you want to change this use: options(tv_home="<path_to_your_Turbowin_root>")
    ############################################################
    Quitting from lines 52-62 (eHOF.Rnw)
    Error: processing vignette 'eHOF.Rnw' failed with diagnostics:
    unsupported conversion from 'CP437' to ''
    Execution halted
Flavor: r-patched-solaris-x86