CRAN Package Check Results for Package eHOF

Last updated on 2016-02-09 20:47:03.

Flavor Version Tinstall Tcheck Ttotal Status Flags
r-devel-linux-x86_64-debian-gcc 1.6 2.64 46.44 49.08 OK
r-devel-linux-x86_64-fedora-clang 1.6 98.66 OK
r-devel-linux-x86_64-fedora-gcc 1.6 98.96 OK
r-devel-osx-x86_64-clang 1.6 105.92 OK
r-devel-windows-ix86+x86_64 1.6 10.00 111.00 121.00 OK
r-patched-linux-x86_64 1.6 3.10 50.78 53.88 OK
r-patched-solaris-sparc 1.6 518.10 NOTE
r-patched-solaris-x86 1.6 112.60 NOTE
r-release-linux-x86_64 1.6 3.20 50.88 54.08 OK
r-release-osx-x86_64-mavericks 1.6 OK
r-release-windows-ix86+x86_64 1.6 11.00 107.00 118.00 OK
r-oldrel-windows-ix86+x86_64 1.6 14.00 108.00 122.00 OK

Check Details

Version: 1.6
Check: re-building of vignette outputs
Result: NOTE
    Error in re-building vignettes:
     ...
    Loading required package: foreign
    This is vegdata 0.8.6
    
    No Turbowin installation path found.
    
    ############################################################
    Turboveg root directory is set to "/tmp/Rtmpsxayuc"
    If you want to change this use: options(tv_home="<path_to_your_Turbowin_root>")
    ############################################################
    Quitting from lines 52-62 (eHOF.Rnw)
    Error: processing vignette 'eHOF.Rnw' failed with diagnostics:
    unsupported conversion from 'CP437' to ''
    Execution halted
Flavor: r-patched-solaris-sparc

Version: 1.6
Check: re-building of vignette outputs
Result: NOTE
    Error in re-building vignettes:
     ...
    Loading required package: foreign
    This is vegdata 0.8.6
    
    No Turbowin installation path found.
    
    ############################################################
    Turboveg root directory is set to "/tmp/RtmpFyaqHY"
    If you want to change this use: options(tv_home="<path_to_your_Turbowin_root>")
    ############################################################
    Quitting from lines 52-62 (eHOF.Rnw)
    Error: processing vignette 'eHOF.Rnw' failed with diagnostics:
    unsupported conversion from 'CP437' to ''
    Execution halted
Flavor: r-patched-solaris-x86