CRAN Package Check Results for Package eHOF

Last updated on 2016-08-31 05:46:44.

Flavor Version Tinstall Tcheck Ttotal Status Flags
r-devel-linux-x86_64-debian-clang 1.7 2.40 47.39 49.79 OK
r-devel-linux-x86_64-debian-gcc 1.7 2.48 46.37 48.85 OK
r-devel-linux-x86_64-fedora-clang 1.7 101.64 OK
r-devel-linux-x86_64-fedora-gcc 1.7 98.55 OK
r-devel-osx-x86_64-clang 1.7 80.27 OK
r-devel-windows-ix86+x86_64 1.7 10.00 115.00 125.00 OK
r-patched-linux-x86_64 1.7 2.81 48.75 51.55 OK
r-patched-solaris-sparc 1.7 488.40 WARN
r-patched-solaris-x86 1.7 107.60 WARN
r-release-linux-x86_64 1.7 2.35 45.56 47.91 OK
r-release-osx-x86_64-mavericks 1.7 OK
r-release-windows-ix86+x86_64 1.7 12.00 112.00 124.00 OK
r-oldrel-windows-ix86+x86_64 1.7 11.00 82.00 93.00 OK

Check Details

Version: 1.7
Check: re-building of vignette outputs
Result: WARN
    Error in re-building vignettes:
     ...
    Loading required package: foreign
    This is vegdata 0.8.9
    
    No Turbowin installation path found.
    
    ############################################################
    Turboveg root directory is set to "/tmp/RtmpV.aO1d"
    If you want to change this use: options(tv_home="<path_to_your_Turbowin_root>")
    ############################################################
    Quitting from lines 52-62 (eHOF.Rnw)
    Error: processing vignette 'eHOF.Rnw' failed with diagnostics:
    unsupported conversion from 'CP437' to ''
    Execution halted
Flavor: r-patched-solaris-sparc

Version: 1.7
Check: re-building of vignette outputs
Result: WARN
    Error in re-building vignettes:
     ...
    Loading required package: foreign
    This is vegdata 0.9
    
    No Turbowin installation path found.
    
    ############################################################
    Turboveg root directory is set to "/tmp/Rtmps3aWre"
    If you want to change this use: options(tv_home="<path_to_your_Turbowin_root>")
    ############################################################
    Quitting from lines 52-62 (eHOF.Rnw)
    Error: processing vignette 'eHOF.Rnw' failed with diagnostics:
    unsupported conversion from 'CP437' to ''
    Execution halted
Flavor: r-patched-solaris-x86