CRAN Package Check Results for Package eHOF

Last updated on 2017-02-20 13:50:46.

Flavor Version Tinstall Tcheck Ttotal Status Flags
r-devel-linux-x86_64-debian-clang 1.8 2.36 51.70 54.06 OK
r-devel-linux-x86_64-debian-gcc 1.8 2.68 50.90 53.59 OK
r-devel-linux-x86_64-fedora-clang 1.8 117.31 OK --no-stop-on-test-error
r-devel-linux-x86_64-fedora-gcc 1.8 116.13 OK --no-stop-on-test-error
r-devel-macos-x86_64-clang 1.8 90.33 OK --no-stop-on-test-error
r-devel-windows-ix86+x86_64 1.8 13.00 132.00 145.00 OK
r-patched-linux-x86_64 1.8 2.58 44.83 47.42 OK
r-patched-solaris-sparc 1.8 499.20 WARN
r-patched-solaris-x86 1.8 110.40 WARN
r-release-linux-x86_64 1.8 2.45 44.61 47.07 OK
r-release-osx-x86_64-mavericks 1.8 OK
r-release-windows-ix86+x86_64 1.8 7.00 84.00 91.00 OK
r-oldrel-windows-ix86+x86_64 1.8 8.00 91.00 99.00 OK

Check Details

Version: 1.8
Check: re-building of vignette outputs
Result: WARN
    Error in re-building vignettes:
     ...
    Loading required package: foreign
    This is vegdata 0.9
    
    No Turbowin installation path found.
    
    ############################################################
    Turboveg root directory is set to "/tmp/RtmpAcaWk3"
    If you want to change this use: options(tv_home="<path_to_your_Turbowin_root>")
    ############################################################
    Quitting from lines 51-61 (eHOF.Rnw)
    Error: processing vignette 'eHOF.Rnw' failed with diagnostics:
    unsupported conversion from 'CP437' to ''
    Execution halted
Flavor: r-patched-solaris-sparc

Version: 1.8
Check: re-building of vignette outputs
Result: WARN
    Error in re-building vignettes:
     ...
    Loading required package: foreign
    This is vegdata 0.9
    
    No Turbowin installation path found.
    
    ############################################################
    Turboveg root directory is set to "/tmp/Rtmp20aaV2"
    If you want to change this use: options(tv_home="<path_to_your_Turbowin_root>")
    ############################################################
    Quitting from lines 51-61 (eHOF.Rnw)
    Error: processing vignette 'eHOF.Rnw' failed with diagnostics:
    unsupported conversion from 'CP437' to ''
    Execution halted
Flavor: r-patched-solaris-x86