CRAN Package Check Results for Package eHOF

Last updated on 2014-10-23 11:49:28.

Flavor Version Tinstall Tcheck Ttotal Status Flags
r-devel-linux-x86_64-debian-clang 1.5 3.55 66.56 70.11 OK
r-devel-linux-x86_64-debian-gcc 1.5 3.59 64.51 68.10 OK
r-devel-linux-x86_64-fedora-clang 1.5 158.56 OK
r-devel-linux-x86_64-fedora-gcc 1.5 150.69 OK
r-devel-osx-x86_64-clang 1.5 130.40 OK
r-devel-windows-ix86+x86_64 1.5 9.00 93.00 102.00 OK
r-patched-linux-x86_64 1.5 3.74 68.43 72.17 OK
r-patched-solaris-sparc 1.5 853.90 OK
r-patched-solaris-x86 1.5 197.30 OK
r-release-linux-ix86 1.5 4.34 87.12 91.46 OK
r-release-linux-x86_64 1.5 3.62 69.54 73.16 OK
r-release-osx-x86_64-mavericks 1.5 NOTE
r-release-osx-x86_64-snowleopard 1.5 OK
r-release-windows-ix86+x86_64 1.5 8.00 107.00 115.00 OK
r-oldrel-windows-ix86+x86_64 1.5 8.00 97.00 105.00 OK

Check Details

Version: 1.5
Check: re-building of vignette outputs
Result: NOTE
    Error in re-building vignettes:
     ...
    Warning: running command 'kpsewhich framed.sty' had status 1
    Warning in test_latex_pkg("framed", system.file("misc", "framed.sty", package = "knitr")) :
     unable to find LaTeX package 'framed'; will use a copy from knitr
    Loading required package: foreign
    This is vegdata 0.6-6
    ############################################################
    Turboveg root directory is set to "/tmp/RtmpdOK8TG"
    If you want to change this use: options(tv_home="<path_to_your_Turbowin_root>")
    ############################################################
    Error in texi2dvi(file = file, pdf = TRUE, clean = clean, quiet = quiet, :
     Running 'texi2dvi' on 'eHOF.tex' failed.
    LaTeX errors:
    ! LaTeX Error: File `utf8x.def' not found.
    
    Type X to quit or <RETURN> to proceed,
    or enter new name. (Default extension: def)
    Calls: buildVignettes -> texi2pdf -> texi2dvi
    Execution halted
Flavor: r-release-osx-x86_64-mavericks