CRAN Package Check Results for Package eHOF

Last updated on 2015-05-06 19:47:06.

Flavor Version Tinstall Tcheck Ttotal Status Flags
r-devel-linux-x86_64-debian-clang 1.5.8 3.91 52.19 56.10 OK
r-devel-linux-x86_64-debian-gcc 1.5.8 2.81 50.60 53.41 OK
r-devel-linux-x86_64-fedora-clang 1.5.8 110.60 OK
r-devel-linux-x86_64-fedora-gcc 1.5.8 103.64 OK
r-devel-osx-x86_64-clang 1.5.8 94.40 OK
r-devel-windows-ix86+x86_64 1.5.8 8.00 75.00 83.00 OK
r-patched-linux-x86_64 1.5.8 2.79 50.54 53.33 OK
r-patched-solaris-sparc 1.5.8 678.40 OK
r-patched-solaris-x86 1.5.8 140.90 OK
r-release-linux-x86_64 1.5.8 2.82 52.11 54.94 OK
r-release-osx-x86_64-mavericks 1.5.8 OK
r-release-osx-x86_64-snowleopard 1.5.8 ERROR
r-release-windows-ix86+x86_64 1.5.8 7.00 75.00 82.00 OK
r-oldrel-windows-ix86+x86_64 1.5.8 11.00 86.00 97.00 OK

Check Details

Version: 1.5.8
Check: package dependencies
Result: ERROR
    Packages suggested but not available for checking:
     ‘vegdata’ ‘vegan’ ‘knitr’
    
    VignetteBuilder package required for checking but not installed: ‘knitr’
    
    Files named as vignettes but with no recognized vignette engine:
     ‘inst/doc/eHOF.Rnw’
    (Is a VignetteBuilder field missing?)
    
    See section ‘The DESCRIPTION file’ in the ‘Writing R Extensions’
    manual.
Flavor: r-release-osx-x86_64-snowleopard