CRAN Package Check Results for Package eHOF

Last updated on 2014-12-19 15:48:25.

Flavor Version Tinstall Tcheck Ttotal Status Flags
r-devel-linux-x86_64-debian-clang 1.5.4 3.47 69.28 72.75 OK
r-devel-linux-x86_64-debian-gcc 1.5.4 3.36 64.41 67.77 OK
r-devel-linux-x86_64-fedora-clang 1.5.4 159.74 OK
r-devel-linux-x86_64-fedora-gcc 1.5.4 143.14 OK
r-devel-osx-x86_64-clang 1.5.4 131.07 OK
r-devel-windows-ix86+x86_64 1.5.4 10.00 94.00 104.00 OK
r-patched-linux-x86_64 1.5.4 3.74 68.70 72.43 OK
r-patched-solaris-sparc 1.5.4 831.90 OK
r-patched-solaris-x86 1.5.4 194.20 OK
r-release-linux-ix86 1.5.4 4.20 82.68 86.88 OK
r-release-linux-x86_64 1.5.4 3.57 69.22 72.79 OK
r-release-osx-x86_64-mavericks 1.5.4 NOTE
r-release-osx-x86_64-snowleopard 1.5.4 OK
r-release-windows-ix86+x86_64 1.5.4 11.00 97.00 108.00 OK
r-oldrel-windows-ix86+x86_64 1.5.4 11.00 94.00 105.00 OK

Check Details

Version: 1.5.4
Check: re-building of vignette outputs
Result: NOTE
    Error in re-building vignettes:
     ...
    Warning: running command 'kpsewhich framed.sty' had status 1
    Warning in test_latex_pkg("framed", system.file("misc", "framed.sty", package = "knitr")) :
     unable to find LaTeX package 'framed'; will use a copy from knitr
    Loading required package: foreign
    This is vegdata 0.6-7
    
    No Turbowin installation path found.
    
    ############################################################
    Turboveg root directory is set to "/tmp/Rtmp55tOMB"
    If you want to change this use: options(tv_home="<path_to_your_Turbowin_root>")
    ############################################################
    Error in texi2dvi(file = file, pdf = TRUE, clean = clean, quiet = quiet, :
     Running 'texi2dvi' on 'eHOF.tex' failed.
    LaTeX errors:
    ! LaTeX Error: File `utf8x.def' not found.
    
    Type X to quit or <RETURN> to proceed,
    or enter new name. (Default extension: def)
    Calls: buildVignettes -> texi2pdf -> texi2dvi
    Execution halted
Flavor: r-release-osx-x86_64-mavericks