CRAN Package Check Results for Package eHOF

Last updated on 2014-09-22 03:48:15.

Flavor Version Tinstall Tcheck Ttotal Status Flags
r-devel-linux-x86_64-debian-clang 1.4 3.45 65.03 68.48 NOTE
r-devel-linux-x86_64-debian-gcc 1.4 3.81 64.24 68.04 NOTE
r-devel-linux-x86_64-fedora-clang 1.4 157.31 NOTE
r-devel-linux-x86_64-fedora-gcc 1.4 150.13 NOTE
r-devel-osx-x86_64-clang 1.4 123.12 NOTE
r-devel-windows-ix86+x86_64 1.4 8.00 92.00 100.00 NOTE
r-patched-linux-x86_64 1.4 3.54 67.40 70.93 OK
r-patched-solaris-sparc 1.4 933.30 OK
r-patched-solaris-x86 1.4 198.00 OK
r-release-linux-ix86 1.4 4.28 87.83 92.11 OK
r-release-linux-x86_64 1.4 3.54 69.53 73.06 OK
r-release-osx-x86_64-mavericks 1.4 NOTE
r-release-osx-x86_64-snowleopard 1.4 OK
r-release-windows-ix86+x86_64 1.4 9.00 100.00 109.00 OK
r-oldrel-windows-ix86+x86_64 1.4 9.00 90.00 99.00 OK

Check Details

Version: 1.4
Check: R code for possible problems
Result: NOTE
    plot.HOF : gam.conf: no visible global function definition for
     ‘predict.gam’
Flavors: r-devel-linux-x86_64-debian-clang, r-devel-linux-x86_64-debian-gcc, r-devel-linux-x86_64-fedora-clang, r-devel-linux-x86_64-fedora-gcc, r-devel-osx-x86_64-clang, r-devel-windows-ix86+x86_64

Version: 1.4
Check: re-building of vignette outputs
Result: NOTE
    Error in re-building vignettes:
     ...
    Warning: running command 'kpsewhich framed.sty' had status 1
    Warning in test_latex_pkg("framed", system.file("misc", "framed.sty", package = "knitr")) :
     unable to find LaTeX package 'framed'; will use a copy from knitr
    Loading required package: foreign
    This is vegdata 0.6-6
    ############################################################
    Turboveg root directory is set to "/var/folders/8q/c881c7rn7_x34vj58f4ywhvm0000h3/T//Rtmp2Wi6KR"
    If you want to change this use: options(tv_home="<path_to_your_Turbowin_root>")
    ############################################################
    Error in texi2dvi(file = file, pdf = TRUE, clean = clean, quiet = quiet, :
     Running 'texi2dvi' on 'eHOF.tex' failed.
    LaTeX errors:
    ! LaTeX Error: File `utf8x.def' not found.
    
    Type X to quit or <RETURN> to proceed,
    or enter new name. (Default extension: def)
    Calls: buildVignettes -> texi2pdf -> texi2dvi
    Execution halted
Flavor: r-release-osx-x86_64-mavericks