CRAN Package Check Results for Package eHOF

Last updated on 2016-07-27 03:49:43.

Flavor Version Tinstall Tcheck Ttotal Status Flags
r-devel-linux-x86_64-debian-clang 1.7 3.48 57.24 60.72 OK
r-devel-linux-x86_64-debian-gcc 1.7 3.43 54.52 57.96 OK
r-devel-linux-x86_64-fedora-clang 1.7 98.76 OK
r-devel-linux-x86_64-fedora-gcc 1.7 93.77 OK
r-devel-osx-x86_64-clang 1.7 79.57 OK
r-devel-windows-ix86+x86_64 1.7 10.00 124.00 134.00 OK
r-patched-linux-x86_64 1.7 3.06 53.84 56.90 OK
r-patched-solaris-sparc 1.7 488.40 WARN
r-patched-solaris-x86 1.7 106.80 WARN
r-release-linux-x86_64 1.7 3.52 55.61 59.13 OK
r-release-osx-x86_64-mavericks 1.7 OK
r-release-windows-ix86+x86_64 1.7 11.00 119.00 130.00 OK
r-oldrel-windows-ix86+x86_64 1.7 12.00 130.00 142.00 OK

Check Details

Version: 1.7
Check: re-building of vignette outputs
Result: WARN
    Error in re-building vignettes:
     ...
    Loading required package: foreign
    This is vegdata 0.8.9
    
    No Turbowin installation path found.
    
    ############################################################
    Turboveg root directory is set to "/tmp/RtmpV.aO1d"
    If you want to change this use: options(tv_home="<path_to_your_Turbowin_root>")
    ############################################################
    Quitting from lines 52-62 (eHOF.Rnw)
    Error: processing vignette 'eHOF.Rnw' failed with diagnostics:
    unsupported conversion from 'CP437' to ''
    Execution halted
Flavor: r-patched-solaris-sparc

Version: 1.7
Check: re-building of vignette outputs
Result: WARN
    Error in re-building vignettes:
     ...
    Loading required package: foreign
    This is vegdata 0.9
    
    No Turbowin installation path found.
    
    ############################################################
    Turboveg root directory is set to "/tmp/Rtmp3aaqgJ"
    If you want to change this use: options(tv_home="<path_to_your_Turbowin_root>")
    ############################################################
    Quitting from lines 52-62 (eHOF.Rnw)
    Error: processing vignette 'eHOF.Rnw' failed with diagnostics:
    unsupported conversion from 'CP437' to ''
    Execution halted
Flavor: r-patched-solaris-x86