CRAN Package Check Results for Package eHOF

Last updated on 2014-04-25 09:52:13.

Flavor Version Tinstall Tcheck Ttotal Status Flags
r-devel-linux-x86_64-debian-clang 1.4 3.69 69.63 73.32 OK
r-devel-linux-x86_64-debian-gcc 1.4 3.64 68.73 72.36 OK
r-devel-linux-x86_64-fedora-clang 1.4 140.71 OK
r-devel-linux-x86_64-fedora-gcc 1.4 82.24 OK
r-devel-osx-x86_64-clang 1.4 107.76 OK
r-devel-osx-x86_64-gcc 1.4 NOTE
r-devel-windows-ix86+x86_64 1.4 10.00 95.00 105.00 OK
r-patched-linux-x86_64 1.4 3.65 69.78 73.43 OK
r-patched-solaris-sparc 1.4 844.80 OK
r-patched-solaris-x86 1.4 166.60 OK
r-release-linux-ix86 1.3 5.00 105.00 110.00 NOTE
r-release-linux-x86_64 1.3 3.84 67.32 71.16 NOTE
r-release-osx-x86_64-mavericks 1.4 NOTE
r-release-osx-x86_64-snowleopard 1.4 OK
r-release-windows-ix86+x86_64 1.4 10.00 97.00 107.00 OK
r-oldrel-windows-ix86+x86_64 1.4 10.00 107.00 117.00 OK

Check Details

Version: 1.4
Check: package dependencies
Result: NOTE
    Packages suggested but not available for checking:
     ‘vegdata’ ‘vegan’ ‘knitr’
    
    Files named as vignettes but with no recognized vignette engine:
     ‘inst/doc/eHOF.Rnw’
    (Is a VignetteBuilder field missing?)
Flavor: r-devel-osx-x86_64-gcc

Version: 1.4
Check: Rd cross-references
Result: NOTE
    Packages unavailable to check Rd xrefs: ‘vegdata’, ‘vegan’
Flavor: r-devel-osx-x86_64-gcc

Version: 1.3
Check: dependencies in R code
Result: NOTE
    Packages in Depends field not imported from:
     ‘lattice’ ‘mgcv’
     These packages need to be imported from (in the NAMESPACE file)
     for when this namespace is loaded but not attached.
    See the information on DESCRIPTION files in the chapter ‘Creating R
    packages’ of the ‘Writing R Extensions’ manual.
Flavors: r-release-linux-ix86, r-release-linux-x86_64

Version: 1.4
Check: re-building of vignette outputs
Result: NOTE
    Error in re-building vignettes:
     ...
    Warning: running command 'kpsewhich framed.sty' had status 1
    Warning in test_latex_pkg("framed", system.file("misc", "framed.sty", package = "knitr")) :
     unable to find LaTeX package 'framed'; will use a copy from knitr
    Loading required package: foreign
    This is vegdata 0.6-6
    ############################################################
    Turboveg root directory is set to "/tmp/Rtmp3u1Xz4"
    If you want to change this use: options(tv_home="<path_to_your_Turbowin_root>")
    ############################################################
    Error in texi2dvi(file = file, pdf = TRUE, clean = clean, quiet = quiet, :
     Running 'texi2dvi' on 'eHOF.tex' failed.
    LaTeX errors:
    ! LaTeX Error: File `utf8x.def' not found.
    
    Type X to quit or <RETURN> to proceed,
    or enter new name. (Default extension: def)
    Calls: buildVignettes -> texi2pdf -> texi2dvi
    Execution halted
Flavor: r-release-osx-x86_64-mavericks