CRAN Package Check Results for Package eNetXplorer

Last updated on 2020-04-08 01:48:54 CEST.

Flavor Version Tinstall Tcheck Ttotal Status Flags
r-devel-linux-x86_64-debian-clang 1.1.0 12.89 148.07 160.96 OK
r-devel-linux-x86_64-debian-gcc 1.1.0 11.88 111.44 123.32 OK
r-devel-linux-x86_64-fedora-clang 1.1.0 187.53 OK
r-devel-linux-x86_64-fedora-gcc 1.1.0 193.06 OK
r-devel-windows-ix86+x86_64 1.1.0 24.00 234.00 258.00 OK
r-devel-windows-ix86+x86_64-gcc8 1.1.0 23.00 149.00 172.00 OK
r-patched-linux-x86_64 1.1.0 11.65 143.92 155.57 OK
r-patched-solaris-x86 1.1.0 187.50 ERROR
r-release-linux-x86_64 1.1.0 11.32 130.14 141.46 OK
r-release-windows-ix86+x86_64 1.1.0 23.00 204.00 227.00 OK
r-release-osx-x86_64 1.1.0 OK
r-oldrel-windows-ix86+x86_64 1.1.0 22.00 152.00 174.00 OK
r-oldrel-osx-x86_64 1.1.0 OK

Check Details

Version: 1.1.0
Check: examples
Result: ERROR
    Running examples in ‘eNetXplorer-Ex.R’ failed
    The error most likely occurred in:
    
    > ### Name: plotContingency
    > ### Title: generates plot of response vs out-of-bag predictions across
    > ### classes
    > ### Aliases: plotContingency
    >
    > ### ** Examples
    >
    > ## Don't show:
    > set.seed(123)
    > fit = eNetXplorer(x=matrix(rnorm(120),ncol=4),y=c(rep(0,15),rep(1,15)),
    + family="binomial",n_run=5, n_perm_null=4,alpha=c(0.5,1))
    Error during execution of alpha = 0.5
    > plot(x=fit,plot.type="contingency")
    Error in if (x$family %in% c("binomial", "multinomial")) { :
     argument is of length zero
    Calls: plot -> plot.eNetXplorer
    Execution halted
Flavor: r-patched-solaris-x86