CRAN Package Check Results for Package eNetXplorer

Last updated on 2020-07-03 22:49:38 CEST.

Flavor Version Tinstall Tcheck Ttotal Status Flags
r-devel-linux-x86_64-debian-clang 1.1.1 12.55 145.26 157.81 OK
r-devel-linux-x86_64-debian-gcc 1.1.1 10.65 111.24 121.89 OK
r-devel-linux-x86_64-fedora-clang 1.1.1 193.33 OK
r-devel-linux-x86_64-fedora-gcc 1.1.1 188.90 OK
r-devel-windows-ix86+x86_64 1.1.1 35.00 203.00 238.00 OK
r-patched-linux-x86_64 1.1.1 12.98 141.23 154.21 OK
r-patched-solaris-x86 1.1.1 179.80 ERROR
r-release-linux-x86_64 1.1.1 11.50 142.32 153.82 OK
r-release-osx-x86_64 1.1.1 OK
r-release-windows-ix86+x86_64 1.1.1 26.00 151.00 177.00 OK
r-oldrel-osx-x86_64 1.1.1 OK
r-oldrel-windows-ix86+x86_64 1.1.1 33.00 183.00 216.00 OK

Check Details

Version: 1.1.1
Check: examples
Result: ERROR
    Running examples in ‘eNetXplorer-Ex.R’ failed
    The error most likely occurred in:
    
    > ### Name: plotFeatureCaterpillar
    > ### Title: generates caterpillar plot of feature statistics
    > ### Aliases: plotFeatureCaterpillar
    >
    > ### ** Examples
    >
    > ## Don't show:
    > set.seed(123)
    > fit = eNetXplorer(x=matrix(rnorm(75),ncol=3),y=rnorm(25),family="gaussian",
    + n_run=5, n_perm_null=4,alpha=c(0.5,1))
    Error during execution of alpha = 0.5
    > plotFeatureCaterpillar(x=fit,alpha.index=2,stat="coef")
    Error in if (x$family == "multinomial") { : argument is of length zero
    Calls: plotFeatureCaterpillar
    Execution halted
Flavor: r-patched-solaris-x86