CRAN Package Check Results for Package eRm

Last updated on 2014-10-21 03:49:05.

Flavor Version Tinstall Tcheck Ttotal Status Flags
r-devel-linux-x86_64-debian-clang 0.15-4 10.34 105.59 115.92 NOTE
r-devel-linux-x86_64-debian-gcc 0.15-4 10.00 102.38 112.38 NOTE
r-devel-linux-x86_64-fedora-clang 0.15-4 257.42 NOTE
r-devel-linux-x86_64-fedora-gcc 0.15-4 244.91 NOTE
r-devel-osx-x86_64-clang 0.15-4 211.59 NOTE
r-devel-windows-ix86+x86_64 0.15-4 26.00 177.00 203.00 NOTE
r-patched-linux-x86_64 0.15-4 11.70 108.75 120.45 NOTE
r-patched-solaris-sparc 0.15-4 1421.40 NOTE
r-patched-solaris-x86 0.15-4 294.50 NOTE
r-release-linux-ix86 0.15-4 13.82 129.95 143.77 OK
r-release-linux-x86_64 0.15-4 11.11 112.96 124.08 OK
r-release-osx-x86_64-mavericks 0.15-4 OK
r-release-osx-x86_64-snowleopard 0.15-4 OK
r-release-windows-ix86+x86_64 0.15-4 25.00 203.00 228.00 OK
r-oldrel-windows-ix86+x86_64 0.15-4 24.00 203.00 227.00 OK

Check Details

Version: 0.15-4
Check: R code for possible problems
Result: NOTE
    plotGR: no visible global function definition for ‘xyplot’
    plotTR: no visible global function definition for ‘xyplot’
Flavors: r-devel-linux-x86_64-debian-clang, r-devel-linux-x86_64-debian-gcc, r-devel-linux-x86_64-fedora-clang, r-devel-linux-x86_64-fedora-gcc, r-devel-osx-x86_64-clang, r-devel-windows-ix86+x86_64, r-patched-linux-x86_64, r-patched-solaris-sparc, r-patched-solaris-x86