CRAN Package Check Results for Package eRm

Last updated on 2015-07-31 08:49:55.

Flavor Version Tinstall Tcheck Ttotal Status Flags
r-devel-linux-x86_64-debian-clang 0.15-5 9.59 100.46 110.05 NOTE
r-devel-linux-x86_64-debian-gcc 0.15-5 13.68 100.04 113.71 NOTE
r-devel-linux-x86_64-fedora-clang 0.15-5 221.93 NOTE
r-devel-linux-x86_64-fedora-gcc 0.15-5 204.62 NOTE
r-devel-osx-x86_64-clang 0.15-5 182.93 OK
r-devel-windows-ix86+x86_64 0.15-5 36.00 208.00 244.00 NOTE
r-patched-linux-x86_64 0.15-5 9.75 98.14 107.88 OK
r-patched-solaris-sparc 0.15-5 1334.70 OK
r-patched-solaris-x86 0.15-5 257.20 OK
r-release-linux-x86_64 0.15-5 9.29 96.79 106.08 OK
r-release-osx-x86_64-mavericks 0.15-5 OK
r-release-windows-ix86+x86_64 0.15-5 32.00 288.00 320.00 OK
r-oldrel-windows-ix86+x86_64 0.15-5 25.00 319.00 344.00 OK

Check Details

Version: 0.15-5
Check: R code for possible problems
Result: NOTE
    .performance.plot.no.avg: no visible global function definition for
     ‘xy.coords’
    .performance.rocconvexhull: no visible global function definition for
     ‘chull’
    .plot.performance: no visible global function definition for ‘rainbow’
    plotGOF.LR : identifyEll: no visible global function definition for
     ‘xy.coords’
    Undefined global functions or variables:
     chull rainbow xy.coords
    Consider adding
     importFrom("grDevices", "chull", "rainbow", "xy.coords")
    to your NAMESPACE.
Flavors: r-devel-linux-x86_64-debian-clang, r-devel-linux-x86_64-debian-gcc, r-devel-linux-x86_64-fedora-clang, r-devel-linux-x86_64-fedora-gcc, r-devel-windows-ix86+x86_64