CRAN Package Check Results for Package eRm

Last updated on 2015-09-02 17:49:15.

Flavor Version Tinstall Tcheck Ttotal Status Flags
r-devel-linux-x86_64-debian-clang 0.15-5 9.14 97.75 106.88 NOTE
r-devel-linux-x86_64-debian-gcc 0.15-5 8.97 95.02 103.98 NOTE
r-devel-linux-x86_64-fedora-clang 0.15-5 215.99 NOTE
r-devel-linux-x86_64-fedora-gcc 0.15-5 208.12 NOTE
r-devel-osx-x86_64-clang 0.15-5 181.62 OK
r-devel-windows-ix86+x86_64 0.15-5 37.00 282.00 319.00 NOTE
r-patched-linux-x86_64 0.15-5 9.05 98.68 107.73 OK
r-patched-solaris-sparc 0.15-5 1334.70 OK
r-patched-solaris-x86 0.15-5 256.30 OK
r-release-linux-x86_64 0.15-5 9.21 97.18 106.40 OK
r-release-osx-x86_64-mavericks 0.15-5 OK
r-release-windows-ix86+x86_64 0.15-5 33.00 289.00 322.00 OK
r-oldrel-windows-ix86+x86_64 0.15-5 38.00 267.00 305.00 OK

Check Details

Version: 0.15-5
Check: R code for possible problems
Result: NOTE
    .performance.plot.no.avg: no visible global function definition for
     ‘xy.coords’
    .performance.rocconvexhull: no visible global function definition for
     ‘chull’
    .plot.performance: no visible global function definition for ‘rainbow’
    plotGOF.LR : identifyEll: no visible global function definition for
     ‘xy.coords’
    Undefined global functions or variables:
     chull rainbow xy.coords
    Consider adding
     importFrom("grDevices", "chull", "rainbow", "xy.coords")
    to your NAMESPACE.
Flavors: r-devel-linux-x86_64-debian-clang, r-devel-linux-x86_64-debian-gcc, r-devel-linux-x86_64-fedora-clang, r-devel-linux-x86_64-fedora-gcc, r-devel-windows-ix86+x86_64