CRAN Package Check Results for Package eRm

Last updated on 2014-11-23 12:46:29.

Flavor Version Tinstall Tcheck Ttotal Status Flags
r-devel-linux-x86_64-debian-clang 0.15-4 10.35 104.21 114.56 NOTE
r-devel-linux-x86_64-debian-gcc 0.15-4 10.19 101.90 112.10 NOTE
r-devel-linux-x86_64-fedora-clang 0.15-4 243.76 NOTE
r-devel-linux-x86_64-fedora-gcc 0.15-4 232.02 NOTE
r-devel-osx-x86_64-clang 0.15-4 211.75 NOTE
r-devel-windows-ix86+x86_64 0.15-4 23.00 191.00 214.00 NOTE
r-patched-linux-x86_64 0.15-4 11.14 108.20 119.34 NOTE
r-patched-solaris-sparc 0.15-4 1421.40 NOTE
r-patched-solaris-x86 0.15-4 289.20 NOTE
r-release-linux-ix86 0.15-4 13.22 122.95 136.17 NOTE
r-release-linux-x86_64 0.15-4 11.11 110.07 121.18 NOTE
r-release-osx-x86_64-mavericks 0.15-4 OK
r-release-osx-x86_64-snowleopard 0.15-4 OK
r-release-windows-ix86+x86_64 0.15-4 29.00 205.00 234.00 NOTE
r-oldrel-windows-ix86+x86_64 0.15-4 23.00 211.00 234.00 OK

Check Details

Version: 0.15-4
Check: R code for possible problems
Result: NOTE
    plotGR: no visible global function definition for ‘xyplot’
    plotTR: no visible global function definition for ‘xyplot’
Flavors: r-devel-linux-x86_64-debian-clang, r-devel-linux-x86_64-debian-gcc, r-devel-linux-x86_64-fedora-clang, r-devel-linux-x86_64-fedora-gcc, r-devel-osx-x86_64-clang, r-devel-windows-ix86+x86_64, r-patched-linux-x86_64, r-patched-solaris-sparc, r-patched-solaris-x86, r-release-linux-ix86, r-release-linux-x86_64, r-release-windows-ix86+x86_64