CRAN Package Check Results for Package eRm

Last updated on 2017-03-27 05:47:47.

Flavor Version Tinstall Tcheck Ttotal Status Flags
r-devel-linux-x86_64-debian-clang 0.15-7 9.43 98.72 108.14 NOTE
r-devel-linux-x86_64-debian-gcc 0.15-7 9.94 95.36 105.31 NOTE
r-devel-linux-x86_64-fedora-clang 0.15-7 216.40 NOTE --no-stop-on-test-error
r-devel-linux-x86_64-fedora-gcc 0.15-7 212.51 NOTE --no-stop-on-test-error
r-devel-macos-x86_64-clang 0.15-7 163.43 NOTE --no-stop-on-test-error
r-devel-windows-ix86+x86_64 0.15-7 28.00 295.00 323.00 OK
r-patched-linux-x86_64 0.15-7 9.62 94.45 104.07 NOTE
r-patched-solaris-sparc 0.15-7 1280.40 OK
r-patched-solaris-x86 0.15-7 248.20 OK
r-release-linux-x86_64 0.15-7 8.97 89.23 98.20 OK
r-release-osx-x86_64-mavericks 0.15-7 OK
r-release-windows-ix86+x86_64 0.15-7 31.00 211.00 242.00 OK
r-oldrel-windows-ix86+x86_64 0.15-7 21.00 216.00 237.00 OK

Check Details

Version: 0.15-7
Check: compiled code
Result: NOTE
    File ‘eRm/libs/eRm.so’:
     Found no calls to: ‘R_registerRoutines’, ‘R_useDynamicSymbols’
    
    It is good practice to register native routines and to disable symbol
    search.
    
    See ‘Writing portable packages’ in the ‘Writing R Extensions’ manual.
Flavors: r-devel-linux-x86_64-debian-clang, r-devel-linux-x86_64-debian-gcc, r-patched-linux-x86_64

Version: 0.15-7
Flags: --no-stop-on-test-error
Check: compiled code
Result: NOTE
    File ‘eRm/libs/eRm.so’:
     Found no calls to: ‘R_registerRoutines’, ‘R_useDynamicSymbols’
    
    It is good practice to register native routines and to disable symbol
    search.
    
    See ‘Writing portable packages’ in the ‘Writing R Extensions’ manual.
Flavors: r-devel-linux-x86_64-fedora-clang, r-devel-linux-x86_64-fedora-gcc, r-devel-macos-x86_64-clang