CRAN Package Check Results for Package eRm

Last updated on 2014-08-29 23:48:46.

Flavor Version Tinstall Tcheck Ttotal Status Flags
r-devel-linux-x86_64-debian-clang 0.15-4 10.35 118.49 128.84 NOTE
r-devel-linux-x86_64-debian-gcc 0.15-4 10.41 99.99 110.40 NOTE
r-devel-linux-x86_64-fedora-clang 0.15-4 265.76 NOTE
r-devel-linux-x86_64-fedora-gcc 0.15-4 248.42 NOTE
r-devel-osx-x86_64-clang 0.15-4 195.36 NOTE
r-devel-windows-ix86+x86_64 0.15-4 26.00 205.00 231.00 NOTE
r-patched-linux-x86_64 0.15-4 10.88 109.51 120.39 OK
r-patched-solaris-sparc 0.15-4 1423.40 OK
r-patched-solaris-x86 0.15-4 308.20 OK
r-release-linux-ix86 0.15-4 13.72 127.08 140.80 OK
r-release-linux-x86_64 0.15-4 11.28 107.52 118.80 OK
r-release-osx-x86_64-mavericks 0.15-4 OK
r-release-osx-x86_64-snowleopard 0.15-4 OK
r-release-windows-ix86+x86_64 0.15-4 29.00 206.00 235.00 OK
r-oldrel-windows-ix86+x86_64 0.15-4 24.00 209.00 233.00 OK

Check Details

Version: 0.15-4
Check: R code for possible problems
Result: NOTE
    plotGR: no visible global function definition for ‘xyplot’
    plotTR: no visible global function definition for ‘xyplot’
Flavors: r-devel-linux-x86_64-debian-clang, r-devel-linux-x86_64-debian-gcc, r-devel-linux-x86_64-fedora-clang, r-devel-linux-x86_64-fedora-gcc, r-devel-osx-x86_64-clang, r-devel-windows-ix86+x86_64