CRAN Package Check Results for Package eRm

Last updated on 2014-09-23 01:48:26.

Flavor Version Tinstall Tcheck Ttotal Status Flags
r-devel-linux-x86_64-debian-clang 0.15-4 10.43 106.29 116.72 NOTE
r-devel-linux-x86_64-debian-gcc 0.15-4 10.36 105.35 115.71 NOTE
r-devel-linux-x86_64-fedora-clang 0.15-4 256.11 NOTE
r-devel-linux-x86_64-fedora-gcc 0.15-4 241.82 NOTE
r-devel-osx-x86_64-clang 0.15-4 192.82 NOTE
r-devel-windows-ix86+x86_64 0.15-4 23.00 208.00 231.00 NOTE
r-patched-linux-x86_64 0.15-4 11.04 111.02 122.05 OK
r-patched-solaris-sparc 0.15-4 1423.40 OK
r-patched-solaris-x86 0.15-4 293.30 OK
r-release-linux-ix86 0.15-4 13.87 129.49 143.36 OK
r-release-linux-x86_64 0.15-4 11.04 116.55 127.59 OK
r-release-osx-x86_64-mavericks 0.15-4 OK
r-release-osx-x86_64-snowleopard 0.15-4 OK
r-release-windows-ix86+x86_64 0.15-4 26.00 205.00 231.00 OK
r-oldrel-windows-ix86+x86_64 0.15-4 25.00 207.00 232.00 OK

Check Details

Version: 0.15-4
Check: R code for possible problems
Result: NOTE
    plotGR: no visible global function definition for ‘xyplot’
    plotTR: no visible global function definition for ‘xyplot’
Flavors: r-devel-linux-x86_64-debian-clang, r-devel-linux-x86_64-debian-gcc, r-devel-linux-x86_64-fedora-clang, r-devel-linux-x86_64-fedora-gcc, r-devel-osx-x86_64-clang, r-devel-windows-ix86+x86_64