CRAN Package Check Results for Package eRm

Last updated on 2017-09-19 20:47:03.

Flavor Version Tinstall Tcheck Ttotal Status Flags
r-devel-linux-x86_64-debian-clang 0.15-7 9.57 96.11 105.69 NOTE
r-devel-linux-x86_64-debian-gcc 0.15-7 9.38 93.71 103.09 NOTE
r-devel-linux-x86_64-fedora-clang 0.15-7 216.27 NOTE
r-devel-linux-x86_64-fedora-gcc 0.15-7 212.72 NOTE
r-devel-windows-ix86+x86_64 0.15-7 28.00 294.00 322.00 OK
r-patched-linux-x86_64 0.15-7 10.06 96.64 106.70 NOTE
r-patched-solaris-x86 0.15-7 255.20 OK
r-release-linux-x86_64 0.15-7 9.45 95.99 105.44 NOTE
r-release-windows-ix86+x86_64 0.15-7 25.00 231.00 256.00 OK
r-release-osx-x86_64 0.15-7 NOTE
r-oldrel-windows-ix86+x86_64 0.15-7 22.00 204.00 226.00 OK
r-oldrel-osx-x86_64 0.15-7 OK

Check Details

Version: 0.15-7
Check: compiled code
Result: NOTE
    File ‘eRm/libs/eRm.so’:
     Found no calls to: ‘R_registerRoutines’, ‘R_useDynamicSymbols’
    
    It is good practice to register native routines and to disable symbol
    search.
    
    See ‘Writing portable packages’ in the ‘Writing R Extensions’ manual.
Flavors: r-devel-linux-x86_64-debian-clang, r-devel-linux-x86_64-debian-gcc, r-devel-linux-x86_64-fedora-clang, r-devel-linux-x86_64-fedora-gcc, r-patched-linux-x86_64, r-release-linux-x86_64

Version: 0.15-7
Check: re-building of vignette outputs
Result: NOTE
    Error in re-building vignettes:
     ...
    Error in texi2dvi(file = file, pdf = TRUE, clean = clean, quiet = quiet, :
     Running 'texi2dvi' on 'eRm.tex' failed.
    LaTeX errors:
    ! LaTeX Error: File `kpfonts.sty' not found.
    
    Type X to quit or <RETURN> to proceed,
    or enter new name. (Default extension: sty)
    
    ! Emergency stop.
    <read *>
    
    l.12 \usepackage
     {booktabs}^^M
    ! ==> Fatal error occurred, no output PDF file produced!
    Calls: buildVignettes -> texi2pdf -> texi2dvi
    Execution halted
Flavor: r-release-osx-x86_64