CRAN Package Check Results for Package eaf

Last updated on 2015-07-28 19:47:51.

Flavor Version Tinstall Tcheck Ttotal Status Flags
r-devel-linux-x86_64-debian-clang 1.07 2.15 23.16 25.31 NOTE
r-devel-linux-x86_64-debian-gcc 1.07 2.44 22.18 24.63 NOTE
r-devel-linux-x86_64-fedora-clang 1.07 47.22 NOTE
r-devel-linux-x86_64-fedora-gcc 1.07 46.13 NOTE
r-devel-osx-x86_64-clang 1.07 43.39 NOTE
r-devel-windows-ix86+x86_64 1.07 13.00 59.00 72.00 NOTE
r-patched-linux-x86_64 1.07 2.39 22.56 24.95 NOTE
r-patched-solaris-sparc 1.07 328.10 NOTE
r-patched-solaris-x86 1.07 70.20 NOTE
r-release-linux-x86_64 1.07 2.38 22.66 25.04 NOTE
r-release-osx-x86_64-mavericks 1.07 OK
r-release-windows-ix86+x86_64 1.07 12.00 63.00 75.00 OK
r-oldrel-windows-ix86+x86_64 1.07 18.00 68.00 86.00 OK

Check Details

Version: 1.07
Check: S3 generic/method consistency
Result: NOTE
    Found the following apparent S3 methods exported but not registered:
     eafplot.data.frame eafplot.default eafplot.formula eafplot.list
    See section ‘Registering S3 methods’ in the ‘Writing R Extensions’
    manual.
Flavors: r-devel-linux-x86_64-debian-clang, r-devel-linux-x86_64-debian-gcc, r-devel-linux-x86_64-fedora-clang, r-devel-linux-x86_64-fedora-gcc, r-devel-osx-x86_64-clang, r-patched-linux-x86_64, r-patched-solaris-sparc, r-patched-solaris-x86, r-release-linux-x86_64

Version: 1.07
Check: R code for possible problems
Result: NOTE
    .plot.eafdiff.side: no visible global function definition for ‘par’
    .plot.eafdiff.side: no visible global function definition for ‘plot’
    .plot.eafdiff.side: no visible global function definition for ‘axTicks’
    .plot.eafdiff.side: no visible global function definition for ‘axis’
    .plot.eafdiff.side: no visible global function definition for ‘mtext’
    .plot.eafdiff.side: no visible global function definition for ‘polygon’
    .plot.eafdiff.side: no visible global function definition for ‘points’
    .plot.eafdiff.side: no visible global function definition for ‘lines’
    .plot.eafdiff.side: no visible global function definition for ‘box’
    compute.eaf: no visible global function definition for ‘aggregate’
    compute.eafdiff: no visible global function definition for ‘aggregate’
    compute.eafdiff.polygon: no visible global function definition for
     ‘aggregate’
    eafdiffplot: no visible global function definition for ‘par’
    eafdiffplot: no visible global function definition for ‘layout’
    eafdiffplot: no visible global function definition for ‘legend’
    eafplot.default: no visible global function definition for ‘par’
    eafplot.default: no visible global function definition for ‘plot’
    eafplot.default: no visible global function definition for ‘axTicks’
    eafplot.default: no visible global function definition for ‘axis’
    eafplot.default: no visible global function definition for ‘mtext’
    eafplot.default: no visible global function definition for
     ‘colorRampPalette’
    eafplot.default: no visible global function definition for ‘polygon’
    eafplot.default: no visible global function definition for ‘points’
    eafplot.default: no visible global function definition for ‘abline’
    eafplot.default: no visible global function definition for ‘legend’
    eafplot.default: no visible global function definition for ‘box’
    eafplot.formula: no visible global function definition for ‘par’
    Undefined global functions or variables:
     abline aggregate axTicks axis box colorRampPalette layout legend
     lines mtext par plot points polygon
    Consider adding
     importFrom("grDevices", "colorRampPalette")
     importFrom("graphics", "abline", "axTicks", "axis", "box", "layout",
     "legend", "lines", "mtext", "par", "plot", "points",
     "polygon")
     importFrom("stats", "aggregate")
    to your NAMESPACE.
Flavors: r-devel-linux-x86_64-debian-clang, r-devel-linux-x86_64-debian-gcc, r-devel-linux-x86_64-fedora-clang, r-devel-linux-x86_64-fedora-gcc, r-devel-windows-ix86+x86_64