CRAN Package Check Results for Package eaf

Last updated on 2015-02-28 19:51:04.

Flavor Version Tinstall Tcheck Ttotal Status Flags
r-devel-linux-x86_64-debian-clang 1.07 2.04 22.56 24.59 NOTE
r-devel-linux-x86_64-debian-gcc 1.07 2.47 22.55 25.02 NOTE
r-devel-linux-x86_64-fedora-clang 1.07 48.54 NOTE
r-devel-linux-x86_64-fedora-gcc 1.07 47.74 NOTE
r-devel-osx-x86_64-clang 1.07 46.39 NOTE
r-devel-windows-ix86+x86_64 1.07 13.00 61.00 74.00 OK
r-patched-linux-x86_64 1.07 2.47 25.44 27.91 OK
r-patched-solaris-sparc 1.07 321.20 OK
r-patched-solaris-x86 1.07 76.70 OK
r-release-linux-ix86 1.07 3.07 38.08 41.15 OK
r-release-linux-x86_64 1.07 2.40 25.60 28.00 OK
r-release-osx-x86_64-mavericks 1.07 OK
r-release-osx-x86_64-snowleopard 1.07 OK
r-release-windows-ix86+x86_64 1.07 13.00 70.00 83.00 OK
r-oldrel-windows-ix86+x86_64 1.07 13.00 71.00 84.00 OK

Check Details

Version: 1.07
Check: S3 generic/method consistency
Result: NOTE
    Found the following apparent S3 methods exported but not registered:
     eafplot.data.frame eafplot.default eafplot.formula eafplot.list
    See section ‘Registering S3 methods’ in the ‘Writing R Extensions’
    manual.
Flavors: r-devel-linux-x86_64-debian-clang, r-devel-linux-x86_64-debian-gcc, r-devel-linux-x86_64-fedora-clang, r-devel-linux-x86_64-fedora-gcc, r-devel-osx-x86_64-clang