CRAN Package Check Results for Package eaf

Last updated on 2015-05-24 17:47:23.

Flavor Version Tinstall Tcheck Ttotal Status Flags
r-devel-linux-x86_64-debian-clang 1.07 2.26 22.50 24.76 NOTE
r-devel-linux-x86_64-debian-gcc 1.07 2.39 22.88 25.26 NOTE
r-devel-linux-x86_64-fedora-clang 1.07 48.26 NOTE
r-devel-linux-x86_64-fedora-gcc 1.07 47.84 NOTE
r-devel-osx-x86_64-clang 1.07 45.92 NOTE
r-devel-windows-ix86+x86_64 1.07 12.00 65.00 77.00 OK
r-patched-linux-x86_64 1.07 2.50 22.81 25.30 NOTE
r-patched-solaris-sparc 1.07 326.80 NOTE
r-patched-solaris-x86 1.07 69.70 NOTE
r-release-linux-x86_64 1.07 2.29 23.90 26.19 NOTE
r-release-osx-x86_64-mavericks 1.07 OK
r-release-osx-x86_64-snowleopard 1.07 OK
r-release-windows-ix86+x86_64 1.07 8.00 75.00 83.00 OK
r-oldrel-windows-ix86+x86_64 1.07 18.00 68.00 86.00 OK

Check Details

Version: 1.07
Check: S3 generic/method consistency
Result: NOTE
    Found the following apparent S3 methods exported but not registered:
     eafplot.data.frame eafplot.default eafplot.formula eafplot.list
    See section ‘Registering S3 methods’ in the ‘Writing R Extensions’
    manual.
Flavors: r-devel-linux-x86_64-debian-clang, r-devel-linux-x86_64-debian-gcc, r-devel-linux-x86_64-fedora-clang, r-devel-linux-x86_64-fedora-gcc, r-devel-osx-x86_64-clang, r-patched-linux-x86_64, r-patched-solaris-sparc, r-patched-solaris-x86, r-release-linux-x86_64