CRAN Package Check Results for Package eaf

Last updated on 2014-08-28 00:46:59.

Flavor Version Tinstall Tcheck Ttotal Status Flags
r-devel-linux-x86_64-debian-clang 1.05 2.22 27.01 29.24 OK
r-devel-linux-x86_64-debian-gcc 1.05 2.50 25.85 28.34 OK
r-devel-linux-x86_64-fedora-clang 1.05 55.01 NOTE
r-devel-linux-x86_64-fedora-gcc 1.05 53.82 NOTE
r-devel-osx-x86_64-clang 1.05 50.41 OK
r-devel-windows-ix86+x86_64 1.05 12.00 69.00 81.00 OK
r-patched-linux-x86_64 1.05 2.44 26.06 28.50 OK
r-patched-solaris-sparc 1.05 368.10 OK
r-patched-solaris-x86 1.05 79.50 OK
r-release-linux-ix86 1.05 3.16 38.59 41.75 OK
r-release-linux-x86_64 1.05 2.63 27.69 30.32 OK
r-release-osx-x86_64-mavericks 1.05 OK
r-release-windows-ix86+x86_64 1.05 17.00 95.00 112.00 OK
r-oldrel-windows-ix86+x86_64 1.05 10.00 65.00 75.00 OK

Check Details

Version: 1.05
Check: top-level files
Result: NOTE
    Non-standard file/directory found at top level:
     ‘doc’
Flavors: r-devel-linux-x86_64-fedora-clang, r-devel-linux-x86_64-fedora-gcc