CRAN Package Check Results for Package eaf

Last updated on 2014-09-17 19:47:32.

Flavor Version Tinstall Tcheck Ttotal Status Flags
r-devel-linux-x86_64-debian-clang 1.05 2.26 26.47 28.74 NOTE
r-devel-linux-x86_64-debian-gcc 1.05 2.66 26.11 28.76 NOTE
r-devel-linux-x86_64-fedora-clang 1.05 54.88 NOTE
r-devel-linux-x86_64-fedora-gcc 1.05 56.62 NOTE
r-devel-osx-x86_64-clang 1.05 50.57 OK
r-devel-windows-ix86+x86_64 1.05 11.00 68.00 79.00 OK
r-patched-linux-x86_64 1.05 2.44 26.25 28.69 OK
r-patched-solaris-sparc 1.05 368.10 OK
r-patched-solaris-x86 1.05 78.40 OK
r-release-linux-ix86 1.05 3.20 38.75 41.95 OK
r-release-linux-x86_64 1.05 2.55 27.07 29.62 NOTE
r-release-osx-x86_64-mavericks 1.05 OK
r-release-windows-ix86+x86_64 1.05 17.00 95.00 112.00 OK
r-oldrel-windows-ix86+x86_64 1.05 10.00 65.00 75.00 OK

Check Details

Version: 1.05
Check: top-level files
Result: NOTE
    Non-standard file/directory found at top level:
     ‘doc’
Flavors: r-devel-linux-x86_64-debian-clang, r-devel-linux-x86_64-debian-gcc, r-devel-linux-x86_64-fedora-clang, r-devel-linux-x86_64-fedora-gcc, r-release-linux-x86_64