CRAN Package Check Results for Package eaf

Last updated on 2014-04-23 12:48:17.

Flavor Version Tinstall Tcheck Ttotal Status Flags
r-devel-linux-x86_64-debian-clang 1.05 2.31 27.37 29.68 OK
r-devel-linux-x86_64-debian-gcc 1.05 2.48 27.65 30.13 OK
r-devel-linux-x86_64-fedora-clang 1.05 57.40 NOTE
r-devel-linux-x86_64-fedora-gcc 1.05 56.72 NOTE
r-devel-osx-x86_64-clang 1.05 48.30 OK
r-devel-osx-x86_64-gcc 1.05 OK
r-devel-windows-ix86+x86_64 1.05 11.00 67.00 78.00 OK
r-patched-linux-x86_64 1.05 2.56 27.77 30.33 OK
r-patched-solaris-sparc 1.05 347.20 OK
r-patched-solaris-x86 1.05 79.50 OK
r-release-linux-ix86 1.05 5.00 52.00 57.00 OK
r-release-linux-x86_64 1.05 2.64 27.72 30.37 OK
r-release-osx-x86_64-mavericks 1.05 OK
r-release-windows-ix86+x86_64 1.05 21.00 93.00 114.00 OK
r-oldrel-windows-ix86+x86_64 1.05 10.00 65.00 75.00 OK

Check Details

Version: 1.05
Check: top-level files
Result: NOTE
    Non-standard file/directory found at top level:
     ‘doc’
Flavors: r-devel-linux-x86_64-fedora-clang, r-devel-linux-x86_64-fedora-gcc