CRAN Package Check Results for Package eaf

Last updated on 2015-04-18 08:48:39.

Flavor Version Tinstall Tcheck Ttotal Status Flags
r-devel-linux-x86_64-debian-clang 1.07 2.23 24.74 26.98 NOTE
r-devel-linux-x86_64-debian-gcc 1.07 2.36 23.08 25.44 NOTE
r-devel-linux-x86_64-fedora-clang 1.07 49.07 NOTE
r-devel-linux-x86_64-fedora-gcc 1.07 47.91 NOTE
r-devel-osx-x86_64-clang 1.07 46.05 NOTE
r-prerel-windows-ix86+x86_64 1.07 17.00 60.00 77.00 OK
r-prerel-linux-x86_64 1.07 2.37 22.87 25.24 NOTE
r-prerel-solaris-sparc 1.07 330.20 OK
r-prerel-solaris-x86 1.07 68.50 OK
r-release-linux-x86_64 1.07 2.50 25.52 28.02 OK
r-release-osx-x86_64-mavericks 1.07 OK
r-release-osx-x86_64-snowleopard 1.07 OK
r-release-windows-ix86+x86_64 1.07 18.00 68.00 86.00 OK
r-oldrel-windows-ix86+x86_64 1.07 13.00 71.00 84.00 OK

Check Details

Version: 1.07
Check: S3 generic/method consistency
Result: NOTE
    Found the following apparent S3 methods exported but not registered:
     eafplot.data.frame eafplot.default eafplot.formula eafplot.list
    See section ‘Registering S3 methods’ in the ‘Writing R Extensions’
    manual.
Flavors: r-devel-linux-x86_64-debian-clang, r-devel-linux-x86_64-debian-gcc, r-devel-linux-x86_64-fedora-clang, r-devel-linux-x86_64-fedora-gcc, r-devel-osx-x86_64-clang, r-prerel-linux-x86_64