CRAN Package Check Results for Package earlywarnings

Last updated on 2014-09-21 00:46:41.

Flavor Version Tinstall Tcheck Ttotal Status Flags
r-devel-linux-x86_64-debian-clang 1.0.59 3.67 58.20 61.86 NOTE
r-devel-linux-x86_64-debian-gcc 1.0.59 3.56 55.62 59.18 NOTE
r-devel-linux-x86_64-fedora-clang 1.0.59 131.77 NOTE
r-devel-linux-x86_64-fedora-gcc 1.0.59 121.59 NOTE
r-devel-osx-x86_64-clang 1.0.59 104.07 NOTE
r-devel-windows-ix86+x86_64 1.0.59 15.00 89.00 104.00 NOTE
r-patched-linux-x86_64 1.0.59 3.79 59.34 63.13 OK
r-patched-solaris-sparc 1.0.59 690.50 OK
r-patched-solaris-x86 1.0.59 153.90 OK
r-release-linux-ix86 1.0.59 4.72 72.42 77.14 OK
r-release-linux-x86_64 1.0.59 4.08 60.90 64.98 OK
r-release-osx-x86_64-mavericks 1.0.59 OK
r-release-osx-x86_64-snowleopard 1.0.59 OK
r-release-windows-ix86+x86_64 1.0.59 14.00 100.00 114.00 OK
r-oldrel-windows-ix86+x86_64 1.0.59 16.00 96.00 112.00 OK

Check Details

Version: 1.0.59
Check: R code for possible problems
Result: NOTE
    PlotPotential: no visible global function definition for ‘aes’
    PlotPotential: no visible global function definition for ‘geom_tile’
    PlotPotential: no visible global function definition for
     ‘scale_fill_gradient’
    PlotPotential: no visible global function definition for ‘stat_contour’
    PlotPotential: no visible global function definition for ‘xlab’
    PlotPotential: no visible global function definition for ‘ylab’
    PlotPotential: no visible global function definition for ‘labs’
Flavors: r-devel-linux-x86_64-debian-clang, r-devel-linux-x86_64-debian-gcc, r-devel-linux-x86_64-fedora-clang, r-devel-linux-x86_64-fedora-gcc, r-devel-osx-x86_64-clang, r-devel-windows-ix86+x86_64