CRAN Package Check Results for Package earlywarnings

Last updated on 2015-03-01 11:47:25.

Flavor Version Tinstall Tcheck Ttotal Status Flags
r-devel-linux-x86_64-debian-clang 1.0.59 2.33 42.16 44.49 NOTE
r-devel-linux-x86_64-debian-gcc 1.0.59 2.20 41.22 43.42 NOTE
r-devel-linux-x86_64-fedora-clang 1.0.59 90.00 NOTE
r-devel-linux-x86_64-fedora-gcc 1.0.59 85.90 NOTE
r-devel-osx-x86_64-clang 1.0.59 82.16 NOTE
r-devel-windows-ix86+x86_64 1.0.59 11.00 69.00 80.00 NOTE
r-patched-linux-x86_64 1.0.59 4.63 62.94 67.56 NOTE
r-patched-solaris-sparc 1.0.59 744.90 NOTE
r-patched-solaris-x86 1.0.59 159.00 NOTE
r-release-linux-ix86 1.0.59 4.53 78.10 82.63 NOTE
r-release-linux-x86_64 1.0.59 5.32 63.34 68.66 NOTE
r-release-osx-x86_64-mavericks 1.0.59 NOTE
r-release-osx-x86_64-snowleopard 1.0.59 OK
r-release-windows-ix86+x86_64 1.0.59 17.00 102.00 119.00 NOTE
r-oldrel-windows-ix86+x86_64 1.0.59 18.00 98.00 116.00 OK

Check Details

Version: 1.0.59
Check: DESCRIPTION meta-information
Result: NOTE
    Malformed Description field: should contain one or more complete sentences.
Flavors: r-devel-linux-x86_64-debian-clang, r-devel-linux-x86_64-debian-gcc, r-devel-linux-x86_64-fedora-clang, r-devel-linux-x86_64-fedora-gcc, r-devel-osx-x86_64-clang, r-devel-windows-ix86+x86_64

Version: 1.0.59
Check: R code for possible problems
Result: NOTE
    PlotPotential: no visible global function definition for ‘aes’
    PlotPotential: no visible global function definition for ‘geom_tile’
    PlotPotential: no visible global function definition for
     ‘scale_fill_gradient’
    PlotPotential: no visible global function definition for ‘stat_contour’
    PlotPotential: no visible global function definition for ‘xlab’
    PlotPotential: no visible global function definition for ‘ylab’
    PlotPotential: no visible global function definition for ‘labs’
Flavors: r-devel-linux-x86_64-debian-clang, r-devel-linux-x86_64-debian-gcc, r-devel-linux-x86_64-fedora-clang, r-devel-linux-x86_64-fedora-gcc, r-devel-osx-x86_64-clang, r-devel-windows-ix86+x86_64, r-patched-linux-x86_64, r-patched-solaris-sparc, r-patched-solaris-x86, r-release-linux-ix86, r-release-linux-x86_64, r-release-osx-x86_64-mavericks, r-release-windows-ix86+x86_64