CRAN Package Check Results for Package earlywarnings

Last updated on 2015-01-26 10:47:05.

Flavor Version Tinstall Tcheck Ttotal Status Flags
r-devel-linux-x86_64-debian-clang 1.0.59 3.06 48.50 51.55 NOTE
r-devel-linux-x86_64-debian-gcc 1.0.59 2.91 46.07 48.98 NOTE
r-devel-linux-x86_64-fedora-clang 1.0.59 131.23 NOTE
r-devel-linux-x86_64-fedora-gcc 1.0.59 133.20 NOTE
r-devel-osx-x86_64-clang 1.0.59 113.44 NOTE
r-devel-windows-ix86+x86_64 1.0.59 10.00 109.00 119.00 NOTE
r-patched-linux-x86_64 1.0.59 3.88 60.96 64.84 NOTE
r-patched-solaris-sparc 1.0.59 744.90 NOTE
r-patched-solaris-x86 1.0.59 156.70 NOTE
r-release-linux-ix86 1.0.59 4.52 71.04 75.55 NOTE
r-release-linux-x86_64 1.0.59 4.59 60.40 65.00 NOTE
r-release-osx-x86_64-mavericks 1.0.59 NOTE
r-release-osx-x86_64-snowleopard 1.0.59 OK
r-release-windows-ix86+x86_64 1.0.59 17.00 114.00 131.00 NOTE
r-oldrel-windows-ix86+x86_64 1.0.59 24.00 109.00 133.00 OK

Check Details

Version: 1.0.59
Check: R code for possible problems
Result: NOTE
    PlotPotential: no visible global function definition for ‘aes’
    PlotPotential: no visible global function definition for ‘geom_tile’
    PlotPotential: no visible global function definition for
     ‘scale_fill_gradient’
    PlotPotential: no visible global function definition for ‘stat_contour’
    PlotPotential: no visible global function definition for ‘xlab’
    PlotPotential: no visible global function definition for ‘ylab’
    PlotPotential: no visible global function definition for ‘labs’
Flavors: r-devel-linux-x86_64-debian-clang, r-devel-linux-x86_64-debian-gcc, r-devel-linux-x86_64-fedora-clang, r-devel-linux-x86_64-fedora-gcc, r-devel-osx-x86_64-clang, r-devel-windows-ix86+x86_64, r-patched-linux-x86_64, r-patched-solaris-sparc, r-patched-solaris-x86, r-release-linux-ix86, r-release-linux-x86_64, r-release-osx-x86_64-mavericks, r-release-windows-ix86+x86_64