CRAN Package Check Results for Package earlywarnings

Last updated on 2015-05-05 21:46:36.

Flavor Version Tinstall Tcheck Ttotal Status Flags
r-devel-linux-x86_64-debian-clang 1.0.59 2.34 42.40 44.74 NOTE
r-devel-linux-x86_64-debian-gcc 1.0.59 2.27 41.78 44.04 NOTE
r-devel-linux-x86_64-fedora-clang 1.0.59 91.22 NOTE
r-devel-linux-x86_64-fedora-gcc 1.0.59 85.57 NOTE
r-devel-osx-x86_64-clang 1.0.59 78.40 NOTE
r-devel-windows-ix86+x86_64 1.0.59 8.00 63.00 71.00 NOTE
r-patched-linux-x86_64 1.0.59 2.30 42.42 44.72 NOTE
r-patched-solaris-sparc 1.0.59 596.50 NOTE
r-patched-solaris-x86 1.0.59 111.30 NOTE
r-release-linux-x86_64 1.0.59 2.47 42.23 44.70 NOTE
r-release-osx-x86_64-mavericks 1.0.59 NOTE
r-release-osx-x86_64-snowleopard 1.0.59 ERROR
r-release-windows-ix86+x86_64 1.0.59 12.00 91.00 103.00 NOTE
r-oldrel-windows-ix86+x86_64 1.0.59 21.00 116.00 137.00 NOTE

Check Details

Version: 1.0.59
Check: DESCRIPTION meta-information
Result: NOTE
    Malformed Description field: should contain one or more complete sentences.
Flavors: r-devel-linux-x86_64-debian-clang, r-devel-linux-x86_64-debian-gcc, r-devel-linux-x86_64-fedora-clang, r-devel-linux-x86_64-fedora-gcc, r-devel-osx-x86_64-clang, r-devel-windows-ix86+x86_64, r-patched-linux-x86_64, r-patched-solaris-sparc, r-patched-solaris-x86, r-release-linux-x86_64, r-release-osx-x86_64-mavericks, r-release-windows-ix86+x86_64

Version: 1.0.59
Check: R code for possible problems
Result: NOTE
    PlotPotential: no visible global function definition for ‘aes’
    PlotPotential: no visible global function definition for ‘geom_tile’
    PlotPotential: no visible global function definition for
     ‘scale_fill_gradient’
    PlotPotential: no visible global function definition for ‘stat_contour’
    PlotPotential: no visible global function definition for ‘xlab’
    PlotPotential: no visible global function definition for ‘ylab’
    PlotPotential: no visible global function definition for ‘labs’
Flavors: r-devel-linux-x86_64-debian-clang, r-devel-linux-x86_64-debian-gcc, r-devel-linux-x86_64-fedora-clang, r-devel-linux-x86_64-fedora-gcc, r-devel-osx-x86_64-clang, r-devel-windows-ix86+x86_64, r-patched-linux-x86_64, r-patched-solaris-sparc, r-patched-solaris-x86, r-release-linux-x86_64, r-release-osx-x86_64-mavericks, r-release-windows-ix86+x86_64, r-oldrel-windows-ix86+x86_64

Version: 1.0.59
Check: package dependencies
Result: ERROR
    Packages required but not available:
     ‘ggplot2’ ‘tseries’ ‘fields’ ‘lmtest’ ‘spam’
    
    See section ‘The DESCRIPTION file’ in the ‘Writing R Extensions’
    manual.
Flavor: r-release-osx-x86_64-snowleopard