CRAN Package Check Results for Package earlywarnings

Last updated on 2014-10-24 08:49:06.

Flavor Version Tinstall Tcheck Ttotal Status Flags
r-devel-linux-x86_64-debian-clang 1.0.59 3.80 58.19 62.00 NOTE
r-devel-linux-x86_64-debian-gcc 1.0.59 3.67 58.26 61.93 NOTE
r-devel-linux-x86_64-fedora-clang 1.0.59 131.25 NOTE
r-devel-linux-x86_64-fedora-gcc 1.0.59 123.31 NOTE
r-devel-osx-x86_64-clang 1.0.59 109.92 NOTE
r-devel-windows-ix86+x86_64 1.0.59 14.00 86.00 100.00 NOTE
r-patched-linux-x86_64 1.0.59 3.82 60.25 64.07 NOTE
r-patched-solaris-sparc 1.0.59 739.00 NOTE
r-patched-solaris-x86 1.0.59 155.50 NOTE
r-release-linux-ix86 1.0.59 4.72 72.76 77.48 OK
r-release-linux-x86_64 1.0.59 3.86 60.72 64.58 OK
r-release-osx-x86_64-mavericks 1.0.59 OK
r-release-osx-x86_64-snowleopard 1.0.59 OK
r-release-windows-ix86+x86_64 1.0.59 14.00 96.00 110.00 OK
r-oldrel-windows-ix86+x86_64 1.0.59 14.00 95.00 109.00 OK

Check Details

Version: 1.0.59
Check: R code for possible problems
Result: NOTE
    PlotPotential: no visible global function definition for ‘aes’
    PlotPotential: no visible global function definition for ‘geom_tile’
    PlotPotential: no visible global function definition for
     ‘scale_fill_gradient’
    PlotPotential: no visible global function definition for ‘stat_contour’
    PlotPotential: no visible global function definition for ‘xlab’
    PlotPotential: no visible global function definition for ‘ylab’
    PlotPotential: no visible global function definition for ‘labs’
Flavors: r-devel-linux-x86_64-debian-clang, r-devel-linux-x86_64-debian-gcc, r-devel-linux-x86_64-fedora-clang, r-devel-linux-x86_64-fedora-gcc, r-devel-osx-x86_64-clang, r-devel-windows-ix86+x86_64, r-patched-linux-x86_64, r-patched-solaris-sparc, r-patched-solaris-x86