CRAN Package Check Results for Package earlywarnings

Last updated on 2014-08-28 11:49:02.

Flavor Version Tinstall Tcheck Ttotal Status Flags
r-devel-linux-x86_64-debian-clang 1.0.59 3.29 54.22 57.51 NOTE
r-devel-linux-x86_64-debian-gcc 1.0.59 3.21 52.14 55.35 NOTE
r-devel-linux-x86_64-fedora-clang 1.0.59 123.72 NOTE
r-devel-linux-x86_64-fedora-gcc 1.0.59 116.66 NOTE
r-devel-osx-x86_64-clang 1.0.59 97.42 NOTE
r-devel-windows-ix86+x86_64 1.0.59 11.00 85.00 96.00 NOTE
r-patched-linux-x86_64 1.0.59 3.43 55.04 58.48 OK
r-patched-solaris-sparc 1.0.59 690.50 OK
r-patched-solaris-x86 1.0.59 147.40 OK
r-release-linux-ix86 1.0.59 4.26 66.79 71.05 OK
r-release-linux-x86_64 1.0.59 3.86 57.03 60.89 OK
r-release-osx-x86_64-mavericks 1.0.59 OK
r-release-osx-x86_64-snowleopard 1.0.59 OK
r-release-windows-ix86+x86_64 1.0.59 14.00 82.00 96.00 OK
r-oldrel-windows-ix86+x86_64 1.0.59 13.00 96.00 109.00 OK

Check Details

Version: 1.0.59
Check: R code for possible problems
Result: NOTE
    PlotPotential: no visible global function definition for ‘aes’
    PlotPotential: no visible global function definition for ‘geom_tile’
    PlotPotential: no visible global function definition for
     ‘scale_fill_gradient’
    PlotPotential: no visible global function definition for ‘stat_contour’
    PlotPotential: no visible global function definition for ‘xlab’
    PlotPotential: no visible global function definition for ‘ylab’
    PlotPotential: no visible global function definition for ‘labs’
Flavors: r-devel-linux-x86_64-debian-clang, r-devel-linux-x86_64-debian-gcc, r-devel-linux-x86_64-fedora-clang, r-devel-linux-x86_64-fedora-gcc, r-devel-osx-x86_64-clang, r-devel-windows-ix86+x86_64