CRAN Package Check Results for Package earlywarnings

Last updated on 2015-06-30 14:47:46.

Flavor Version Tinstall Tcheck Ttotal Status Flags
r-devel-linux-x86_64-debian-clang 1.0.59 2.75 41.86 44.60 NOTE
r-devel-linux-x86_64-debian-gcc 1.0.59 2.29 40.85 43.14 NOTE
r-devel-linux-x86_64-fedora-clang 1.0.59 89.51 NOTE
r-devel-linux-x86_64-fedora-gcc 1.0.59 86.03 NOTE
r-devel-osx-x86_64-clang 1.0.59 85.02 NOTE
r-devel-windows-ix86+x86_64 1.0.59 9.00 68.00 77.00 NOTE
r-patched-linux-x86_64 1.0.59 2.31 41.46 43.77 NOTE
r-patched-solaris-sparc 1.0.59 555.40 NOTE
r-patched-solaris-x86 1.0.59 116.80 NOTE
r-release-linux-x86_64 1.0.59 2.26 41.18 43.45 NOTE
r-release-osx-x86_64-mavericks 1.0.59 NOTE
r-release-windows-ix86+x86_64 1.0.59 14.00 68.00 82.00 NOTE
r-oldrel-windows-ix86+x86_64 1.0.59 19.00 113.00 132.00 NOTE

Check Details

Version: 1.0.59
Check: DESCRIPTION meta-information
Result: NOTE
    Malformed Description field: should contain one or more complete sentences.
Flavors: r-devel-linux-x86_64-debian-clang, r-devel-linux-x86_64-debian-gcc, r-devel-linux-x86_64-fedora-clang, r-devel-linux-x86_64-fedora-gcc, r-devel-osx-x86_64-clang, r-devel-windows-ix86+x86_64, r-patched-linux-x86_64, r-patched-solaris-sparc, r-patched-solaris-x86, r-release-linux-x86_64, r-release-osx-x86_64-mavericks, r-release-windows-ix86+x86_64

Version: 1.0.59
Check: R code for possible problems
Result: NOTE
    PlotPotential: no visible global function definition for ‘aes’
    PlotPotential: no visible global function definition for ‘geom_tile’
    PlotPotential: no visible global function definition for
     ‘scale_fill_gradient’
    PlotPotential: no visible global function definition for ‘stat_contour’
    PlotPotential: no visible global function definition for ‘xlab’
    PlotPotential: no visible global function definition for ‘ylab’
    PlotPotential: no visible global function definition for ‘labs’
    bdstest_ews: no visible global function definition for ‘dev.new’
    bdstest_ews: no visible global function definition for ‘par’
    bdstest_ews: no visible global function definition for ‘plot’
    bdstest_ews: no visible global function definition for ‘legend’
    bdstest_ews: no visible global function definition for ‘mtext’
    ch_ews: no visible global function definition for ‘par’
    ch_ews: no visible global function definition for ‘plot’
    ch_ews: no visible global function definition for ‘legend’
    ch_ews: no visible global function definition for ‘abline’
    ch_ews: no visible global function definition for ‘mtext’
    ddjnonparam_ews: no visible global function definition for ‘dev.new’
    ddjnonparam_ews: no visible global function definition for ‘par’
    ddjnonparam_ews: no visible global function definition for ‘plot’
    ddjnonparam_ews: no visible global function definition for ‘grid’
    ddjnonparam_ews: no visible global function definition for ‘mtext’
    generic_RShiny: no visible global function definition for ‘par’
    generic_RShiny: no visible global function definition for ‘plot’
    generic_RShiny: no visible global function definition for ‘legend’
    generic_RShiny: no visible global function definition for ‘lines’
    generic_RShiny: no visible global function definition for ‘text’
    generic_RShiny: no visible global function definition for ‘mtext’
    generic_ews: no visible global function definition for ‘dev.new’
    generic_ews: no visible global function definition for ‘par’
    generic_ews: no visible global function definition for ‘plot’
    generic_ews: no visible global function definition for ‘lines’
    generic_ews: no visible global function definition for ‘text’
    generic_ews: no visible global function definition for ‘legend’
    generic_ews: no visible global function definition for ‘mtext’
    generic_ews: no visible global function definition for ‘topo.colors’
    generic_ews: no visible global function definition for ‘contour’
    qda_ews: no visible global function definition for ‘dev.new’
    sensitivity_ews: no visible global function definition for ‘layout’
    sensitivity_ews: no visible global function definition for ‘par’
    sensitivity_ews: no visible global function definition for ‘rainbow’
    sensitivity_ews: no visible global function definition for ‘lines’
    sensitivity_ews: no visible global function definition for ‘hist’
    sensitivity_ews: no visible global function definition for ‘mtext’
    sensitivity_ews: no visible global function definition for ‘dev.new’
    sensitivity_ews: no visible global function definition for ‘plot’
    surrogates_RShiny: no visible global function definition for ‘layout’
    surrogates_RShiny: no visible global function definition for ‘par’
    surrogates_RShiny: no visible global function definition for ‘hist’
    surrogates_RShiny: no visible global function definition for ‘abline’
    surrogates_RShiny: no visible global function definition for ‘points’
    surrogates_RShiny: no visible global function definition for ‘title’
    surrogates_ews: no visible global function definition for ‘dev.new’
    surrogates_ews: no visible global function definition for ‘par’
    surrogates_ews: no visible global function definition for ‘hist’
    surrogates_ews: no visible global function definition for ‘abline’
    surrogates_ews: no visible global function definition for ‘points’
    surrogates_ews: no visible global function definition for ‘mtext’
Flavors: r-devel-linux-x86_64-debian-clang, r-devel-linux-x86_64-debian-gcc, r-devel-linux-x86_64-fedora-clang, r-devel-windows-ix86+x86_64

Version: 1.0.59
Check: R code for possible problems
Result: NOTE
    PlotPotential: no visible global function definition for ‘aes’
    PlotPotential: no visible global function definition for ‘geom_tile’
    PlotPotential: no visible global function definition for
     ‘scale_fill_gradient’
    PlotPotential: no visible global function definition for ‘stat_contour’
    PlotPotential: no visible global function definition for ‘xlab’
    PlotPotential: no visible global function definition for ‘ylab’
    PlotPotential: no visible global function definition for ‘labs’
Flavors: r-devel-linux-x86_64-fedora-gcc, r-devel-osx-x86_64-clang, r-patched-linux-x86_64, r-patched-solaris-sparc, r-patched-solaris-x86, r-release-linux-x86_64, r-release-osx-x86_64-mavericks, r-release-windows-ix86+x86_64, r-oldrel-windows-ix86+x86_64