CRAN Package Check Results for Package earlywarnings

Last updated on 2014-12-21 01:46:57.

Flavor Version Tinstall Tcheck Ttotal Status Flags
r-devel-linux-x86_64-debian-clang 1.0.59 4.18 59.26 63.44 NOTE
r-devel-linux-x86_64-debian-gcc 1.0.59 3.76 56.22 59.98 NOTE
r-devel-linux-x86_64-fedora-clang 1.0.59 133.42 NOTE
r-devel-linux-x86_64-fedora-gcc 1.0.59 114.38 NOTE
r-devel-osx-x86_64-clang 1.0.59 115.39 NOTE
r-devel-windows-ix86+x86_64 1.0.59 15.00 96.00 111.00 NOTE
r-patched-linux-x86_64 1.0.59 3.90 61.58 65.47 NOTE
r-patched-solaris-sparc 1.0.59 739.00 NOTE
r-patched-solaris-x86 1.0.59 158.50 NOTE
r-release-linux-ix86 1.0.59 4.46 70.45 74.91 NOTE
r-release-linux-x86_64 1.0.59 3.92 60.77 64.68 NOTE
r-release-osx-x86_64-mavericks 1.0.59 OK
r-release-osx-x86_64-snowleopard 1.0.59 OK
r-release-windows-ix86+x86_64 1.0.59 18.00 101.00 119.00 NOTE
r-oldrel-windows-ix86+x86_64 1.0.59 17.00 107.00 124.00 OK

Check Details

Version: 1.0.59
Check: R code for possible problems
Result: NOTE
    PlotPotential: no visible global function definition for ‘aes’
    PlotPotential: no visible global function definition for ‘geom_tile’
    PlotPotential: no visible global function definition for
     ‘scale_fill_gradient’
    PlotPotential: no visible global function definition for ‘stat_contour’
    PlotPotential: no visible global function definition for ‘xlab’
    PlotPotential: no visible global function definition for ‘ylab’
    PlotPotential: no visible global function definition for ‘labs’
Flavors: r-devel-linux-x86_64-debian-clang, r-devel-linux-x86_64-debian-gcc, r-devel-linux-x86_64-fedora-clang, r-devel-linux-x86_64-fedora-gcc, r-devel-osx-x86_64-clang, r-devel-windows-ix86+x86_64, r-patched-linux-x86_64, r-patched-solaris-sparc, r-patched-solaris-x86, r-release-linux-ix86, r-release-linux-x86_64, r-release-windows-ix86+x86_64