CRAN Package Check Results for Package earth

Last updated on 2015-03-02 05:47:37.

Flavor Version Tinstall Tcheck Ttotal Status Flags
r-devel-linux-x86_64-debian-clang 4.2.0 3.27 37.69 40.96 NOTE
r-devel-linux-x86_64-debian-gcc 4.2.0 3.86 41.41 45.27 NOTE
r-devel-linux-x86_64-fedora-clang 4.2.0 76.28 NOTE
r-devel-linux-x86_64-fedora-gcc 4.2.0 72.27 NOTE
r-devel-osx-x86_64-clang 4.2.0 65.47 NOTE
r-devel-windows-ix86+x86_64 4.2.0 22.00 70.00 92.00 OK
r-patched-linux-x86_64 4.2.0 4.15 41.00 45.15 OK
r-patched-solaris-sparc 4.2.0 482.80 OK
r-patched-solaris-x86 4.2.0 93.20 OK
r-release-linux-ix86 4.2.0 4.91 57.32 62.23 OK
r-release-linux-x86_64 4.2.0 4.04 41.08 45.12 OK
r-release-osx-x86_64-mavericks 4.2.0 OK
r-release-osx-x86_64-snowleopard 4.2.0 OK
r-release-windows-ix86+x86_64 4.2.0 23.00 65.00 88.00 OK
r-oldrel-windows-ix86+x86_64 4.2.0 14.00 61.00 75.00 OK

Check Details

Version: 4.2.0
Check: S3 generic/method consistency
Result: NOTE
    Found the following apparent S3 methods exported but not registered:
     plot.earth.models
    See section ‘Registering S3 methods’ in the ‘Writing R Extensions’
    manual.
Flavors: r-devel-linux-x86_64-debian-clang, r-devel-linux-x86_64-debian-gcc, r-devel-linux-x86_64-fedora-clang, r-devel-linux-x86_64-fedora-gcc, r-devel-osx-x86_64-clang