CRAN Package Check Results for Package earth

Last updated on 2015-04-27 21:46:30.

Flavor Version Tinstall Tcheck Ttotal Status Flags
r-devel-linux-x86_64-debian-clang 4.2.0 3.52 37.93 41.44 NOTE
r-devel-linux-x86_64-debian-gcc 4.2.0 3.93 37.63 41.56 NOTE
r-devel-linux-x86_64-fedora-clang 4.2.0 78.65 NOTE
r-devel-linux-x86_64-fedora-gcc 4.2.0 73.43 NOTE
r-devel-osx-x86_64-clang 4.2.0 63.06 NOTE
r-devel-windows-ix86+x86_64 4.2.0 13.00 85.00 98.00 OK
r-patched-linux-x86_64 4.2.0 3.85 37.17 41.02 NOTE
r-patched-solaris-sparc 4.2.0 444.90 OK
r-patched-solaris-x86 4.2.0 84.50 NOTE
r-release-linux-x86_64 4.2.0 3.87 38.36 42.23 NOTE
r-release-osx-x86_64-mavericks 4.2.0 OK
r-release-osx-x86_64-snowleopard 4.2.0 OK
r-release-windows-ix86+x86_64 4.2.0 19.00 70.00 89.00 OK
r-oldrel-windows-ix86+x86_64 4.2.0 11.00 61.00 72.00 OK

Check Details

Version: 4.2.0
Check: S3 generic/method consistency
Result: NOTE
    Found the following apparent S3 methods exported but not registered:
     plot.earth.models
    See section ‘Registering S3 methods’ in the ‘Writing R Extensions’
    manual.
Flavors: r-devel-linux-x86_64-debian-clang, r-devel-linux-x86_64-debian-gcc, r-devel-linux-x86_64-fedora-clang, r-devel-linux-x86_64-fedora-gcc, r-devel-osx-x86_64-clang, r-patched-solaris-x86, r-release-linux-x86_64