CRAN Package Check Results for Package earth

Last updated on 2014-07-30 01:47:47.

Flavor Version Tinstall Tcheck Ttotal Status Flags
r-devel-linux-x86_64-debian-clang 3.2-7 3.03 31.01 34.04 NOTE
r-devel-linux-x86_64-debian-gcc 3.2-7 3.98 30.67 34.64 NOTE
r-devel-linux-x86_64-fedora-clang 3.2-7 75.94 NOTE
r-devel-linux-x86_64-fedora-gcc 3.2-7 72.06 NOTE
r-devel-osx-x86_64-clang 3.2-7 64.82 NOTE
r-devel-windows-ix86+x86_64 3.2-7 11.00 57.00 68.00 NOTE
r-patched-linux-x86_64 3.2-7 3.83 30.74 34.57 NOTE
r-patched-solaris-sparc 3.2-7 380.00 NOTE
r-patched-solaris-x86 3.2-7 92.20 NOTE
r-release-linux-ix86 3.2-7 5.09 40.92 46.02 NOTE
r-release-linux-x86_64 3.2-7 3.89 30.82 34.70 NOTE
r-release-osx-x86_64-mavericks 3.2-7 NOTE
r-release-osx-x86_64-snowleopard 3.2-7 OK
r-release-windows-ix86+x86_64 3.2-7 12.00 55.00 67.00 NOTE
r-oldrel-windows-ix86+x86_64 3.2-7 12.00 56.00 68.00 OK

Check Details

Version: 3.2-7
Check: foreign function calls
Result: NOTE
    Calls with DUP = FALSE:
     .C("EvalSubsetsUsingXtxR", prune.terms = matrix(0, nrow = nterms,
     ncol = nterms), rss.per.subset = vector(mode = "numeric",
     length = nterms), as.integer(ncases), as.integer(nresp),
     as.integer(nterms), bx, y, DUP = FALSE, PACKAGE = "earth")
     .Fortran("makeqr", np = as.integer(np), nn = as.integer(nn),
     wt = as.double(wt), tx = t(xx), y = as.double(y), d = numeric(np),
     rbar = numeric(nrbar), thetab = numeric(np), sserr = numeric(1),
     ier = as.integer(0), PACKAGE = "earth", DUP = FALSE)
    DUP = FALSE is deprecated and may be disabled in future versions of R.
Flavors: r-devel-linux-x86_64-debian-clang, r-devel-linux-x86_64-debian-gcc, r-devel-linux-x86_64-fedora-clang, r-devel-linux-x86_64-fedora-gcc, r-devel-osx-x86_64-clang, r-devel-windows-ix86+x86_64, r-patched-linux-x86_64, r-patched-solaris-sparc, r-patched-solaris-x86, r-release-linux-ix86, r-release-linux-x86_64, r-release-osx-x86_64-mavericks, r-release-windows-ix86+x86_64

Version: 3.2-7
Check: re-building of vignette outputs
Result: NOTE
    Error in re-building vignettes:
     ...
    Error in texi2dvi(file = file, pdf = TRUE, clean = clean, quiet = quiet, :
     Running 'texi2dvi' on 'earth-notes.tex' failed.
    LaTeX errors:
    ! LaTeX Error: File `subfigure.sty' not found.
    
    Type X to quit or <RETURN> to proceed,
    or enter new name. (Default extension: sty)
    
    est/earth/vignettes/earth-notes.tex:14: ==> Fatal error occurred, no output PD
    F file produced!
    Calls: buildVignettes -> texi2pdf -> texi2dvi
    Execution halted
Flavor: r-release-osx-x86_64-mavericks