Last updated on 2023-09-26 02:05:04 CEST.
Flavor | Version | Tinstall | Tcheck | Ttotal | Status | Flags |
---|---|---|---|---|---|---|
r-devel-linux-x86_64-debian-clang | 5.3.2 | 23.52 | 98.90 | 122.42 | OK | |
r-devel-linux-x86_64-debian-gcc | 5.3.2 | 16.37 | 72.71 | 89.08 | OK | |
r-devel-linux-x86_64-fedora-clang | 5.3.2 | 156.90 | NOTE | |||
r-devel-linux-x86_64-fedora-gcc | 5.3.2 | 152.27 | OK | |||
r-devel-windows-x86_64 | 5.3.2 | 23.00 | 88.00 | 111.00 | OK | |
r-patched-linux-x86_64 | 5.3.2 | 17.25 | 97.12 | 114.37 | OK | |
r-release-linux-x86_64 | 5.3.2 | 18.10 | 96.69 | 114.79 | OK | |
r-release-macos-arm64 | 5.3.2 | 40.00 | OK | |||
r-release-macos-x86_64 | 5.3.2 | 68.00 | OK | |||
r-release-windows-x86_64 | 5.3.2 | 27.00 | 102.00 | 129.00 | OK | |
r-oldrel-macos-arm64 | 5.3.2 | 44.00 | OK | |||
r-oldrel-macos-x86_64 | 5.3.2 | 53.00 | OK | |||
r-oldrel-windows-x86_64 | 5.3.2 | 25.00 | 103.00 | 128.00 | OK |
Version: 5.3.2
Check: Rd cross-references
Result: NOTE
Undeclared package ‘leaps’ in Rd xrefs
Flavor: r-devel-linux-x86_64-fedora-clang