CRAN Package Check Results for Package earth

Last updated on 2014-04-21 05:48:13.

Flavor Version Tinstall Tcheck Ttotal Status Flags
r-devel-linux-x86_64-debian-clang 3.2-7 2.96 33.11 36.07 NOTE
r-devel-linux-x86_64-debian-gcc 3.2-7 3.86 33.28 37.14 NOTE
r-devel-linux-x86_64-fedora-clang 3.2-7 77.73 NOTE
r-devel-linux-x86_64-fedora-gcc 3.2-7 74.10 NOTE
r-devel-macosx-x86_64-clang 3.2-7 59.86 NOTE
r-devel-macosx-x86_64-gcc 3.2-7 NOTE
r-devel-windows-ix86+x86_64 3.2-7 11.00 50.00 61.00 NOTE
r-patched-linux-x86_64 3.2-7 3.81 33.44 37.26 NOTE
r-patched-solaris-sparc 3.2-7 380.00 NOTE
r-patched-solaris-x86 3.2-7 84.30 NOTE
r-release-linux-ix86 NOTE
r-release-linux-x86_64 3.2-7 3.76 32.87 36.63 NOTE
r-release-macosx-x86_64 3.2-7 OK
r-release-windows-ix86+x86_64 3.2-7 16.00 61.00 77.00 NOTE
r-oldrel-windows-ix86+x86_64 3.2-7 12.00 55.00 67.00 OK

Check Details

Version: 3.2-7
Check: foreign function calls
Result: NOTE
    Calls with DUP = FALSE:
     .C("EvalSubsetsUsingXtxR", prune.terms = matrix(0, nrow = nterms,
     ncol = nterms), rss.per.subset = vector(mode = "numeric",
     length = nterms), as.integer(ncases), as.integer(nresp),
     as.integer(nterms), bx, y, DUP = FALSE, PACKAGE = "earth")
     .Fortran("makeqr", np = as.integer(np), nn = as.integer(nn),
     wt = as.double(wt), tx = t(xx), y = as.double(y), d = numeric(np),
     rbar = numeric(nrbar), thetab = numeric(np), sserr = numeric(1),
     ier = as.integer(0), PACKAGE = "earth", DUP = FALSE)
    DUP = FALSE is deprecated and may be disabled in future versions of R.
Flavors: r-devel-linux-x86_64-debian-clang, r-devel-linux-x86_64-debian-gcc, r-devel-linux-x86_64-fedora-clang, r-devel-linux-x86_64-fedora-gcc, r-devel-macosx-x86_64-clang, r-devel-macosx-x86_64-gcc, r-devel-windows-ix86+x86_64, r-patched-linux-x86_64, r-patched-solaris-sparc, r-patched-solaris-x86, r-release-linux-ix86, r-release-linux-x86_64, r-release-windows-ix86+x86_64