CRAN Package Check Results for Package earth

Last updated on 2014-11-22 20:46:52.

Flavor Version Tinstall Tcheck Ttotal Status Flags
r-devel-linux-x86_64-debian-clang 3.2-7 3.28 33.70 36.98 NOTE
r-devel-linux-x86_64-debian-gcc 3.2-7 3.93 33.26 37.18 NOTE
r-devel-linux-x86_64-fedora-clang 3.2-7 68.54 NOTE
r-devel-linux-x86_64-fedora-gcc 3.2-7 67.44 NOTE
r-devel-osx-x86_64-clang 3.2-7 67.70 NOTE
r-devel-windows-ix86+x86_64 3.2-7 12.00 56.00 68.00 NOTE
r-patched-linux-x86_64 3.2-7 4.03 34.60 38.63 NOTE
r-patched-solaris-sparc 3.2-7 415.80 NOTE
r-patched-solaris-x86 3.2-7 83.70 NOTE
r-release-linux-ix86 3.2-7 4.84 40.24 45.08 NOTE
r-release-linux-x86_64 3.2-7 4.26 33.48 37.73 NOTE
r-release-osx-x86_64-mavericks 3.2-7 NOTE
r-release-osx-x86_64-snowleopard 3.2-7 OK
r-release-windows-ix86+x86_64 3.2-7 13.00 59.00 72.00 NOTE
r-oldrel-windows-ix86+x86_64 3.2-7 11.00 63.00 74.00 OK

Check Details

Version: 3.2-7
Check: foreign function calls
Result: NOTE
    Calls with DUP:
     .C("EvalSubsetsUsingXtxR", prune.terms = matrix(0, nrow = nterms,
     ncol = nterms), rss.per.subset = vector(mode = "numeric",
     length = nterms), as.integer(ncases), as.integer(nresp),
     as.integer(nterms), bx, y, DUP = FALSE, PACKAGE = "earth")
     .C("ForwardPassR", fullset = as.integer(fullset), bx = matrix(0,
     nrow = nrow(x), ncol = nk), dirs = matrix(0, nrow = nk, ncol = npreds),
     cuts = matrix(0, nrow = nk, ncol = npreds), x, y.scaled,
     as.integer(nrow(x)), as.integer(ncol(y)), as.integer(npreds),
     as.integer(degree), as.integer(nk), as.double(penalty), as.double(thresh),
     as.integer(minspan), as.integer(fast.k), as.double(fast.beta),
     as.double(newvar.penalty), as.integer(linpreds), allowed,
     as.integer(n.allowedfunc.args), env, as.integer(Use.beta.cache),
     as.double(trace), pred.names, my.null, NAOK = TRUE, DUP = pred.names !=
     my.null, PACKAGE = "earth")
     .Fortran("makeqr", np = as.integer(np), nn = as.integer(nn),
     wt = as.double(wt), tx = t(xx), y = as.double(y), d = numeric(np),
     rbar = numeric(nrbar), thetab = numeric(np), sserr = numeric(1),
     ier = as.integer(0), PACKAGE = "earth", DUP = FALSE)
    DUP is no longer supported and will be ignored.
Flavors: r-devel-linux-x86_64-debian-clang, r-devel-linux-x86_64-debian-gcc, r-devel-linux-x86_64-fedora-clang, r-devel-linux-x86_64-fedora-gcc, r-devel-osx-x86_64-clang, r-devel-windows-ix86+x86_64

Version: 3.2-7
Check: foreign function calls
Result: NOTE
    Calls with DUP != TRUE:
     .C("EvalSubsetsUsingXtxR", prune.terms = matrix(0, nrow = nterms,
     ncol = nterms), rss.per.subset = vector(mode = "numeric",
     length = nterms), as.integer(ncases), as.integer(nresp),
     as.integer(nterms), bx, y, DUP = FALSE, PACKAGE = "earth")
     .C("ForwardPassR", fullset = as.integer(fullset), bx = matrix(0,
     nrow = nrow(x), ncol = nk), dirs = matrix(0, nrow = nk, ncol = npreds),
     cuts = matrix(0, nrow = nk, ncol = npreds), x, y.scaled,
     as.integer(nrow(x)), as.integer(ncol(y)), as.integer(npreds),
     as.integer(degree), as.integer(nk), as.double(penalty), as.double(thresh),
     as.integer(minspan), as.integer(fast.k), as.double(fast.beta),
     as.double(newvar.penalty), as.integer(linpreds), allowed,
     as.integer(n.allowedfunc.args), env, as.integer(Use.beta.cache),
     as.double(trace), pred.names, my.null, NAOK = TRUE, DUP = pred.names !=
     my.null, PACKAGE = "earth")
     .Fortran("makeqr", np = as.integer(np), nn = as.integer(nn),
     wt = as.double(wt), tx = t(xx), y = as.double(y), d = numeric(np),
     rbar = numeric(nrbar), thetab = numeric(np), sserr = numeric(1),
     ier = as.integer(0), PACKAGE = "earth", DUP = FALSE)
    DUP = FALSE is deprecated and will be disabled in future versions of R.
Flavors: r-patched-linux-x86_64, r-patched-solaris-sparc, r-patched-solaris-x86, r-release-linux-ix86, r-release-linux-x86_64, r-release-windows-ix86+x86_64

Version: 3.2-7
Check: foreign function calls
Result: NOTE
    Calls with DUP = FALSE:
     .C("EvalSubsetsUsingXtxR", prune.terms = matrix(0, nrow = nterms,
     ncol = nterms), rss.per.subset = vector(mode = "numeric",
     length = nterms), as.integer(ncases), as.integer(nresp),
     as.integer(nterms), bx, y, DUP = FALSE, PACKAGE = "earth")
     .Fortran("makeqr", np = as.integer(np), nn = as.integer(nn),
     wt = as.double(wt), tx = t(xx), y = as.double(y), d = numeric(np),
     rbar = numeric(nrbar), thetab = numeric(np), sserr = numeric(1),
     ier = as.integer(0), PACKAGE = "earth", DUP = FALSE)
    DUP = FALSE is deprecated and may be disabled in future versions of R.
Flavor: r-release-osx-x86_64-mavericks

Version: 3.2-7
Check: re-building of vignette outputs
Result: NOTE
    Error in re-building vignettes:
     ...
    Error in texi2dvi(file = file, pdf = TRUE, clean = clean, quiet = quiet, :
     Running 'texi2dvi' on 'earth-notes.tex' failed.
    LaTeX errors:
    ! LaTeX Error: File `subfigure.sty' not found.
    
    Type X to quit or <RETURN> to proceed,
    or enter new name. (Default extension: sty)
    
    est/earth/vignettes/earth-notes.tex:14: ==> Fatal error occurred, no output PD
    F file produced!
    Calls: buildVignettes -> texi2pdf -> texi2dvi
    Execution halted
Flavor: r-release-osx-x86_64-mavericks