Last updated on 2023-02-04 23:52:28 CET.
Flavor | Version | Tinstall | Tcheck | Ttotal | Status | Flags |
---|---|---|---|---|---|---|
r-devel-linux-x86_64-debian-clang | 5.3.2 | 22.00 | 97.19 | 119.19 | OK | |
r-devel-linux-x86_64-debian-gcc | 5.3.2 | 17.51 | 72.92 | 90.43 | OK | |
r-devel-linux-x86_64-fedora-clang | 5.3.2 | 148.26 | NOTE | |||
r-devel-linux-x86_64-fedora-gcc | 5.3.2 | 143.98 | OK | |||
r-devel-windows-x86_64 | 5.3.2 | 103.00 | 120.00 | 223.00 | OK | |
r-patched-linux-x86_64 | 5.3.2 | 19.30 | 89.58 | 108.88 | OK | |
r-release-linux-x86_64 | 5.3.2 | 19.16 | 89.33 | 108.49 | OK | |
r-release-macos-arm64 | 5.3.2 | 34.00 | OK | |||
r-release-macos-x86_64 | 5.3.2 | 53.00 | OK | |||
r-release-windows-x86_64 | 5.3.2 | 104.00 | 126.00 | 230.00 | OK | |
r-oldrel-macos-arm64 | 5.3.2 | 35.00 | OK | |||
r-oldrel-macos-x86_64 | 5.3.2 | 53.00 | OK | |||
r-oldrel-windows-ix86+x86_64 | 5.3.2 | 38.00 | 123.00 | 161.00 | OK |
Version: 5.3.2
Check: Rd cross-references
Result: NOTE
Undeclared package ‘leaps’ in Rd xrefs
Flavor: r-devel-linux-x86_64-fedora-clang