CRAN Package Check Results for Package earth

Last updated on 2015-07-05 14:46:29.

Flavor Version Tinstall Tcheck Ttotal Status Flags
r-devel-linux-x86_64-debian-clang 4.4.2 3.94 40.57 44.52 NOTE
r-devel-linux-x86_64-debian-gcc 4.4.2 4.12 40.17 44.30 NOTE
r-devel-linux-x86_64-fedora-clang 4.4.2 83.67 NOTE
r-devel-linux-x86_64-fedora-gcc 4.4.2 77.60 NOTE
r-devel-osx-x86_64-clang 4.4.2 65.83 OK
r-devel-windows-ix86+x86_64 4.4.2 12.00 58.00 70.00 NOTE
r-patched-linux-x86_64 4.4.2 4.08 40.43 44.51 OK
r-patched-solaris-sparc 4.4.2 420.60 OK
r-patched-solaris-x86 4.4.2 91.80 OK
r-release-linux-x86_64 4.4.2 4.18 40.93 45.10 OK
r-release-osx-x86_64-mavericks 4.4.2 OK
r-release-windows-ix86+x86_64 4.4.2 19.00 63.00 82.00 OK
r-oldrel-windows-ix86+x86_64 4.4.2 22.00 103.00 125.00 OK

Check Details

Version: 4.4.2
Check: R code for possible problems
Result: NOTE
    blank.plot: no visible global function definition for ‘plot’
    check.yarg.for.binomial.glm: no visible global function definition for
     ‘head’
    discrete.plot.cols: no visible global function definition for
     ‘heat.colors’
    do.par: no visible global function definition for ‘par’
    do.par.dots: no visible global function definition for ‘par’
    do.par.dots: no visible binding for global variable ‘par’
    draw.caption: no visible global function definition for ‘par’
    draw.caption: no visible global function definition for ‘mtext’
    draw.err.col: no visible global function definition for ‘polygon’
    draw.labels: no visible global function definition for ‘text’
    draw.legend: no visible global function definition for ‘legend’
    draw.residmod.weights: no visible global function definition for ‘plot’
    draw.residmod.weights: no visible global function definition for
     ‘abline’
    draw.residmod.weights: no visible global function definition for
     ‘legend’
    draw.residmod.weights: no visible global function definition for
     ‘lines’
    earth_plotmodsel : left.axis: no visible global function definition for
     ‘axis’
    earth_plotmodsel : left.axis: no visible global function definition for
     ‘mtext’
    earth_plotmodsel : left.axis: no visible global function definition for
     ‘par’
    earth_plotmodsel : right.axis: no visible global function definition
     for ‘axis’
    earth_plotmodsel : right.axis: no visible global function definition
     for ‘mtext’
    earth_plotmodsel : right.axis: no visible global function definition
     for ‘par’
    earth_plotmodsel : draw.selection.grid: no visible global function
     definition for ‘abline’
    earth_plotmodsel : draw.selection.grid: no visible global function
     definition for ‘par’
    earth_plotmodsel : draw.infold.rsqs: no visible global function
     definition for ‘lines’
    earth_plotmodsel : draw.oof.rsqs: no visible global function definition
     for ‘lines’
    earth_plotmodsel : draw.oof.rsqs: no visible global function definition
     for ‘par’
    earth_plotmodsel : draw.oof.rsqs: no visible global function definition
     for ‘text’
    earth_plotmodsel : draw.oof.rsqs: no visible global function definition
     for ‘strheight’
    earth_plotmodsel : draw.oof.rsqs: no visible global function definition
     for ‘points’
    earth_plotmodsel : draw.unused.preds: no visible global function
     definition for ‘lines’
    earth_plotmodsel : draw.vline.at.max.mean.oof.rsq: no visible global
     function definition for ‘abline’
    earth_plotmodsel : show.max.mean.oof.rsq: no visible global function
     definition for ‘par’
    earth_plotmodsel : show.max.mean.oof.rsq: no visible global function
     definition for ‘strheight’
    earth_plotmodsel : draw.mean.infold.rsq: no visible global function
     definition for ‘lines’
    earth_plotmodsel : draw.mean.oof.rsq: no visible global function
     definition for ‘lines’
    earth_plotmodsel : draw.rsq: no visible global function definition for
     ‘lines’
    earth_plotmodsel : draw.grsq: no visible global function definition for
     ‘lines’
    earth_plotmodsel : draw.grsq: no visible global function definition for
     ‘points’
    earth_plotmodsel : draw.vline.at.max.grsq: no visible global function
     definition for ‘abline’
    earth_plotmodsel : draw.vline.at.max.grsq: no visible global function
     definition for ‘points’
    earth_plotmodsel : show.max.grsq: no visible global function definition
     for ‘par’
    earth_plotmodsel : show.max.grsq: no visible global function definition
     for ‘strheight’
    earth_plotmodsel : draw.vline.at.max.nterms: no visible global function
     definition for ‘abline’
    earth_plotmodsel : show.max.nterms: no visible global function
     definition for ‘par’
    earth_plotmodsel : show.max.nterms: no visible global function
     definition for ‘strheight’
    earth_plotmodsel : draw.legend: no visible global function definition
     for ‘strheight’
    earth_plotmodsel : draw.legend: no visible global function definition
     for ‘par’
    earth_plotmodsel : draw.legend: no visible global function definition
     for ‘strwidth’
    earth_plotmodsel: no visible global function definition for ‘plot’
    earth_plotmodsel: no visible global function definition for ‘legend’
    earth_plotmodsel: no visible global function definition for ‘par’
    elegend: no visible global function definition for ‘par’
    elegend: no visible global function definition for ‘as.graphicsAnnot’
    elegend: no visible global function definition for ‘xy.coords’
    elegend : rect2: no visible global function definition for ‘rect’
    elegend : segments2: no visible global function definition for
     ‘segments’
    elegend : points2: no visible global function definition for ‘points’
    elegend : text2: no visible global function definition for ‘text’
    elegend: no visible global function definition for ‘strwidth’
    elegend: no visible global function definition for ‘xinch’
    elegend: no visible global function definition for ‘yinch’
    estimate.power.start.values: no visible global function definition for
     ‘plot’
    estimate.power0.start.values: no visible global function definition for
     ‘plot’
    get.coef.change: no visible global function definition for
     ‘assignInMyNamespace’
    get.earth.legend.cex: no visible global function definition for
     ‘strwidth’
    get.earth.x: no visible global function definition for ‘head’
    init.global.data: no visible global function definition for
     ‘assignInMyNamespace’
    iterate.residmod: no visible global function definition for
     ‘assignInMyNamespace’
    min.sd.line: no visible global function definition for ‘abline’
    plot.earth.models: no visible global function definition for ‘par’
    plot.earth.models: no visible binding for global variable ‘par’
    plot.evimp: no visible global function definition for ‘plot’
    plot.evimp: no visible global function definition for ‘lines’
    plot.evimp: no visible global function definition for ‘axis’
    plot.evimp: no visible global function definition for ‘text’
    plot.varmod: no visible global function definition for ‘par’
    plot.varmod: no visible binding for global variable ‘par’
    plot.varmod: no visible global function definition for ‘plot’
    plot.varmod: no visible global function definition for ‘lines’
    plotd: no visible global function definition for ‘par’
    plotd: no visible global function definition for ‘plot’
    plotd: no visible global function definition for ‘polygon’
    plotd: no visible global function definition for ‘strwidth’
    plotd: no visible global function definition for ‘mtext’
    plotd: no visible global function definition for ‘lines’
    plotd: no visible global function definition for ‘abline’
    possible.gc: no visible global function definition for ‘memory.size’
    print_summary: no visible global function definition for ‘head’
    pruning.pass: no visible global function definition for ‘flush.console’
    sd.axis: no visible global function definition for ‘axis’
    sd.axis: no visible global function definition for ‘mtext’
    sd.axis: no visible global function definition for ‘par’
    text.on.white: no visible global function definition for ‘strwidth’
    text.on.white: no visible global function definition for ‘strheight’
    text.on.white: no visible global function definition for ‘rect’
    text.on.white: no visible global function definition for ‘text’
    text.on.white: no visible global function definition for ‘par’
    trace.get.fold1: no visible global function definition for
     ‘flush.console’
    update.lambda.factor: no visible global function definition for
     ‘assignInMyNamespace’
    update.trace.tab: no visible global function definition for
     ‘assignInMyNamespace’
    varmod.internal: no visible global function definition for ‘par’
    Undefined global functions or variables:
     abline as.graphicsAnnot assignInMyNamespace axis flush.console head
     heat.colors legend lines memory.size mtext par plot points polygon
     rect segments strheight strwidth text xinch xy.coords yinch
Flavors: r-devel-linux-x86_64-debian-clang, r-devel-linux-x86_64-debian-gcc, r-devel-linux-x86_64-fedora-clang, r-devel-linux-x86_64-fedora-gcc, r-devel-windows-ix86+x86_64