CRAN Package Check Results for Package earth

Last updated on 2015-02-02 01:47:44.

Flavor Version Tinstall Tcheck Ttotal Status Flags
r-devel-linux-x86_64-debian-clang 4.2.0 3.32 38.14 41.46 NOTE
r-devel-linux-x86_64-debian-gcc 4.2.0 3.97 36.82 40.79 NOTE
r-devel-linux-x86_64-fedora-clang 4.2.0 78.38 NOTE
r-devel-linux-x86_64-fedora-gcc 4.2.0 72.67 NOTE
r-devel-osx-x86_64-clang 4.2.0 71.23 NOTE
r-devel-windows-ix86+x86_64 4.2.0 19.00 49.00 68.00 OK
r-patched-linux-x86_64 4.2.0 4.12 41.56 45.68 OK
r-patched-solaris-sparc 4.2.0 482.80 OK
r-patched-solaris-x86 4.2.0 93.90 OK
r-release-linux-ix86 4.2.0 4.97 52.32 57.29 OK
r-release-linux-x86_64 4.2.0 4.20 40.18 44.38 OK
r-release-osx-x86_64-mavericks 4.2.0 OK
r-release-osx-x86_64-snowleopard 4.2.0 OK
r-release-windows-ix86+x86_64 4.2.0 13.00 63.00 76.00 OK
r-oldrel-windows-ix86+x86_64 4.2.0 13.00 62.00 75.00 OK

Check Details

Version: 4.2.0
Check: S3 generic/method consistency
Result: NOTE
    Found the following apparent S3 methods exported but not registered:
     plot.earth.models
    See section ‘Registering S3 methods’ in the ‘Writing R Extensions’
    manual.
Flavors: r-devel-linux-x86_64-debian-clang, r-devel-linux-x86_64-debian-gcc, r-devel-linux-x86_64-fedora-clang, r-devel-linux-x86_64-fedora-gcc, r-devel-osx-x86_64-clang