Last updated on 2023-03-27 21:54:18 CEST.
Flavor | Version | Tinstall | Tcheck | Ttotal | Status | Flags |
---|---|---|---|---|---|---|
r-devel-linux-x86_64-debian-clang | 0.1.0 | 51.06 | 116.08 | 167.14 | OK | |
r-devel-linux-x86_64-debian-gcc | 0.1.0 | 43.08 | 89.96 | 133.04 | OK | |
r-devel-linux-x86_64-fedora-clang | 0.1.0 | 210.56 | OK | |||
r-devel-linux-x86_64-fedora-gcc | 0.1.0 | 214.31 | OK | |||
r-devel-windows-x86_64 | 0.1.0 | 62.00 | 146.00 | 208.00 | OK | |
r-patched-linux-x86_64 | 0.1.0 | 47.16 | 111.38 | 158.54 | OK | |
r-release-linux-x86_64 | 0.1.0 | 48.24 | 106.37 | 154.61 | OK | |
r-release-macos-arm64 | 0.1.0 | 50.00 | NOTE | |||
r-release-macos-x86_64 | 0.1.0 | 71.00 | NOTE | |||
r-release-windows-x86_64 | 0.1.0 | 69.00 | 132.00 | 201.00 | OK | |
r-oldrel-macos-arm64 | 0.1.0 | 47.00 | NOTE | |||
r-oldrel-macos-x86_64 | 0.1.0 | 72.00 | NOTE | |||
r-oldrel-windows-ix86+x86_64 | 0.1.0 | 114.00 | 200.00 | 314.00 | OK |
Version: 0.1.0
Check: installed package size
Result: NOTE
installed size is 14.2Mb
sub-directories of 1Mb or more:
R 2.1Mb
libs 11.6Mb
Flavors: r-release-macos-arm64, r-release-macos-x86_64, r-oldrel-macos-arm64, r-oldrel-macos-x86_64