CRAN Package Check Results for Package easi

Last updated on 2014-04-16 06:47:52.

Flavor Version Tinstall Tcheck Ttotal Status Flags
r-devel-linux-x86_64-debian-clang 0.2 3.91 51.79 55.70 NOTE
r-devel-linux-x86_64-debian-gcc 0.2 3.90 51.55 55.45 NOTE
r-devel-linux-x86_64-fedora-clang 0.2 132.60 WARN
r-devel-linux-x86_64-fedora-gcc 0.2 97.75 WARN
r-devel-macosx-x86_64-clang 0.2 104.28 NOTE
r-devel-macosx-x86_64-gcc 0.2 ERROR
r-devel-windows-ix86+x86_64 0.2 12.00 69.00 81.00 NOTE
r-patched-linux-x86_64 0.2 3.88 51.16 55.04 NOTE
r-patched-solaris-sparc 0.2 641.60 NOTE
r-patched-solaris-x86 0.2 156.50 NOTE
r-release-linux-ix86 0.2 8.00 83.00 91.00 NOTE
r-release-linux-x86_64 0.2 4.04 50.24 54.28 NOTE
r-release-macosx-x86_64 0.2 NOTE
r-release-windows-ix86+x86_64 0.2 11.00 72.00 83.00 NOTE
r-oldrel-windows-ix86+x86_64 0.2 11.00 87.00 98.00 NOTE

Check Details

Version: 0.2
Check: for old-style vignette sources
Result: NOTE
    Vignette sources only in ‘inst/doc’:
     ‘easi.rnw’
    A ‘vignettes’ directory is required as from R 3.1.0
    and these will not be indexed nor checked
Flavors: r-devel-linux-x86_64-debian-clang, r-devel-linux-x86_64-debian-gcc, r-devel-linux-x86_64-fedora-clang, r-devel-linux-x86_64-fedora-gcc, r-devel-macosx-x86_64-clang, r-devel-windows-ix86+x86_64, r-patched-linux-x86_64, r-patched-solaris-sparc, r-patched-solaris-x86, r-release-linux-ix86, r-release-linux-x86_64, r-release-macosx-x86_64, r-release-windows-ix86+x86_64

Version: 0.2
Check: sizes of PDF files under ‘inst/doc’
Result: WARNING
     ‘gs+qpdf’ made some significant size reductions:
     compacted ‘easi.pdf’ from 625Kb to 324Kb
     consider running tools::compactPDF(gs_quality = "ebook") on these files
Flavors: r-devel-linux-x86_64-fedora-clang, r-devel-linux-x86_64-fedora-gcc

Version: 0.2
Check: package dependencies
Result: ERROR
    Packages required but not available: ‘systemfit’ ‘micEcon’
    
    See the information on DESCRIPTION files in the chapter ‘Creating R
    packages’ of the ‘Writing R Extensions’ manual.
Flavor: r-devel-macosx-x86_64-gcc

Version: 0.2
Check: for old-style vignette sources
Result: NOTE
    Vignette sources only in 'inst/doc':
     'easi.rnw'
    A 'vignettes' directory will be required as from R 3.1.0
Flavor: r-oldrel-windows-ix86+x86_64