CRAN Package Check Results for Package easi

Last updated on 2014-07-25 12:47:31.

Flavor Version Tinstall Tcheck Ttotal Status Flags
r-devel-linux-x86_64-debian-clang 0.2 3.64 48.60 52.24 NOTE
r-devel-linux-x86_64-debian-gcc 0.2 3.80 47.67 51.46 NOTE
r-devel-linux-x86_64-fedora-clang 0.2 132.73 WARN
r-devel-linux-x86_64-fedora-gcc 0.2 125.51 WARN
r-devel-osx-x86_64-clang 0.2 99.24 NOTE
r-devel-windows-ix86+x86_64 0.2 10.00 68.00 78.00 NOTE
r-patched-linux-x86_64 0.2 3.66 48.43 52.10 NOTE
r-patched-solaris-sparc 0.2 616.30 NOTE
r-patched-solaris-x86 0.2 162.10 WARN
r-release-linux-ix86 0.2 4.54 61.19 65.72 NOTE
r-release-linux-x86_64 0.2 3.83 49.04 52.86 NOTE
r-release-osx-x86_64-mavericks 0.2 NOTE
r-release-osx-x86_64-snowleopard 0.2 NOTE
r-release-windows-ix86+x86_64 0.2 11.00 72.00 83.00 NOTE
r-oldrel-windows-ix86+x86_64 0.2 14.00 83.00 97.00 NOTE

Check Details

Version: 0.2
Check: R code for possible problems
Result: NOTE
    concavity: no visible global function definition for ‘semidefiniteness’
Flavors: r-devel-linux-x86_64-debian-clang, r-devel-linux-x86_64-debian-gcc, r-devel-linux-x86_64-fedora-clang, r-devel-linux-x86_64-fedora-gcc, r-devel-osx-x86_64-clang, r-devel-windows-ix86+x86_64, r-patched-linux-x86_64, r-patched-solaris-sparc, r-patched-solaris-x86, r-release-linux-ix86, r-release-linux-x86_64, r-release-osx-x86_64-mavericks, r-release-windows-ix86+x86_64, r-oldrel-windows-ix86+x86_64

Version: 0.2
Check: for old-style vignette sources
Result: NOTE
    Vignette sources only in ‘inst/doc’:
     ‘easi.rnw’
    A ‘vignettes’ directory is required as from R 3.1.0
    and these will not be indexed nor checked
Flavors: r-devel-linux-x86_64-debian-clang, r-devel-linux-x86_64-debian-gcc, r-devel-linux-x86_64-fedora-clang, r-devel-linux-x86_64-fedora-gcc, r-devel-osx-x86_64-clang, r-devel-windows-ix86+x86_64, r-patched-linux-x86_64, r-patched-solaris-sparc, r-patched-solaris-x86, r-release-linux-ix86, r-release-linux-x86_64, r-release-osx-x86_64-mavericks, r-release-osx-x86_64-snowleopard, r-release-windows-ix86+x86_64

Version: 0.2
Check: sizes of PDF files under ‘inst/doc’
Result: WARNING
     ‘gs+qpdf’ made some significant size reductions:
     compacted ‘easi.pdf’ from 625Kb to 324Kb
     consider running tools::compactPDF(gs_quality = "ebook") on these files
Flavors: r-devel-linux-x86_64-fedora-clang, r-devel-linux-x86_64-fedora-gcc, r-patched-solaris-x86

Version: 0.2
Check: for old-style vignette sources
Result: NOTE
    Vignette sources only in 'inst/doc':
     'easi.rnw'
    A 'vignettes' directory will be required as from R 3.1.0
Flavor: r-oldrel-windows-ix86+x86_64