CRAN Package Check Results for Package easi

Last updated on 2014-08-28 23:48:19.

Flavor Version Tinstall Tcheck Ttotal Status Flags
r-release-osx-x86_64-snowleopard 0.2 NOTE

Check Details

Version: 0.2
Check: for old-style vignette sources
Result: NOTE
    Vignette sources only in 'inst/doc':
     'easi.rnw'
    A 'vignettes' directory is required as from R 3.1.0
    and these will not be indexed nor checked
Flavor: r-release-osx-x86_64-snowleopard