CRAN Package Check Results for Package easyanova

Last updated on 2015-05-25 11:48:20.

Flavor Version Tinstall Tcheck Ttotal Status Flags
r-devel-linux-x86_64-debian-clang 4.0 4.28 58.62 62.90 OK
r-devel-linux-x86_64-debian-gcc 4.0 4.70 56.67 61.37 OK
r-devel-linux-x86_64-fedora-clang 4.0 125.12 OK
r-devel-linux-x86_64-fedora-gcc 4.0 118.57 OK
r-devel-osx-x86_64-clang 4.0 105.24 OK
r-devel-windows-ix86+x86_64 4.0 11.00 85.00 96.00 OK
r-patched-linux-x86_64 4.0 3.92 57.55 61.48 OK
r-patched-solaris-sparc 4.0 762.30 OK
r-patched-solaris-x86 4.0 159.60 OK
r-release-linux-x86_64 4.0 3.76 58.59 62.35 OK
r-release-osx-x86_64-mavericks 4.0 OK
r-release-osx-x86_64-snowleopard 4.0 ERROR
r-release-windows-ix86+x86_64 4.0 10.00 82.00 92.00 OK
r-oldrel-windows-ix86+x86_64 4.0 16.00 107.00 123.00 OK

Check Details

Version: 4.0
Check: package dependencies
Result: ERROR
    Package required but not available: ‘car’
    
    See section ‘The DESCRIPTION file’ in the ‘Writing R Extensions’
    manual.
Flavor: r-release-osx-x86_64-snowleopard