CRAN Package Check Results for Package easyanova

Last updated on 2014-08-23 03:48:02.

Flavor Version Tinstall Tcheck Ttotal Status Flags
r-devel-linux-x86_64-debian-clang 3.0 1.39 34.47 35.86 NOTE
r-devel-linux-x86_64-debian-gcc 3.0 1.14 34.28 35.43 NOTE
r-devel-linux-x86_64-fedora-clang 3.0 71.02 NOTE
r-devel-linux-x86_64-fedora-gcc 3.0 63.64 NOTE
r-devel-osx-x86_64-clang 3.0 61.12 NOTE
r-devel-windows-ix86+x86_64 3.0 5.00 49.00 54.00 NOTE
r-patched-linux-x86_64 3.0 1.34 39.12 40.47 NOTE
r-patched-solaris-sparc 3.0 425.30 NOTE
r-patched-solaris-x86 3.0 85.40 NOTE
r-release-linux-ix86 3.0 1.57 46.30 47.86 NOTE
r-release-linux-x86_64 3.0 1.36 36.69 38.05 NOTE
r-release-osx-x86_64-mavericks 3.0 NOTE
r-release-osx-x86_64-snowleopard 3.0 OK
r-release-windows-ix86+x86_64 3.0 5.00 53.00 58.00 NOTE
r-oldrel-windows-ix86+x86_64 3.0 5.00 54.00 59.00 NOTE

Check Details

Version: 3.0
Check: dependencies in R code
Result: NOTE
    Packages in Depends field not imported from:
     ‘car’ ‘nlme’
     These packages need to be imported from (in the NAMESPACE file)
     for when this namespace is loaded but not attached.
    See the information on DESCRIPTION files in the chapter ‘Creating R
    packages’ of the ‘Writing R Extensions’ manual.
Flavors: r-devel-linux-x86_64-debian-clang, r-devel-linux-x86_64-debian-gcc, r-devel-linux-x86_64-fedora-clang, r-devel-linux-x86_64-fedora-gcc, r-devel-osx-x86_64-clang, r-devel-windows-ix86+x86_64, r-patched-linux-x86_64, r-patched-solaris-sparc, r-patched-solaris-x86, r-release-linux-ix86, r-release-linux-x86_64, r-release-osx-x86_64-mavericks, r-release-windows-ix86+x86_64, r-oldrel-windows-ix86+x86_64

Version: 3.0
Check: R code for possible problems
Result: NOTE
    ea1 : f2: no visible global function definition for ‘Anova’
    ea1 : f3: no visible global function definition for ‘Anova’
    ea1 : f5: no visible global function definition for ‘Anova’
    ea1 : f6: no visible global function definition for ‘Anova’
    ea1 : f10: no visible global function definition for ‘Anova’
    ea1 : f11: no visible global function definition for ‘lme’
    ea1 : f11: no visible global function definition for ‘fixef’
    ea2 : f1: no visible global function definition for ‘Anova’
    ea2 : f2: no visible global function definition for ‘Anova’
    ea2 : f3: no visible global function definition for ‘Anova’
    ea2 : f4: no visible global function definition for ‘corSymm’
    ea2 : f4: no visible global function definition for ‘corAR1’
    ea2 : f4: no visible global function definition for ‘corCompSymm’
    ea2 : f4: no visible global function definition for ‘corCAR1’
    ea2 : f4: no visible global function definition for ‘varIdent’
    ea2 : f4: no visible global function definition for ‘lme’
    ea2 : f4: no visible global function definition for ‘lmeControl’
    ea2 : f4: no visible global function definition for ‘fixef’
    ea2 : f5: no visible global function definition for ‘corSymm’
    ea2 : f5: no visible global function definition for ‘corAR1’
    ea2 : f5: no visible global function definition for ‘corCompSymm’
    ea2 : f5: no visible global function definition for ‘corCAR1’
    ea2 : f5: no visible global function definition for ‘varIdent’
    ea2 : f5: no visible global function definition for ‘lme’
    ea2 : f5: no visible global function definition for ‘lmeControl’
    ea2 : f5: no visible global function definition for ‘fixef’
    ea2 : f6: no visible global function definition for ‘corSymm’
    ea2 : f6: no visible global function definition for ‘corAR1’
    ea2 : f6: no visible global function definition for ‘corCompSymm’
    ea2 : f6: no visible global function definition for ‘corCAR1’
    ea2 : f6: no visible global function definition for ‘varIdent’
    ea2 : f6: no visible global function definition for ‘lme’
    ea2 : f6: no visible global function definition for ‘lmeControl’
    ea2 : f6: no visible global function definition for ‘fixef’
    ea2 : f7: no visible global function definition for ‘Anova’
    ea2 : f8: no visible global function definition for ‘Anova’
    ea2 : f9: no visible global function definition for ‘corSymm’
    ea2 : f9: no visible global function definition for ‘corAR1’
    ea2 : f9: no visible global function definition for ‘corCompSymm’
    ea2 : f9: no visible global function definition for ‘corCAR1’
    ea2 : f9: no visible global function definition for ‘varIdent’
    ea2 : f9: no visible global function definition for ‘lme’
    ea2 : f9: no visible global function definition for ‘lmeControl’
    ea2 : f9: no visible global function definition for ‘fixef’
    ea2 : f10: no visible global function definition for ‘corSymm’
    ea2 : f10: no visible global function definition for ‘corAR1’
    ea2 : f10: no visible global function definition for ‘corCompSymm’
    ea2 : f10: no visible global function definition for ‘corCAR1’
    ea2 : f10: no visible global function definition for ‘varIdent’
    ea2 : f10: no visible global function definition for ‘lme’
    ea2 : f10: no visible global function definition for ‘lmeControl’
    ea2 : f10: no visible global function definition for ‘fixef’
    ea2 : f11: no visible global function definition for ‘Anova’
    ea2 : f12: no visible global function definition for ‘Anova’
    ea2 : f13: no visible global function definition for ‘Anova’
Flavors: r-devel-linux-x86_64-debian-clang, r-devel-linux-x86_64-debian-gcc, r-devel-linux-x86_64-fedora-clang, r-devel-linux-x86_64-fedora-gcc, r-devel-osx-x86_64-clang