CRAN Package Check Results for Package easyanova

Last updated on 2014-04-16 09:47:58.

Flavor Version Tinstall Tcheck Ttotal Status Flags
r-devel-linux-x86_64-debian-clang 3.0 1.30 37.06 38.36 NOTE
r-devel-linux-x86_64-debian-gcc 3.0 1.32 37.56 38.87 NOTE
r-devel-linux-x86_64-fedora-clang 3.0 73.91 NOTE
r-devel-linux-x86_64-fedora-gcc 3.0 69.94 NOTE
r-devel-macosx-x86_64-clang 3.0 64.97 NOTE
r-devel-macosx-x86_64-gcc 3.0 ERROR
r-devel-windows-ix86+x86_64 3.0 5.00 52.00 57.00 NOTE
r-patched-linux-x86_64 3.0 1.38 37.27 38.65 NOTE
r-patched-solaris-sparc 3.0 410.30 NOTE
r-patched-solaris-x86 3.0 83.50 NOTE
r-release-linux-ix86 3.0 2.00 61.00 63.00 NOTE
r-release-linux-x86_64 3.0 1.31 37.36 38.67 NOTE
r-release-macosx-x86_64 3.0 OK
r-release-windows-ix86+x86_64 3.0 5.00 51.00 56.00 NOTE
r-oldrel-windows-ix86+x86_64 3.0 5.00 51.00 56.00 NOTE

Check Details

Version: 3.0
Check: dependencies in R code
Result: NOTE
    Packages in Depends field not imported from:
     ‘car’ ‘nlme’
     These packages need to be imported from (in the NAMESPACE file)
     for when this namespace is loaded but not attached.
    See the information on DESCRIPTION files in the chapter ‘Creating R
    packages’ of the ‘Writing R Extensions’ manual.
Flavors: r-devel-linux-x86_64-debian-clang, r-devel-linux-x86_64-debian-gcc, r-devel-linux-x86_64-fedora-clang, r-devel-linux-x86_64-fedora-gcc, r-devel-macosx-x86_64-clang, r-devel-windows-ix86+x86_64, r-patched-linux-x86_64, r-patched-solaris-sparc, r-patched-solaris-x86, r-release-linux-ix86, r-release-linux-x86_64, r-release-windows-ix86+x86_64, r-oldrel-windows-ix86+x86_64

Version: 3.0
Check: package dependencies
Result: ERROR
    Package required but not available: ‘car’
    
    See the information on DESCRIPTION files in the chapter ‘Creating R
    packages’ of the ‘Writing R Extensions’ manual.
Flavor: r-devel-macosx-x86_64-gcc