CRAN Package Check Results for Package easyanova

Last updated on 2015-04-19 23:49:12.

Flavor Version Tinstall Tcheck Ttotal Status Flags
r-devel-linux-x86_64-debian-clang 4.0 4.81 58.35 63.16 OK
r-devel-linux-x86_64-debian-gcc 4.0 3.81 57.33 61.14 OK
r-devel-linux-x86_64-fedora-clang 4.0 126.28 OK
r-devel-linux-x86_64-fedora-gcc 4.0 119.38 OK
r-devel-osx-x86_64-clang 4.0 104.80 OK
r-devel-windows-ix86+x86_64 4.0 14.00 111.00 125.00 OK
r-patched-linux-x86_64 4.0 4.09 60.22 64.30 OK
r-patched-solaris-sparc 4.0 763.20 OK
r-patched-solaris-x86 4.0 152.70 OK
r-release-linux-x86_64 4.0 3.94 57.19 61.12 OK
r-release-osx-x86_64-mavericks 4.0 OK
r-release-osx-x86_64-snowleopard 4.0 ERROR
r-release-windows-ix86+x86_64 4.0 8.00 81.00 89.00 OK
r-oldrel-windows-ix86+x86_64 4.0 15.00 104.00 119.00 OK

Check Details

Version: 4.0
Check: package dependencies
Result: ERROR
    Package required but not available: ‘car’
    
    See section ‘The DESCRIPTION file’ in the ‘Writing R Extensions’
    manual.
Flavor: r-release-osx-x86_64-snowleopard