CRAN Package Check Results for Package easyanova

Last updated on 2014-07-24 05:48:24.

Flavor Version Tinstall Tcheck Ttotal Status Flags
r-devel-linux-x86_64-debian-clang 3.0 1.21 35.68 36.89 NOTE
r-devel-linux-x86_64-debian-gcc 3.0 1.17 35.92 37.10 NOTE
r-devel-linux-x86_64-fedora-clang 3.0 76.43 NOTE
r-devel-linux-x86_64-fedora-gcc 3.0 71.78 NOTE
r-devel-osx-x86_64-clang 3.0 62.71 NOTE
r-devel-windows-ix86+x86_64 3.0 5.00 50.00 55.00 NOTE
r-patched-linux-x86_64 3.0 1.32 35.58 36.90 NOTE
r-patched-solaris-sparc 3.0 410.30 NOTE
r-patched-solaris-x86 3.0 83.80 NOTE
r-release-linux-ix86 3.0 1.54 46.32 47.86 NOTE
r-release-linux-x86_64 3.0 1.25 36.13 37.38 NOTE
r-release-osx-x86_64-mavericks 3.0 NOTE
r-release-osx-x86_64-snowleopard 3.0 OK
r-release-windows-ix86+x86_64 3.0 4.00 59.00 63.00 NOTE
r-oldrel-windows-ix86+x86_64 3.0 5.00 55.00 60.00 NOTE

Check Details

Version: 3.0
Check: dependencies in R code
Result: NOTE
    Packages in Depends field not imported from:
     ‘car’ ‘nlme’
     These packages need to be imported from (in the NAMESPACE file)
     for when this namespace is loaded but not attached.
    See the information on DESCRIPTION files in the chapter ‘Creating R
    packages’ of the ‘Writing R Extensions’ manual.
Flavors: r-devel-linux-x86_64-debian-clang, r-devel-linux-x86_64-debian-gcc, r-devel-linux-x86_64-fedora-clang, r-devel-linux-x86_64-fedora-gcc, r-devel-osx-x86_64-clang, r-devel-windows-ix86+x86_64, r-patched-linux-x86_64, r-patched-solaris-sparc, r-patched-solaris-x86, r-release-linux-ix86, r-release-linux-x86_64, r-release-osx-x86_64-mavericks, r-release-windows-ix86+x86_64, r-oldrel-windows-ix86+x86_64