Last updated on 2023-04-01 05:50:39 CEST.
Flavor | Version | Tinstall | Tcheck | Ttotal | Status | Flags |
---|---|---|---|---|---|---|
r-devel-linux-x86_64-debian-clang | 1.0.8 | 2.88 | 28.75 | 31.63 | NOTE | |
r-devel-linux-x86_64-debian-gcc | 1.0.8 | 2.22 | 21.99 | 24.21 | NOTE | |
r-devel-linux-x86_64-fedora-clang | 1.0.8 | 40.34 | NOTE | |||
r-devel-linux-x86_64-fedora-gcc | 1.0.8 | 49.06 | NOTE | |||
r-devel-windows-x86_64 | 1.0.8 | 16.00 | 0.00 | 16.00 | NOTE | |
r-patched-linux-x86_64 | 1.0.8 | 2.98 | 27.41 | 30.39 | NOTE | |
r-release-linux-x86_64 | 1.0.8 | 2.36 | 28.64 | 31.00 | NOTE | |
r-release-macos-arm64 | 1.0.8 | 20.00 | NOTE | |||
r-release-macos-x86_64 | 1.0.8 | 36.00 | NOTE | |||
r-release-windows-x86_64 | 1.0.8 | 19.00 | 58.00 | 77.00 | NOTE | |
r-oldrel-macos-arm64 | 1.0.8 | 31.00 | NOTE | |||
r-oldrel-macos-x86_64 | 1.0.8 | 39.00 | NOTE | |||
r-oldrel-windows-ix86+x86_64 | 1.0.8 | 9.00 | 55.00 | 64.00 | NOTE |
Version: 1.0.8
Check: LazyData
Result: NOTE
'LazyData' is specified without a 'data' directory
Flavors: r-devel-linux-x86_64-debian-clang, r-devel-linux-x86_64-debian-gcc, r-devel-linux-x86_64-fedora-clang, r-devel-linux-x86_64-fedora-gcc, r-devel-windows-x86_64, r-patched-linux-x86_64, r-release-linux-x86_64, r-release-macos-arm64, r-release-macos-x86_64, r-release-windows-x86_64, r-oldrel-macos-arm64, r-oldrel-macos-x86_64, r-oldrel-windows-ix86+x86_64
Version: 1.0.8
Check: for non-standard things in the check directory
Result: NOTE
Found the following files/directories:
‘example_table1.csv’ ‘example_table1.txt’ ‘example_table2.csv’
‘example_table2.txt’ ‘example_table3.csv’ ‘example_table3.txt’
‘table1.csv’ ‘table2.csv’ ‘table2.txt’ ‘table3.txt’ ‘table4.txt’
Flavors: r-devel-linux-x86_64-debian-clang, r-devel-linux-x86_64-debian-gcc, r-devel-linux-x86_64-fedora-clang, r-devel-linux-x86_64-fedora-gcc, r-patched-linux-x86_64, r-release-linux-x86_64