CRAN Package Check Results for Package easypackages

Last updated on 2022-12-07 16:49:23 CET.

Flavor Version Tinstall Tcheck Ttotal Status Flags
r-devel-linux-x86_64-debian-clang 0.1.0 7.55 65.22 72.77 NOTE
r-devel-linux-x86_64-debian-gcc 0.1.0 6.26 49.75 56.01 NOTE
r-devel-linux-x86_64-fedora-clang 0.1.0 100.82 NOTE
r-devel-linux-x86_64-fedora-gcc 0.1.0 111.41 NOTE
r-devel-windows-x86_64 0.1.0 32.00 101.00 133.00 NOTE
r-patched-linux-x86_64 0.1.0 7.90 62.45 70.35 NOTE
r-release-linux-x86_64 0.1.0 6.04 62.54 68.58 NOTE
r-release-macos-arm64 0.1.0 25.00 NOTE
r-release-macos-x86_64 0.1.0 45.00 NOTE
r-release-windows-x86_64 0.1.0 38.00 100.00 138.00 NOTE
r-oldrel-macos-arm64 0.1.0 28.00 NOTE
r-oldrel-macos-x86_64 0.1.0 44.00 NOTE
r-oldrel-windows-ix86+x86_64 0.1.0 20.00 118.00 138.00 NOTE

Check Details

Version: 0.1.0
Check: LazyData
Result: NOTE
     'LazyData' is specified without a 'data' directory
Flavors: r-devel-linux-x86_64-debian-clang, r-devel-linux-x86_64-debian-gcc, r-devel-linux-x86_64-fedora-clang, r-devel-linux-x86_64-fedora-gcc, r-devel-windows-x86_64, r-patched-linux-x86_64, r-release-linux-x86_64, r-release-macos-arm64, r-release-macos-x86_64, r-release-windows-x86_64, r-oldrel-macos-arm64, r-oldrel-macos-x86_64, r-oldrel-windows-ix86+x86_64