Last updated on 2023-06-07 13:01:51 CEST.
Flavor | Version | Tinstall | Tcheck | Ttotal | Status | Flags |
---|---|---|---|---|---|---|
r-devel-linux-x86_64-debian-clang | 0.5.0 | 2.60 | 28.60 | 31.20 | OK | |
r-devel-linux-x86_64-debian-gcc | 0.5.0 | 2.03 | 22.47 | 24.50 | OK | |
r-devel-linux-x86_64-fedora-clang | 0.5.0 | 41.15 | OK | |||
r-devel-linux-x86_64-fedora-gcc | 0.5.0 | 37.70 | OK | |||
r-devel-windows-x86_64 | 0.5.0 | 5.00 | 46.00 | 51.00 | OK | |
r-patched-linux-x86_64 | 0.5.0 | 2.42 | 27.98 | 30.40 | OK | |
r-release-linux-x86_64 | 0.5.0 | 2.44 | 28.16 | 30.60 | OK | |
r-release-macos-arm64 | 0.5.0 | 20.00 | OK | |||
r-release-macos-x86_64 | 0.5.0 | 25.00 | OK | |||
r-release-windows-x86_64 | 0.5.0 | 4.00 | 63.00 | 67.00 | OK | |
r-oldrel-macos-arm64 | 0.5.0 | 18.00 | NOTE | |||
r-oldrel-macos-x86_64 | 0.5.0 | 24.00 | NOTE | |||
r-oldrel-windows-x86_64 | 0.5.0 | 4.00 | 46.00 | 50.00 | OK |
Version: 0.5.0
Check: dependencies in R code
Result: NOTE
Namespace in Imports field not imported from: ‘RSQLite’
All declared Imports should be used.
Flavors: r-oldrel-macos-arm64, r-oldrel-macos-x86_64