CRAN Package Check Results for Package eba

Last updated on 2015-07-29 03:48:20.

Flavor Version Tinstall Tcheck Ttotal Status Flags
r-devel-linux-x86_64-debian-clang 1.7-1 0.87 20.40 21.27 NOTE
r-devel-linux-x86_64-debian-gcc 1.7-1 0.84 20.06 20.90 NOTE
r-devel-linux-x86_64-fedora-clang 1.7-1 39.75 NOTE
r-devel-linux-x86_64-fedora-gcc 1.7-1 37.82 NOTE
r-devel-osx-x86_64-clang 1.7-1 36.31 OK
r-devel-windows-ix86+x86_64 1.7-1 4.00 30.00 34.00 NOTE
r-patched-linux-x86_64 1.7-1 0.92 19.89 20.81 OK
r-patched-solaris-sparc 1.7-1 265.50 OK
r-patched-solaris-x86 1.7-1 53.70 OK
r-release-linux-x86_64 1.7-1 1.17 20.40 21.56 OK
r-release-osx-x86_64-mavericks 1.7-1 OK
r-release-windows-ix86+x86_64 1.7-1 7.00 34.00 41.00 OK
r-oldrel-windows-ix86+x86_64 1.7-1 5.00 36.00 41.00 OK

Check Details

Version: 1.7-1
Check: R code for possible problems
Result: NOTE
    plot.eba: no visible global function definition for ‘plot’
    plot.eba: no visible global function definition for ‘abline’
    plot.eba: no visible global function definition for ‘panel.smooth’
    plot.eba.order: no visible global function definition for ‘plot’
    plot.eba.order: no visible global function definition for ‘abline’
    plot.eba.order: no visible global function definition for
     ‘panel.smooth’
    Undefined global functions or variables:
     abline panel.smooth plot
    Consider adding
     importFrom("graphics", "abline", "panel.smooth", "plot")
    to your NAMESPACE.
Flavors: r-devel-linux-x86_64-debian-clang, r-devel-linux-x86_64-debian-gcc, r-devel-linux-x86_64-fedora-clang, r-devel-linux-x86_64-fedora-gcc

Version: 1.7-1
Check: R code for possible problems
Result: NOTE
    plot.eba: no visible global function definition for 'plot'
    plot.eba: no visible global function definition for 'abline'
    plot.eba: no visible global function definition for 'panel.smooth'
    plot.eba.order: no visible global function definition for 'plot'
    plot.eba.order: no visible global function definition for 'abline'
    plot.eba.order: no visible global function definition for
     'panel.smooth'
    thurstone: no visible binding for global variable 'probit'
    Undefined global functions or variables:
     abline panel.smooth plot probit
    Consider adding
     importFrom("graphics", "abline", "panel.smooth", "plot")
    to your NAMESPACE.
Flavor: r-devel-windows-ix86+x86_64