CRAN Package Check Results for Package eba

Last updated on 2016-02-08 02:47:19.

Flavor Version Tinstall Tcheck Ttotal Status Flags
r-devel-linux-x86_64-debian-gcc 1.7-1 0.95 19.21 20.16 NOTE
r-devel-linux-x86_64-fedora-clang 1.7-1 38.22 NOTE
r-devel-linux-x86_64-fedora-gcc 1.7-1 35.86 NOTE
r-devel-osx-x86_64-clang 1.7-1 41.08 NOTE
r-devel-windows-ix86+x86_64 1.7-1 6.00 45.00 51.00 NOTE
r-patched-linux-x86_64 1.7-1 0.94 19.81 20.75 OK
r-patched-solaris-sparc 1.7-1 248.50 OK
r-patched-solaris-x86 1.7-1 48.20 OK
r-release-linux-x86_64 1.7-1 0.95 19.77 20.72 OK
r-release-osx-x86_64-mavericks 1.7-1 OK
r-release-windows-ix86+x86_64 1.7-1 6.00 37.00 43.00 OK
r-oldrel-windows-ix86+x86_64 1.7-1 7.00 42.00 49.00 OK

Check Details

Version: 1.7-1
Check: R code for possible problems
Result: NOTE
    plot.eba: no visible global function definition for ‘plot’
    plot.eba: no visible global function definition for ‘abline’
    plot.eba: no visible global function definition for ‘panel.smooth’
    plot.eba.order: no visible global function definition for ‘plot’
    plot.eba.order: no visible global function definition for ‘abline’
    plot.eba.order: no visible global function definition for
     ‘panel.smooth’
    Undefined global functions or variables:
     abline panel.smooth plot
    Consider adding
     importFrom("graphics", "abline", "panel.smooth", "plot")
    to your NAMESPACE file.
Flavors: r-devel-linux-x86_64-debian-gcc, r-devel-linux-x86_64-fedora-clang, r-devel-linux-x86_64-fedora-gcc, r-devel-osx-x86_64-clang, r-devel-windows-ix86+x86_64