CRAN Package Check Results for Package eba

Last updated on 2015-09-04 11:47:33.

Flavor Version Tinstall Tcheck Ttotal Status Flags
r-devel-linux-x86_64-debian-clang 1.7-1 0.82 19.85 20.66 NOTE
r-devel-linux-x86_64-debian-gcc 1.7-1 0.81 20.16 20.97 NOTE
r-devel-linux-x86_64-fedora-clang 1.7-1 39.79 NOTE
r-devel-linux-x86_64-fedora-gcc 1.7-1 38.02 NOTE
r-devel-osx-x86_64-clang 1.7-1 35.28 OK
r-devel-windows-ix86+x86_64 1.7-1 4.00 35.00 39.00 NOTE
r-patched-linux-x86_64 1.7-1 0.89 22.02 22.90 OK
r-patched-solaris-sparc 1.7-1 265.50 OK
r-patched-solaris-x86 1.7-1 54.00 OK
r-release-linux-x86_64 1.7-1 1.03 20.40 21.43 OK
r-release-osx-x86_64-mavericks 1.7-1 OK
r-release-windows-ix86+x86_64 1.7-1 6.00 47.00 53.00 OK
r-oldrel-windows-ix86+x86_64 1.7-1 4.00 45.00 49.00 OK

Check Details

Version: 1.7-1
Check: R code for possible problems
Result: NOTE
    plot.eba: no visible global function definition for ‘plot’
    plot.eba: no visible global function definition for ‘abline’
    plot.eba: no visible global function definition for ‘panel.smooth’
    plot.eba.order: no visible global function definition for ‘plot’
    plot.eba.order: no visible global function definition for ‘abline’
    plot.eba.order: no visible global function definition for
     ‘panel.smooth’
    Undefined global functions or variables:
     abline panel.smooth plot
    Consider adding
     importFrom("graphics", "abline", "panel.smooth", "plot")
    to your NAMESPACE.
Flavors: r-devel-linux-x86_64-debian-clang, r-devel-linux-x86_64-debian-gcc, r-devel-linux-x86_64-fedora-clang, r-devel-linux-x86_64-fedora-gcc, r-devel-windows-ix86+x86_64