CRAN Package Check Results for Package ebdbNet

Last updated on 2015-08-03 19:49:03.

Flavor Version Tinstall Tcheck Ttotal Status Flags
r-devel-linux-x86_64-debian-clang 1.2.3 2.18 12.28 14.46 NOTE
r-devel-linux-x86_64-debian-gcc 1.2.3 2.94 12.24 15.18 NOTE
r-devel-linux-x86_64-fedora-clang 1.2.3 28.87 NOTE
r-devel-linux-x86_64-fedora-gcc 1.2.3 26.69 NOTE
r-devel-osx-x86_64-clang 1.2.3 27.15 OK
r-devel-windows-ix86+x86_64 1.2.3 10.00 31.00 41.00 NOTE
r-patched-linux-x86_64 1.2.3 3.01 13.01 16.02 OK
r-patched-solaris-sparc 1.2.3 191.30 OK
r-patched-solaris-x86 1.2.3 46.20 OK
r-release-linux-x86_64 1.2.3 2.99 12.42 15.40 OK
r-release-osx-x86_64-mavericks 1.2.3 OK
r-release-windows-ix86+x86_64 1.2.3 15.00 35.00 50.00 OK
r-oldrel-windows-ix86+x86_64 1.2.3 12.00 39.00 51.00 OK

Check Details

Version: 1.2.3
Check: R code for possible problems
Result: NOTE
    ebdbn: no visible global function definition for ‘rnorm’
    ebdbn: no visible global function definition for ‘runif’
    plot.ebdbNet: no visible global function definition for ‘qnorm’
    plot.ebdbNet: no visible global function definition for ‘plot’
    simulateVAR: no visible global function definition for ‘runif’
    simulateVAR: no visible global function definition for ‘rnorm’
    Undefined global functions or variables:
     plot qnorm rnorm runif
    Consider adding
     importFrom("graphics", "plot")
     importFrom("stats", "qnorm", "rnorm", "runif")
    to your NAMESPACE.
Flavors: r-devel-linux-x86_64-debian-clang, r-devel-linux-x86_64-debian-gcc, r-devel-linux-x86_64-fedora-clang, r-devel-linux-x86_64-fedora-gcc, r-devel-windows-ix86+x86_64