CRAN Package Check Results for Package ebdbNet

Last updated on 2017-02-27 03:50:11.

Flavor Version Tinstall Tcheck Ttotal Status Flags
r-devel-linux-x86_64-debian-clang 1.2.5 3.70 15.07 18.77 NOTE
r-devel-linux-x86_64-debian-gcc 1.2.5 3.28 14.79 18.07 NOTE
r-devel-linux-x86_64-fedora-clang 1.2.5 32.22 NOTE --no-stop-on-test-error
r-devel-linux-x86_64-fedora-gcc 1.2.5 29.85 NOTE --no-stop-on-test-error
r-devel-macos-x86_64-clang 1.2.5 27.68 NOTE --no-stop-on-test-error
r-devel-windows-ix86+x86_64 1.2.5 12.00 85.00 97.00 OK
r-patched-linux-x86_64 1.2.5 2.90 12.94 15.84 OK
r-patched-solaris-sparc 1.2.5 174.40 OK
r-patched-solaris-x86 1.2.5 39.50 OK
r-release-linux-x86_64 1.2.5 3.62 12.79 16.41 OK
r-release-osx-x86_64-mavericks 1.2.5 OK
r-release-windows-ix86+x86_64 1.2.5 24.00 35.00 59.00 OK
r-oldrel-windows-ix86+x86_64 1.2.5 16.00 84.00 100.00 OK

Check Details

Version: 1.2.5
Check: compiled code
Result: NOTE
    File ‘ebdbNet/libs/ebdbNet.so’:
     Found no calls to: ‘R_registerRoutines’, ‘R_useDynamicSymbols’
    
    It is good practice to register native routines and to disable symbol
    search.
    
    See ‘Writing portable packages’ in the ‘Writing R Extensions’ manual.
Flavors: r-devel-linux-x86_64-debian-clang, r-devel-linux-x86_64-debian-gcc

Version: 1.2.5
Flags: --no-stop-on-test-error
Check: compiled code
Result: NOTE
    File ‘ebdbNet/libs/ebdbNet.so’:
     Found no calls to: ‘R_registerRoutines’, ‘R_useDynamicSymbols’
    
    It is good practice to register native routines and to disable symbol
    search.
    
    See ‘Writing portable packages’ in the ‘Writing R Extensions’ manual.
Flavors: r-devel-linux-x86_64-fedora-clang, r-devel-linux-x86_64-fedora-gcc, r-devel-macos-x86_64-clang