CRAN Package Check Results for Package ebdbNet

Last updated on 2016-10-01 03:47:06.

Flavor Version Tinstall Tcheck Ttotal Status Flags
r-devel-linux-x86_64-debian-clang 1.2.3 3.69 13.79 17.48 NOTE
r-devel-linux-x86_64-debian-gcc 1.2.3 3.26 13.57 16.83 NOTE
r-devel-linux-x86_64-fedora-clang 1.2.3 30.11 NOTE
r-devel-linux-x86_64-fedora-gcc 1.2.3 24.15 NOTE
r-devel-macos-x86_64-clang 1.2.3 23.36 NOTE
r-devel-windows-ix86+x86_64 1.2.3 10.00 44.00 54.00 NOTE
r-patched-linux-x86_64 1.2.3 2.90 12.68 15.58 NOTE
r-patched-solaris-sparc 1.2.3 167.40 NOTE
r-patched-solaris-x86 1.2.3 39.20 NOTE
r-release-linux-x86_64 1.2.3 2.86 12.66 15.52 NOTE
r-release-osx-x86_64-mavericks 1.2.3 NOTE
r-release-windows-ix86+x86_64 1.2.3 11.00 58.00 69.00 NOTE
r-oldrel-windows-ix86+x86_64 1.2.3 16.00 48.00 64.00 OK

Check Details

Version: 1.2.3
Check: R code for possible problems
Result: NOTE
    ebdbn: no visible global function definition for ‘rnorm’
    ebdbn: no visible global function definition for ‘runif’
    plot.ebdbNet: no visible global function definition for ‘qnorm’
    plot.ebdbNet: no visible global function definition for ‘plot’
    simulateVAR: no visible global function definition for ‘runif’
    simulateVAR: no visible global function definition for ‘rnorm’
    Undefined global functions or variables:
     plot qnorm rnorm runif
    Consider adding
     importFrom("graphics", "plot")
     importFrom("stats", "qnorm", "rnorm", "runif")
    to your NAMESPACE file.
Flavors: r-devel-linux-x86_64-debian-clang, r-devel-linux-x86_64-debian-gcc, r-devel-linux-x86_64-fedora-clang, r-devel-linux-x86_64-fedora-gcc, r-devel-macos-x86_64-clang, r-devel-windows-ix86+x86_64, r-patched-linux-x86_64, r-patched-solaris-sparc, r-patched-solaris-x86, r-release-linux-x86_64, r-release-osx-x86_64-mavericks, r-release-windows-ix86+x86_64