CRAN Package Check Results for Package ebdbNet

Last updated on 2016-08-28 13:50:15.

Flavor Version Tinstall Tcheck Ttotal Status Flags
r-devel-linux-x86_64-debian-clang 1.2.3 3.62 12.51 16.12 NOTE
r-devel-linux-x86_64-debian-gcc 1.2.3 3.14 12.32 15.46 NOTE
r-devel-linux-x86_64-fedora-clang 1.2.3 27.58 NOTE
r-devel-linux-x86_64-fedora-gcc 1.2.3 24.53 NOTE
r-devel-osx-x86_64-clang 1.2.3 24.27 NOTE
r-devel-windows-ix86+x86_64 1.2.3 16.00 43.00 59.00 NOTE
r-patched-linux-x86_64 1.2.3 2.93 12.64 15.57 NOTE
r-patched-solaris-sparc 1.2.3 167.40 NOTE
r-patched-solaris-x86 1.2.3 39.60 NOTE
r-release-linux-x86_64 1.2.3 2.84 12.81 15.65 NOTE
r-release-osx-x86_64-mavericks 1.2.3 NOTE
r-release-windows-ix86+x86_64 1.2.3 16.00 36.00 52.00 NOTE
r-oldrel-windows-ix86+x86_64 1.2.3 14.00 44.00 58.00 OK

Check Details

Version: 1.2.3
Check: R code for possible problems
Result: NOTE
    ebdbn: no visible global function definition for ‘rnorm’
    ebdbn: no visible global function definition for ‘runif’
    plot.ebdbNet: no visible global function definition for ‘qnorm’
    plot.ebdbNet: no visible global function definition for ‘plot’
    simulateVAR: no visible global function definition for ‘runif’
    simulateVAR: no visible global function definition for ‘rnorm’
    Undefined global functions or variables:
     plot qnorm rnorm runif
    Consider adding
     importFrom("graphics", "plot")
     importFrom("stats", "qnorm", "rnorm", "runif")
    to your NAMESPACE file.
Flavors: r-devel-linux-x86_64-debian-clang, r-devel-linux-x86_64-debian-gcc, r-devel-linux-x86_64-fedora-clang, r-devel-linux-x86_64-fedora-gcc, r-devel-osx-x86_64-clang, r-devel-windows-ix86+x86_64, r-patched-linux-x86_64, r-patched-solaris-sparc, r-patched-solaris-x86, r-release-linux-x86_64, r-release-osx-x86_64-mavericks, r-release-windows-ix86+x86_64