CRAN Package Check Results for Package ebdbNet

Last updated on 2016-02-12 18:49:37.

Flavor Version Tinstall Tcheck Ttotal Status Flags
r-devel-linux-x86_64-debian-gcc 1.2.3 2.89 11.29 14.17 NOTE
r-devel-linux-x86_64-fedora-clang 1.2.3 25.47 NOTE
r-devel-linux-x86_64-fedora-gcc 1.2.3 23.82 NOTE
r-devel-osx-x86_64-clang 1.2.3 27.85 NOTE
r-devel-windows-ix86+x86_64 1.2.3 16.00 38.00 54.00 NOTE
r-patched-linux-x86_64 1.2.3 3.05 12.35 15.40 OK
r-patched-solaris-sparc 1.2.3 171.80 OK
r-patched-solaris-x86 1.2.3 40.80 OK
r-release-linux-x86_64 1.2.3 2.97 12.28 15.25 OK
r-release-osx-x86_64-mavericks 1.2.3 OK
r-release-windows-ix86+x86_64 1.2.3 14.00 31.00 45.00 OK
r-oldrel-windows-ix86+x86_64 1.2.3 15.00 35.00 50.00 OK

Check Details

Version: 1.2.3
Check: R code for possible problems
Result: NOTE
    ebdbn: no visible global function definition for ‘rnorm’
    ebdbn: no visible global function definition for ‘runif’
    plot.ebdbNet: no visible global function definition for ‘qnorm’
    plot.ebdbNet: no visible global function definition for ‘plot’
    simulateVAR: no visible global function definition for ‘runif’
    simulateVAR: no visible global function definition for ‘rnorm’
    Undefined global functions or variables:
     plot qnorm rnorm runif
    Consider adding
     importFrom("graphics", "plot")
     importFrom("stats", "qnorm", "rnorm", "runif")
    to your NAMESPACE file.
Flavors: r-devel-linux-x86_64-debian-gcc, r-devel-linux-x86_64-fedora-clang, r-devel-linux-x86_64-fedora-gcc, r-devel-osx-x86_64-clang, r-devel-windows-ix86+x86_64