CRAN Package Check Results for Package ebdbNet

Last updated on 2016-05-27 05:47:36.

Flavor Version Tinstall Tcheck Ttotal Status Flags
r-devel-linux-x86_64-debian-gcc 1.2.3 3.11 12.15 15.26 NOTE
r-devel-linux-x86_64-fedora-clang 1.2.3 28.39 NOTE
r-devel-linux-x86_64-fedora-gcc 1.2.3 24.13 NOTE
r-devel-osx-x86_64-clang 1.2.3 31.88 NOTE
r-devel-windows-ix86+x86_64 1.2.3 10.00 36.00 46.00 NOTE
r-patched-linux-x86_64 1.2.3 2.96 11.94 14.89 NOTE
r-patched-solaris-sparc 1.2.3 165.80 NOTE
r-patched-solaris-x86 1.2.3 40.70 NOTE
r-release-linux-x86_64 1.2.3 2.84 12.00 14.84 NOTE
r-release-osx-x86_64-mavericks 1.2.3 NOTE
r-release-windows-ix86+x86_64 1.2.3 15.00 32.00 47.00 NOTE
r-oldrel-windows-ix86+x86_64 1.2.3 10.00 33.00 43.00 OK

Check Details

Version: 1.2.3
Check: R code for possible problems
Result: NOTE
    ebdbn: no visible global function definition for ‘rnorm’
    ebdbn: no visible global function definition for ‘runif’
    plot.ebdbNet: no visible global function definition for ‘qnorm’
    plot.ebdbNet: no visible global function definition for ‘plot’
    simulateVAR: no visible global function definition for ‘runif’
    simulateVAR: no visible global function definition for ‘rnorm’
    Undefined global functions or variables:
     plot qnorm rnorm runif
    Consider adding
     importFrom("graphics", "plot")
     importFrom("stats", "qnorm", "rnorm", "runif")
    to your NAMESPACE file.
Flavors: r-devel-linux-x86_64-debian-gcc, r-devel-linux-x86_64-fedora-clang, r-devel-linux-x86_64-fedora-gcc, r-devel-osx-x86_64-clang, r-devel-windows-ix86+x86_64, r-patched-linux-x86_64, r-patched-solaris-sparc, r-patched-solaris-x86, r-release-linux-x86_64, r-release-osx-x86_64-mavericks, r-release-windows-ix86+x86_64