CRAN Package Check Results for Package ebdbNet

Last updated on 2018-06-24 10:49:14 CEST.

Flavor Version Tinstall Tcheck Ttotal Status Flags
r-devel-linux-x86_64-debian-clang 1.2.5 6.91 25.09 32.00 NOTE
r-devel-linux-x86_64-debian-gcc 1.2.5 4.27 19.66 23.93 NOTE
r-devel-linux-x86_64-fedora-clang 1.2.5 36.85 NOTE
r-devel-linux-x86_64-fedora-gcc 1.2.5 33.00 NOTE
r-devel-windows-ix86+x86_64 1.2.5 17.00 45.00 62.00 OK
r-patched-linux-x86_64 1.2.5 4.99 23.42 28.41 NOTE
r-patched-solaris-x86 1.2.5 55.40 OK
r-release-linux-x86_64 1.2.5 5.18 23.35 28.53 NOTE
r-release-windows-ix86+x86_64 1.2.5 14.00 48.00 62.00 OK
r-release-osx-x86_64 1.2.5 OK
r-oldrel-windows-ix86+x86_64 1.2.5 15.00 55.00 70.00 OK
r-oldrel-osx-x86_64 1.2.5 OK

Check Details

Version: 1.2.5
Check: compiled code
Result: NOTE
    File ‘ebdbNet/libs/ebdbNet.so’:
     Found no calls to: ‘R_registerRoutines’, ‘R_useDynamicSymbols’
    
    It is good practice to register native routines and to disable symbol
    search.
    
    See ‘Writing portable packages’ in the ‘Writing R Extensions’ manual.
Flavors: r-devel-linux-x86_64-debian-clang, r-devel-linux-x86_64-debian-gcc, r-devel-linux-x86_64-fedora-clang, r-devel-linux-x86_64-fedora-gcc, r-patched-linux-x86_64, r-release-linux-x86_64