CRAN Package Check Results for Package ebdbNet

Last updated on 2017-01-16 15:50:44.

Flavor Version Tinstall Tcheck Ttotal Status Flags
r-devel-linux-x86_64-debian-clang 1.2.5 3.80 15.09 18.89 OK
r-devel-linux-x86_64-debian-gcc 1.2.5 3.19 14.59 17.77 OK
r-devel-linux-x86_64-fedora-clang 1.2.5 32.24 OK --no-stop-on-test-error
r-devel-linux-x86_64-fedora-gcc 1.2.5 29.26 NOTE --no-stop-on-test-error
r-devel-macos-x86_64-clang 1.2.5 26.99 OK --no-stop-on-test-error
r-devel-windows-ix86+x86_64 1.2.5 16.00 37.00 53.00 OK
r-patched-linux-x86_64 1.2.5 3.07 12.57 15.63 OK
r-patched-solaris-sparc 1.2.5 174.40 OK
r-patched-solaris-x86 1.2.5 40.70 OK
r-release-linux-x86_64 1.2.5 3.49 12.62 16.11 OK
r-release-osx-x86_64-mavericks 1.2.5 OK
r-release-windows-ix86+x86_64 1.2.5 18.00 36.00 54.00 OK
r-oldrel-windows-ix86+x86_64 1.2.5 11.00 56.00 67.00 OK

Check Details

Version: 1.2.5
Flags: --no-stop-on-test-error
Check: compiled code
Result: NOTE
    File ‘ebdbNet/libs/ebdbNet.so’:
     Found no calls to: ‘R_registerRoutines’, ‘R_useDynamicSymbols’
    
    It is good practice to use registered native symbols and disable symbol
    search.
    
    See ‘Writing portable packages’ in the ‘Writing R Extensions’ manual.
Flavor: r-devel-linux-x86_64-fedora-gcc