CRAN Package Check Results for Package ebdbNet

Last updated on 2017-03-28 06:47:45.

Flavor Version Tinstall Tcheck Ttotal Status Flags
r-devel-linux-x86_64-debian-clang 1.2.5 3.94 14.77 18.71 NOTE
r-devel-linux-x86_64-debian-gcc 1.2.5 3.22 15.98 19.19 NOTE
r-devel-linux-x86_64-fedora-clang 1.2.5 33.19 NOTE --no-stop-on-test-error
r-devel-linux-x86_64-fedora-gcc 1.2.5 30.37 NOTE --no-stop-on-test-error
r-devel-macos-x86_64-clang 1.2.5 27.31 NOTE --no-stop-on-test-error
r-devel-windows-ix86+x86_64 1.2.5 10.00 39.00 49.00 OK
r-patched-linux-x86_64 1.2.5 3.04 15.39 18.44 NOTE
r-patched-solaris-sparc 1.2.5 207.40 OK
r-patched-solaris-x86 1.2.5 50.40 OK
r-release-linux-x86_64 1.2.5 2.95 12.95 15.90 OK
r-release-osx-x86_64-mavericks 1.2.5 OK
r-release-windows-ix86+x86_64 1.2.5 17.00 40.00 57.00 OK
r-oldrel-windows-ix86+x86_64 1.2.5 9.00 34.00 43.00 OK

Check Details

Version: 1.2.5
Check: compiled code
Result: NOTE
    File ‘ebdbNet/libs/ebdbNet.so’:
     Found no calls to: ‘R_registerRoutines’, ‘R_useDynamicSymbols’
    
    It is good practice to register native routines and to disable symbol
    search.
    
    See ‘Writing portable packages’ in the ‘Writing R Extensions’ manual.
Flavors: r-devel-linux-x86_64-debian-clang, r-devel-linux-x86_64-debian-gcc, r-patched-linux-x86_64

Version: 1.2.5
Flags: --no-stop-on-test-error
Check: compiled code
Result: NOTE
    File ‘ebdbNet/libs/ebdbNet.so’:
     Found no calls to: ‘R_registerRoutines’, ‘R_useDynamicSymbols’
    
    It is good practice to register native routines and to disable symbol
    search.
    
    See ‘Writing portable packages’ in the ‘Writing R Extensions’ manual.
Flavors: r-devel-linux-x86_64-fedora-clang, r-devel-linux-x86_64-fedora-gcc, r-devel-macos-x86_64-clang