CRAN Package Check Results for Package ebdbNet

Last updated on 2014-04-25 05:47:14.

Flavor Version Tinstall Tcheck Ttotal Status Flags
r-devel-linux-x86_64-debian-clang 1.2.3 1.97 13.68 15.65 OK
r-devel-linux-x86_64-debian-gcc 1.2.3 2.82 13.57 16.38 OK
r-devel-linux-x86_64-fedora-clang 1.2.3 31.62 OK
r-devel-linux-x86_64-fedora-gcc 1.2.3 30.09 OK
r-devel-osx-x86_64-clang 1.2.3 29.25 OK
r-devel-osx-x86_64-gcc 1.2.3 ERROR
r-devel-windows-ix86+x86_64 1.2.3 9.00 27.00 36.00 OK
r-patched-linux-x86_64 1.2.3 2.80 13.63 16.43 OK
r-patched-solaris-sparc 1.2.3 185.30 OK
r-patched-solaris-x86 1.2.3 47.10 OK
r-release-linux-ix86 1.2.3 5.00 29.00 34.00 OK
r-release-linux-x86_64 1.2.3 2.81 13.54 16.35 OK
r-release-osx-x86_64-mavericks 1.2.3 WARN
r-release-osx-x86_64-snowleopard 1.2.3 OK
r-release-windows-ix86+x86_64 1.2.3 9.00 26.00 35.00 OK
r-oldrel-windows-ix86+x86_64 1.2.3 10.00 28.00 38.00 OK

Check Details

Version: 1.2.3
Check: package dependencies
Result: ERROR
    Package required but not available: ‘igraph’
    
    Package suggested but not available for checking: ‘GeneNet’
    
    See the information on DESCRIPTION files in the chapter ‘Creating R
    packages’ of the ‘Writing R Extensions’ manual.
Flavor: r-devel-osx-x86_64-gcc

Version: 1.2.3
Check: PDF version of manual
Result: WARNING
    LaTeX errors when creating PDF version.
    This typically indicates Rd problems.
    LaTeX errors found:
    ! LaTeX Error: File `upquote.sty' not found.
    
    Type X to quit or <RETURN> to proceed,
    or enter new name. (Default extension: sty)
    
    6ad6a8d/Rd2.tex:8: ==> Fatal error occurred, no output PDF file produced!
Flavor: r-release-osx-x86_64-mavericks