CRAN Package Check Results for Package ebdbNet

Last updated on 2016-07-29 20:49:26.

Flavor Version Tinstall Tcheck Ttotal Status Flags
r-devel-linux-x86_64-debian-clang 1.2.3 3.46 12.31 15.77 NOTE
r-devel-linux-x86_64-debian-gcc 1.2.3 3.21 12.45 15.65 NOTE
r-devel-linux-x86_64-fedora-clang 1.2.3 26.42 NOTE
r-devel-linux-x86_64-fedora-gcc 1.2.3 23.32 NOTE
r-devel-osx-x86_64-clang 1.2.3 24.03 NOTE
r-devel-windows-ix86+x86_64 1.2.3 15.00 33.00 48.00 NOTE
r-patched-linux-x86_64 1.2.3 3.67 13.71 17.38 NOTE
r-patched-solaris-sparc 1.2.3 167.40 NOTE
r-patched-solaris-x86 1.2.3 39.60 NOTE
r-release-linux-x86_64 1.2.3 3.29 13.94 17.23 NOTE
r-release-osx-x86_64-mavericks 1.2.3 NOTE
r-release-windows-ix86+x86_64 1.2.3 19.00 46.00 65.00 NOTE
r-oldrel-windows-ix86+x86_64 1.2.3 15.00 34.00 49.00 OK

Check Details

Version: 1.2.3
Check: R code for possible problems
Result: NOTE
    ebdbn: no visible global function definition for ‘rnorm’
    ebdbn: no visible global function definition for ‘runif’
    plot.ebdbNet: no visible global function definition for ‘qnorm’
    plot.ebdbNet: no visible global function definition for ‘plot’
    simulateVAR: no visible global function definition for ‘runif’
    simulateVAR: no visible global function definition for ‘rnorm’
    Undefined global functions or variables:
     plot qnorm rnorm runif
    Consider adding
     importFrom("graphics", "plot")
     importFrom("stats", "qnorm", "rnorm", "runif")
    to your NAMESPACE file.
Flavors: r-devel-linux-x86_64-debian-clang, r-devel-linux-x86_64-debian-gcc, r-devel-linux-x86_64-fedora-clang, r-devel-linux-x86_64-fedora-gcc, r-devel-osx-x86_64-clang, r-devel-windows-ix86+x86_64, r-patched-linux-x86_64, r-patched-solaris-sparc, r-patched-solaris-x86, r-release-linux-x86_64, r-release-osx-x86_64-mavericks, r-release-windows-ix86+x86_64