CRAN Package Check Results for Package ebdbNet

Last updated on 2017-05-29 16:48:19.

Flavor Version Tinstall Tcheck Ttotal Status Flags
r-devel-linux-x86_64-debian-clang 1.2.5 3.88 17.22 21.10 NOTE
r-devel-linux-x86_64-debian-gcc 1.2.5 3.07 14.95 18.01 NOTE
r-devel-linux-x86_64-fedora-clang 1.2.5 32.98 NOTE
r-devel-linux-x86_64-fedora-gcc 1.2.5 29.97 NOTE
r-devel-windows-ix86+x86_64 1.2.5 11.00 49.00 60.00 OK
r-patched-linux-x86_64 1.2.5 2.99 15.13 18.12 NOTE
r-patched-solaris-sparc 1.2.5 207.40 OK
r-patched-solaris-x86 1.2.5 49.10 OK
r-release-linux-x86_64 1.2.5 3.04 15.88 18.92 NOTE
r-release-windows-ix86+x86_64 1.2.5 16.00 38.00 54.00 OK
r-release-osx-x86_64 1.2.5 OK
r-oldrel-windows-ix86+x86_64 1.2.5 12.00 36.00 48.00 OK
r-oldrel-osx-x86_64 1.2.5 OK

Check Details

Version: 1.2.5
Check: compiled code
Result: NOTE
    File ‘ebdbNet/libs/ebdbNet.so’:
     Found no calls to: ‘R_registerRoutines’, ‘R_useDynamicSymbols’
    
    It is good practice to register native routines and to disable symbol
    search.
    
    See ‘Writing portable packages’ in the ‘Writing R Extensions’ manual.
Flavors: r-devel-linux-x86_64-debian-clang, r-devel-linux-x86_64-debian-gcc, r-devel-linux-x86_64-fedora-clang, r-devel-linux-x86_64-fedora-gcc, r-patched-linux-x86_64, r-release-linux-x86_64