CRAN Package Check Results for Package ebdbNet

Last updated on 2015-05-25 19:47:07.

Flavor Version Tinstall Tcheck Ttotal Status Flags
r-devel-linux-x86_64-debian-clang 1.2.3 2.05 12.83 14.88 OK
r-devel-linux-x86_64-debian-gcc 1.2.3 3.67 11.82 15.49 OK
r-devel-linux-x86_64-fedora-clang 1.2.3 27.33 OK
r-devel-linux-x86_64-fedora-gcc 1.2.3 26.58 OK
r-devel-osx-x86_64-clang 1.2.3 29.48 OK
r-devel-windows-ix86+x86_64 1.2.3 10.00 25.00 35.00 OK
r-patched-linux-x86_64 1.2.3 3.07 12.08 15.14 OK
r-patched-solaris-sparc 1.2.3 185.40 OK
r-patched-solaris-x86 1.2.3 43.90 OK
r-release-linux-x86_64 1.2.3 3.00 11.94 14.94 OK
r-release-osx-x86_64-mavericks 1.2.3 OK
r-release-osx-x86_64-snowleopard 1.2.3 ERROR
r-release-windows-ix86+x86_64 1.2.3 10.00 24.00 34.00 OK
r-oldrel-windows-ix86+x86_64 1.2.3 10.00 29.00 39.00 OK

Check Details

Version: 1.2.3
Check: package dependencies
Result: ERROR
    Package required but not available: ‘igraph’
    
    Package suggested but not available for checking: ‘GeneNet’
    
    See section ‘The DESCRIPTION file’ in the ‘Writing R Extensions’
    manual.
Flavor: r-release-osx-x86_64-snowleopard