CRAN Package Check Results for Package ebdbNet

Last updated on 2015-09-05 12:49:20.

Flavor Version Tinstall Tcheck Ttotal Status Flags
r-devel-linux-x86_64-debian-clang 1.2.3 1.99 11.67 13.66 NOTE
r-devel-linux-x86_64-debian-gcc 1.2.3 2.88 12.52 15.40 NOTE
r-devel-linux-x86_64-fedora-clang 1.2.3 27.51 NOTE
r-devel-linux-x86_64-fedora-gcc 1.2.3 26.27 NOTE
r-devel-osx-x86_64-clang 1.2.3 26.04 OK
r-devel-windows-ix86+x86_64 1.2.3 14.00 31.00 45.00 NOTE
r-patched-linux-x86_64 1.2.3 3.00 12.65 15.65 OK
r-patched-solaris-sparc 1.2.3 191.30 OK
r-patched-solaris-x86 1.2.3 46.20 OK
r-release-linux-x86_64 1.2.3 2.96 12.68 15.65 OK
r-release-osx-x86_64-mavericks 1.2.3 OK
r-release-windows-ix86+x86_64 1.2.3 14.00 41.00 55.00 OK
r-oldrel-windows-ix86+x86_64 1.2.3 11.00 39.00 50.00 OK

Check Details

Version: 1.2.3
Check: R code for possible problems
Result: NOTE
    ebdbn: no visible global function definition for ‘rnorm’
    ebdbn: no visible global function definition for ‘runif’
    plot.ebdbNet: no visible global function definition for ‘qnorm’
    plot.ebdbNet: no visible global function definition for ‘plot’
    simulateVAR: no visible global function definition for ‘runif’
    simulateVAR: no visible global function definition for ‘rnorm’
    Undefined global functions or variables:
     plot qnorm rnorm runif
    Consider adding
     importFrom("graphics", "plot")
     importFrom("stats", "qnorm", "rnorm", "runif")
    to your NAMESPACE.
Flavors: r-devel-linux-x86_64-debian-clang, r-devel-linux-x86_64-debian-gcc, r-devel-linux-x86_64-fedora-clang, r-devel-linux-x86_64-fedora-gcc, r-devel-windows-ix86+x86_64