CRAN Package Check Results for Package ebdbNet

Last updated on 2017-11-25 09:49:23 CET.

Flavor Version Tinstall Tcheck Ttotal Status Flags
r-devel-linux-x86_64-debian-clang 1.2.5 4.29 40.49 44.77 NOTE
r-devel-linux-x86_64-debian-gcc 1.2.5 4.37 37.62 41.99 NOTE
r-devel-linux-x86_64-fedora-clang 1.2.5 31.00 NOTE
r-devel-linux-x86_64-fedora-gcc 1.2.5 28.78 NOTE
r-devel-windows-ix86+x86_64 1.2.5 10.00 53.00 63.00 OK
r-patched-linux-x86_64 1.2.5 4.96 40.05 45.01 NOTE
r-patched-solaris-x86 1.2.5 52.10 OK
r-release-linux-x86_64 1.2.5 4.80 41.27 46.07 NOTE
r-release-windows-ix86+x86_64 1.2.5 10.00 36.00 46.00 OK
r-release-osx-x86_64 1.2.5 OK
r-oldrel-windows-ix86+x86_64 1.2.5 10.00 41.00 51.00 OK
r-oldrel-osx-x86_64 1.2.5 OK

Check Details

Version: 1.2.5
Check: compiled code
Result: NOTE
    File ‘ebdbNet/libs/ebdbNet.so’:
     Found no calls to: ‘R_registerRoutines’, ‘R_useDynamicSymbols’
    
    It is good practice to register native routines and to disable symbol
    search.
    
    See ‘Writing portable packages’ in the ‘Writing R Extensions’ manual.
Flavors: r-devel-linux-x86_64-debian-clang, r-devel-linux-x86_64-debian-gcc, r-devel-linux-x86_64-fedora-clang, r-devel-linux-x86_64-fedora-gcc, r-patched-linux-x86_64, r-release-linux-x86_64