CRAN Package Check Results for Package ebdbNet

Last updated on 2015-07-05 22:47:24.

Flavor Version Tinstall Tcheck Ttotal Status Flags
r-devel-linux-x86_64-debian-clang 1.2.3 2.01 12.29 14.30 NOTE
r-devel-linux-x86_64-debian-gcc 1.2.3 2.92 12.03 14.95 NOTE
r-devel-linux-x86_64-fedora-clang 1.2.3 27.56 NOTE
r-devel-linux-x86_64-fedora-gcc 1.2.3 27.12 NOTE
r-devel-osx-x86_64-clang 1.2.3 27.17 OK
r-devel-windows-ix86+x86_64 1.2.3 14.00 26.00 40.00 NOTE
r-patched-linux-x86_64 1.2.3 2.96 12.93 15.89 OK
r-patched-solaris-sparc 1.2.3 185.40 OK
r-patched-solaris-x86 1.2.3 45.70 OK
r-release-linux-x86_64 1.2.3 2.94 12.50 15.44 OK
r-release-osx-x86_64-mavericks 1.2.3 OK
r-release-windows-ix86+x86_64 1.2.3 13.00 26.00 39.00 OK
r-oldrel-windows-ix86+x86_64 1.2.3 17.00 48.00 65.00 OK

Check Details

Version: 1.2.3
Check: R code for possible problems
Result: NOTE
    ebdbn: no visible global function definition for ‘rnorm’
    ebdbn: no visible global function definition for ‘runif’
    plot.ebdbNet: no visible global function definition for ‘qnorm’
    plot.ebdbNet: no visible global function definition for ‘plot’
    simulateVAR: no visible global function definition for ‘runif’
    simulateVAR: no visible global function definition for ‘rnorm’
    Undefined global functions or variables:
     plot qnorm rnorm runif
Flavors: r-devel-linux-x86_64-debian-clang, r-devel-linux-x86_64-debian-gcc, r-devel-linux-x86_64-fedora-clang, r-devel-linux-x86_64-fedora-gcc, r-devel-windows-ix86+x86_64