CRAN Package Check Results for Package ebdbNet

Last updated on 2017-07-22 21:48:11.

Flavor Version Tinstall Tcheck Ttotal Status Flags
r-devel-linux-x86_64-debian-clang 1.2.5 3.64 22.14 25.78 NOTE
r-devel-linux-x86_64-debian-gcc 1.2.5 3.21 21.71 24.92 NOTE
r-devel-linux-x86_64-fedora-clang 1.2.5 35.54 NOTE
r-devel-linux-x86_64-fedora-gcc 1.2.5 30.65 NOTE
r-devel-windows-ix86+x86_64 1.2.5 20.00 50.00 70.00 OK
r-patched-linux-x86_64 1.2.5 3.23 21.98 25.20 NOTE
r-patched-solaris-x86 1.2.5 59.10 OK
r-release-linux-x86_64 1.2.5 3.17 22.30 25.47 NOTE
r-release-windows-ix86+x86_64 1.2.5 12.00 56.00 68.00 OK
r-release-osx-x86_64 1.2.5 OK
r-oldrel-windows-ix86+x86_64 1.2.5 13.00 49.00 62.00 OK
r-oldrel-osx-x86_64 1.2.5 OK

Check Details

Version: 1.2.5
Check: compiled code
Result: NOTE
    File ‘ebdbNet/libs/ebdbNet.so’:
     Found no calls to: ‘R_registerRoutines’, ‘R_useDynamicSymbols’
    
    It is good practice to register native routines and to disable symbol
    search.
    
    See ‘Writing portable packages’ in the ‘Writing R Extensions’ manual.
Flavors: r-devel-linux-x86_64-debian-clang, r-devel-linux-x86_64-debian-gcc, r-devel-linux-x86_64-fedora-clang, r-devel-linux-x86_64-fedora-gcc, r-patched-linux-x86_64, r-release-linux-x86_64