CRAN Package Check Results for Package ecdfHT

Last updated on 2025-01-19 14:48:18 CET.

Flavor Version Tinstall Tcheck Ttotal Status Flags
r-devel-linux-x86_64-debian-clang 0.1.1 2.16 27.01 29.17 OK
r-devel-linux-x86_64-debian-gcc 0.1.1 1.91 20.57 22.48 OK
r-devel-linux-x86_64-fedora-clang 0.1.1 49.16 OK
r-devel-linux-x86_64-fedora-gcc 0.1.1 48.14 OK
r-devel-windows-x86_64 0.1.1 4.00 45.00 49.00 OK
r-patched-linux-x86_64 0.1.1 2.72 26.12 28.84 NOTE
r-release-linux-x86_64 0.1.1 2.23 26.31 28.54 NOTE
r-release-macos-arm64 0.1.1 17.00 NOTE
r-release-macos-x86_64 0.1.1 30.00 NOTE
r-release-windows-x86_64 0.1.1 5.00 46.00 51.00 NOTE
r-oldrel-macos-arm64 0.1.1 18.00 NOTE
r-oldrel-macos-x86_64 0.1.1 23.00 NOTE
r-oldrel-windows-x86_64 0.1.1 6.00 48.00 54.00 NOTE

Check Details

Version: 0.1.1
Check: LazyData
Result: NOTE 'LazyData' is specified without a 'data' directory Flavors: r-patched-linux-x86_64, r-release-linux-x86_64, r-release-macos-arm64, r-release-macos-x86_64, r-release-windows-x86_64, r-oldrel-macos-arm64, r-oldrel-macos-x86_64, r-oldrel-windows-x86_64